{"id":346,"date":"2018-12-26T10:29:04","date_gmt":"2018-12-26T12:29:04","guid":{"rendered":"https:\/\/www.ufsm.br\/orgaos-suplementares\/biblioteca\/?page_id=346"},"modified":"2018-12-26T10:29:29","modified_gmt":"2018-12-26T12:29:29","slug":"sobre-bsct","status":"publish","type":"page","link":"https:\/\/www.ufsm.br\/orgaos-suplementares\/biblioteca\/sobre-bsct","title":{"rendered":"Sobre BSCT"},"content":{"rendered":"\t\t<div data-elementor-type=\"wp-post\" data-elementor-id=\"346\" class=\"elementor elementor-346 elementor-bc-flex-widget\">\n\t\t\t\t\t\t<section class=\"elementor-section elementor-top-section elementor-element elementor-element-bb9fc8f elementor-section-boxed elementor-section-height-default elementor-section-height-default\" data-id=\"bb9fc8f\" data-element_type=\"section\">\n\t\t\t\t\t\t<div class=\"elementor-container elementor-column-gap-default\">\n\t\t\t\t\t<div class=\"elementor-column elementor-col-100 elementor-top-column elementor-element elementor-element-f452f3c\" data-id=\"f452f3c\" data-element_type=\"column\">\n\t\t\t<div class=\"elementor-widget-wrap elementor-element-populated\">\n\t\t\t\t\t\t<div class=\"elementor-element elementor-element-04d65e9 elementor-widget elementor-widget-text-editor\" data-id=\"04d65e9\" data-element_type=\"widget\" data-widget_type=\"text-editor.default\">\n\t\t\t\t<div class=\"elementor-widget-container\">\n\t\t\t\t\t\t\t<p>A Biblioteca Setorial do Centro de Tecnologia foi implementada em agosto de 1990, com a finalidade de forma\u00e7\u00e3o e conserva\u00e7\u00e3o do acervo de publica\u00e7\u00f5es necess\u00e1rias \u00e0s consultas dos alunos, professores e profissionais das diversas \u00e1reas do CT.<br \/>A Biblioteca Setorial surgiu atrav\u00e9s da mobiliza\u00e7\u00e3o dos professores do Centro e, inaugurou com 1846 livros doados e 117 livros comprados com verbas de projetos realizados pelos cursos do CT. Al\u00e9m de ter sido a primeira biblioteca setorial informatizada da UFSM.<\/p><p>At\u00e9 o ano de 2004 os livros do acervo eram emprestados somente para alunos do CT e, a partir de 2006 os livros da Biblioteca Setorial passaram a ser comprados pela Biblioteca Central da Universidade Federal de Santa Maria.<\/p><p>Atualmente a BSCT conta com um acervo de\u00a016.260 livros,\u00a0303 peri\u00f3dicos,\u00a0462 trabalhos acad\u00eamicos,\u00a0472 monografias,\u00a023 artigos de especializa\u00e7\u00e3o,\u00a069 disserta\u00e7\u00f5es,\u00a045 teses,\u00a0501 CD\u2019s e\u00a063 DVD\u2019s.<\/p>\t\t\t\t\t\t<\/div>\n\t\t\t\t<\/div>\n\t\t\t\t\t<\/div>\n\t\t<\/div>\n\t\t\t\t\t<\/div>\n\t\t<\/section>\n\t\t\t\t<\/div>\n\t\t","protected":false},"excerpt":{"rendered":"<p>A Biblioteca Setorial do Centro de Tecnologia foi implementada em agosto de 1990, com a finalidade de forma\u00e7\u00e3o e conserva\u00e7\u00e3o do acervo de publica\u00e7\u00f5es necess\u00e1rias \u00e0s consultas dos alunos, professores e profissionais das diversas \u00e1reas do CT.A Biblioteca Setorial surgiu atrav\u00e9s da mobiliza\u00e7\u00e3o dos professores do Centro e, inaugurou com 1846 livros doados e 117 [&hellip;]<\/p>\n","protected":false},"author":115,"featured_media":0,"parent":0,"menu_order":0,"comment_status":"closed","ping_status":"closed","template":"","meta":{"footnotes":""},"categories":[],"tags":[],"class_list":["post-346","page","type-page","status-publish","hentry"],"acf":[],"_links":{"self":[{"href":"https:\/\/www.ufsm.br\/orgaos-suplementares\/biblioteca\/wp-json\/wp\/v2\/pages\/346","targetHints":{"allow":["GET"]}}],"collection":[{"href":"https:\/\/www.ufsm.br\/orgaos-suplementares\/biblioteca\/wp-json\/wp\/v2\/pages"}],"about":[{"href":"https:\/\/www.ufsm.br\/orgaos-suplementares\/biblioteca\/wp-json\/wp\/v2\/types\/page"}],"author":[{"embeddable":true,"href":"https:\/\/www.ufsm.br\/orgaos-suplementares\/biblioteca\/wp-json\/wp\/v2\/users\/115"}],"replies":[{"embeddable":true,"href":"https:\/\/www.ufsm.br\/orgaos-suplementares\/biblioteca\/wp-json\/wp\/v2\/comments?post=346"}],"version-history":[{"count":0,"href":"https:\/\/www.ufsm.br\/orgaos-suplementares\/biblioteca\/wp-json\/wp\/v2\/pages\/346\/revisions"}],"wp:attachment":[{"href":"https:\/\/www.ufsm.br\/orgaos-suplementares\/biblioteca\/wp-json\/wp\/v2\/media?parent=346"}],"wp:term":[{"taxonomy":"category","embeddable":true,"href":"https:\/\/www.ufsm.br\/orgaos-suplementares\/biblioteca\/wp-json\/wp\/v2\/categories?post=346"},{"taxonomy":"post_tag","embeddable":true,"href":"https:\/\/www.ufsm.br\/orgaos-suplementares\/biblioteca\/wp-json\/wp\/v2\/tags?post=346"}],"curies":[{"name":"wp","href":"https:\/\/api.w.org\/{rel}","templated":true}]}}