{"id":743,"date":"2019-03-19T17:36:11","date_gmt":"2019-03-19T20:36:11","guid":{"rendered":"https:\/\/www.ufsm.br\/orgaos-suplementares\/biblioteca\/?page_id=743"},"modified":"2020-08-19T20:32:32","modified_gmt":"2020-08-19T23:32:32","slug":"divisao-de-periodicos","status":"publish","type":"page","link":"https:\/\/www.ufsm.br\/orgaos-suplementares\/biblioteca\/divisao-de-periodicos","title":{"rendered":"N\u00facleo de Peri\u00f3dicos"},"content":{"rendered":"\n<p>Na Resolu\u00e7\u00e3o n. 033\/2013, foi criado o N\u00facleo de Peri\u00f3dicos da Biblioteca Central. Entre as atribui\u00e7\u00f5es do N\u00facleo est\u00e3o os seguintes servi\u00e7os:<\/p>\n<p><strong>Ficha Catalogr\u00e1fica de Peri\u00f3dicos<\/strong><\/p>\n<p>Formul\u00e1rio de solicita\u00e7\u00e3o de ficha catalogr\u00e1fica para peri\u00f3dicos da UFSM.<\/p>\n<p>Organiza\u00e7\u00e3o do acervo<\/p>\n<p>O acervo de Peri\u00f3dicos da Biblioteca Central est\u00e1 dividido da seguinte forma:<\/p>\n<p>AGR &#8211; Agr\u00e1rias<\/p>\n<p>HUM &#8211; Humanas<\/p>\n<p>TEC &#8211; Tecnologia<\/p>\n<p>SAU &#8211; Sa\u00fade<\/p>\n<p>REF &#8211; Refer\u00eancia<\/p>\n<p><strong>Avalia\u00e7\u00e3o de doa\u00e7\u00f5es<\/strong><\/p>\n<p>A biblioteca recebe diariamente doa\u00e7\u00f5es de peri\u00f3dicos de outras institui\u00e7\u00f5es. O N\u00facleo recebe as doa\u00e7\u00f5es e avalia se ser\u00e3o ou n\u00e3o inclu\u00eddas na cole\u00e7\u00e3o. O mesmo procedimento \u00e9 realizado para doa\u00e7\u00f5es por pessoas f\u00edsicas. Neste caso, ap\u00f3s a avalia\u00e7\u00e3o, o material que n\u00e3o for incorporado ao acervo pode ser retirado pelo doador.<\/p>\n<p><strong>Processamento T\u00e9cnico<\/strong><\/p>\n<p>O Processamento T\u00e9cnico compreende o registro, a classifica\u00e7\u00e3o e a indexa\u00e7\u00e3o da cole\u00e7\u00e3o no Sistema de Informa\u00e7\u00f5es Educacionais (SIE), sistema integrado da universidade. O preparo para que a obra seja incorporada ao acervo (carimbos, etiquetas, identifica\u00e7\u00e3o das caixas, identifica\u00e7\u00e3o das estantes) tamb\u00e9m \u00e9 realizado no N\u00facleo de Peri\u00f3dicos.<\/p>\n<p><strong>Colet\u00e2nea de Peri\u00f3dicos da UFSM<\/strong><\/p>\n<p>O N\u00facleo identifica e reserva em cole\u00e7\u00e3o especial, a Colet\u00e2nea, os peri\u00f3dicos da Universidade Federal de Santa Maria.<\/p>\n<p><strong>Di\u00e1rios Oficiais e Jornais Di\u00e1rios<\/strong><\/p>\n<p>A biblioteca possui a cole\u00e7\u00e3o de Di\u00e1rios Oficiais impressos, de 1943 at\u00e9 1989, e a de Di\u00e1rio Oficial do Estado do Rio Grande do Sul, de 1982 at\u00e9 2004. Ambas as cole\u00e7\u00f5es com algumas lacunas.<\/p>\n<p>Os jornais di\u00e1rios s\u00e3o disponibilizados para leitura no subsolo. A Biblioteca Central mant\u00e9m os jornais locais do ano em curso. Os jornais do \u00faltimo m\u00eas encontram-se no subsolo.<\/p>\n<p><strong>Comuta\u00e7\u00e3o bibliogr\u00e1fica \u2013 COMUT<\/strong><\/p>\n<p>A comuta\u00e7\u00e3o bibliogr\u00e1fica \u00e9 um servi\u00e7o por meio do qual se obt\u00eam fotoc\u00f3pias ou arquivos em PDF de documentos n\u00e3o existentes no acervo da biblioteca e dispon\u00edveis em outras institui\u00e7\u00f5es do pa\u00eds ou do exterior, integrantes desse conv\u00eanio. Para mais informa\u00e7\u00f5es, acesse a<a href=\"https:\/\/www.ufsm.br\/orgaos-suplementares\/biblioteca\/comutacao-bibliografica-comut\/\"> p\u00e1gina da Comuta\u00e7\u00e3o Bibliogr\u00e1fica<\/a> aqui no site da biblioteca ou visite a p\u00e1gina do COMUT, no site do IBICT.<\/p>\n<p>Qualquer d\u00favida, entre em contato pelo site da biblioteca ou ligue para o N\u00facleo de Peri\u00f3dicos no telefone 3220-8642 ou pelo e-mail &lt;nucleoperiodicosbc@ufsm.br&gt;.<\/p>\n","protected":false},"excerpt":{"rendered":"<p>Na Resolu\u00e7\u00e3o n. 033\/2013, foi criado o N\u00facleo de Peri\u00f3dicos da Biblioteca Central. Entre as atribui\u00e7\u00f5es do N\u00facleo est\u00e3o os seguintes servi\u00e7os: Ficha Catalogr\u00e1fica de Peri\u00f3dicos Formul\u00e1rio de solicita\u00e7\u00e3o de ficha catalogr\u00e1fica para peri\u00f3dicos da UFSM. Organiza\u00e7\u00e3o do acervo O acervo de Peri\u00f3dicos da Biblioteca Central est\u00e1 dividido da seguinte forma: AGR &#8211; Agr\u00e1rias HUM [&hellip;]<\/p>\n","protected":false},"author":194,"featured_media":0,"parent":0,"menu_order":0,"comment_status":"closed","ping_status":"closed","template":"","meta":{"footnotes":""},"categories":[],"tags":[],"class_list":["post-743","page","type-page","status-publish","hentry"],"acf":[],"_links":{"self":[{"href":"https:\/\/www.ufsm.br\/orgaos-suplementares\/biblioteca\/wp-json\/wp\/v2\/pages\/743","targetHints":{"allow":["GET"]}}],"collection":[{"href":"https:\/\/www.ufsm.br\/orgaos-suplementares\/biblioteca\/wp-json\/wp\/v2\/pages"}],"about":[{"href":"https:\/\/www.ufsm.br\/orgaos-suplementares\/biblioteca\/wp-json\/wp\/v2\/types\/page"}],"author":[{"embeddable":true,"href":"https:\/\/www.ufsm.br\/orgaos-suplementares\/biblioteca\/wp-json\/wp\/v2\/users\/194"}],"replies":[{"embeddable":true,"href":"https:\/\/www.ufsm.br\/orgaos-suplementares\/biblioteca\/wp-json\/wp\/v2\/comments?post=743"}],"version-history":[{"count":0,"href":"https:\/\/www.ufsm.br\/orgaos-suplementares\/biblioteca\/wp-json\/wp\/v2\/pages\/743\/revisions"}],"wp:attachment":[{"href":"https:\/\/www.ufsm.br\/orgaos-suplementares\/biblioteca\/wp-json\/wp\/v2\/media?parent=743"}],"wp:term":[{"taxonomy":"category","embeddable":true,"href":"https:\/\/www.ufsm.br\/orgaos-suplementares\/biblioteca\/wp-json\/wp\/v2\/categories?post=743"},{"taxonomy":"post_tag","embeddable":true,"href":"https:\/\/www.ufsm.br\/orgaos-suplementares\/biblioteca\/wp-json\/wp\/v2\/tags?post=743"}],"curies":[{"name":"wp","href":"https:\/\/api.w.org\/{rel}","templated":true}]}}