{"id":752,"date":"2019-03-26T14:41:20","date_gmt":"2019-03-26T17:41:20","guid":{"rendered":"https:\/\/www.ufsm.br\/orgaos-suplementares\/biblioteca\/?page_id=752"},"modified":"2024-07-29T12:58:27","modified_gmt":"2024-07-29T15:58:27","slug":"funcionamento","status":"publish","type":"page","link":"https:\/\/www.ufsm.br\/orgaos-suplementares\/biblioteca\/funcionamento","title":{"rendered":"Funcionamento"},"content":{"rendered":"\n<p><b>Hor\u00e1rio do sal\u00e3o de conviv\u00eancia (\u00e1rea de estudos aberta)<\/b><\/p>\n<p>Dias Letivos: das 7:30h \u00e0s 21h.<\/p>\n<p>Dias Alternativos*: das 8h \u00e0s 12h.<\/p>\n<p>\u00a0<\/p>\n<p><b>Hor\u00e1rio do sal\u00e3o de conviv\u00eancia (\u00e1rea de estudos aberta) &#8211; <\/b>recesso letivo:<\/p>\n<p>Segunda \u00e0 sexta : 07h30 \u00e0s 17h30.<\/p>\n<p>Dias Alternativos*: das 8h \u00e0s 12h.<\/p>\n<p>\u00a0<\/p>\n<p class=\"caption\"><strong>Hor\u00e1rio de atendimento (Ger\u00eancia) &#8211; recesso letivo:<\/strong><\/p>\n<p>segunda \u00e0 sexta-feira, das 8h \u00e0s 13h.<\/p>\n<p>\u00a0<\/p>\n<p><strong>Hor\u00e1rio de atendimento:<\/strong><\/p>\n<p>De segunda a sexta-feira, das 8h \u00e0s 18h.<\/p>\n<p>Equipe da Ger\u00eancia:<\/p>\n<p>E-mail: atendimento.sib@ufsm.br<\/p>\n<p>Fone: (55) 3220-8651<\/p>\n<p>WhatsApp: (55) 99142-3362<\/p>\n<p>\u00a0<\/p>\n<p>Gerente:<\/p>\n<p>E-mail:\u00a0direcaobc@ufsm.br<\/p>\n<p>Fone: (55) 3220-8109<\/p>\n<p>\u00a0<\/p>\n<p>\u00a0* Dias alternativos: feriados, s\u00e1bados e dias \u00fateis n\u00e3o letivos previamente divulgados nos canais oficiais da biblioteca.<\/p>\n","protected":false},"excerpt":{"rendered":"<p>Hor\u00e1rio do sal\u00e3o de conviv\u00eancia (\u00e1rea de estudos aberta) Dias Letivos: das 7:30h \u00e0s 21h. Dias Alternativos*: das 8h \u00e0s 12h. \u00a0 Hor\u00e1rio do sal\u00e3o de conviv\u00eancia (\u00e1rea de estudos aberta) &#8211; recesso letivo: Segunda \u00e0 sexta : 07h30 \u00e0s 17h30. Dias Alternativos*: das 8h \u00e0s 12h. \u00a0 Hor\u00e1rio de atendimento (Ger\u00eancia) &#8211; recesso letivo: [&hellip;]<\/p>\n","protected":false},"author":194,"featured_media":0,"parent":0,"menu_order":0,"comment_status":"closed","ping_status":"closed","template":"","meta":{"footnotes":""},"categories":[],"tags":[],"class_list":["post-752","page","type-page","status-publish","hentry"],"acf":[],"_links":{"self":[{"href":"https:\/\/www.ufsm.br\/orgaos-suplementares\/biblioteca\/wp-json\/wp\/v2\/pages\/752","targetHints":{"allow":["GET"]}}],"collection":[{"href":"https:\/\/www.ufsm.br\/orgaos-suplementares\/biblioteca\/wp-json\/wp\/v2\/pages"}],"about":[{"href":"https:\/\/www.ufsm.br\/orgaos-suplementares\/biblioteca\/wp-json\/wp\/v2\/types\/page"}],"author":[{"embeddable":true,"href":"https:\/\/www.ufsm.br\/orgaos-suplementares\/biblioteca\/wp-json\/wp\/v2\/users\/194"}],"replies":[{"embeddable":true,"href":"https:\/\/www.ufsm.br\/orgaos-suplementares\/biblioteca\/wp-json\/wp\/v2\/comments?post=752"}],"version-history":[{"count":0,"href":"https:\/\/www.ufsm.br\/orgaos-suplementares\/biblioteca\/wp-json\/wp\/v2\/pages\/752\/revisions"}],"wp:attachment":[{"href":"https:\/\/www.ufsm.br\/orgaos-suplementares\/biblioteca\/wp-json\/wp\/v2\/media?parent=752"}],"wp:term":[{"taxonomy":"category","embeddable":true,"href":"https:\/\/www.ufsm.br\/orgaos-suplementares\/biblioteca\/wp-json\/wp\/v2\/categories?post=752"},{"taxonomy":"post_tag","embeddable":true,"href":"https:\/\/www.ufsm.br\/orgaos-suplementares\/biblioteca\/wp-json\/wp\/v2\/tags?post=752"}],"curies":[{"name":"wp","href":"https:\/\/api.w.org\/{rel}","templated":true}]}}