{"id":353,"date":"2018-10-30T16:51:58","date_gmt":"2018-10-30T19:51:58","guid":{"rendered":"https:\/\/www.ufsm.br\/orgaos-suplementares\/cpd\/sitios\/?page_id=353"},"modified":"2021-01-27T15:19:20","modified_gmt":"2021-01-27T18:19:20","slug":"estruturas-dos-sitios-institucionais","status":"publish","type":"page","link":"https:\/\/www.ufsm.br\/orgaos-suplementares\/cpd\/sitios\/estruturas-dos-sitios-institucionais","title":{"rendered":"Estruturas dos s\u00edtios institucionais"},"content":{"rendered":"\t\t<div data-elementor-type=\"wp-post\" data-elementor-id=\"353\" class=\"elementor elementor-353\">\n\t\t\t\t\t\t<section class=\"elementor-section elementor-top-section elementor-element elementor-element-e0cdfc3 elementor-section-boxed elementor-section-height-default elementor-section-height-default\" data-id=\"e0cdfc3\" data-element_type=\"section\">\n\t\t\t\t\t\t<div class=\"elementor-container elementor-column-gap-default\">\n\t\t\t\t\t<div class=\"elementor-column elementor-col-100 elementor-top-column elementor-element elementor-element-4e2c4ac\" data-id=\"4e2c4ac\" data-element_type=\"column\">\n\t\t\t<div class=\"elementor-widget-wrap elementor-element-populated\">\n\t\t\t\t\t\t<div class=\"elementor-element elementor-element-d164d79 elementor-widget elementor-widget-text-editor\" data-id=\"d164d79\" data-element_type=\"widget\" data-widget_type=\"text-editor.default\">\n\t\t\t\t<div class=\"elementor-widget-container\">\n\t\t\t\t\t\t\t<p><b>PADRONIZA\u00c7\u00d5ES GERAIS DE ESTRUTURA<\/b><\/p><p><span style=\"font-weight: 400\">Para todos os s\u00edtios da Universidade s\u00e3o sugeridas padroniza\u00e7\u00f5es conforme diretrizes do Governo Federal, que se referem \u00e0 transpar\u00eancia, acessibilidade e disposi\u00e7\u00e3o de conte\u00fados. Ap\u00f3s a migra\u00e7\u00e3o de todos os s\u00edtios e a desativa\u00e7\u00e3o dos antigos, a responsabilidade de atualiza\u00e7\u00e3o das informa\u00e7\u00f5es ser\u00e1 dos gestores de cada s\u00edtio.<\/span><\/p><p><b>IDENTIDADE VISUAL<\/b><\/p><p><span style=\"font-weight: 400\">\u00c9 indicado que se utilize a identidade visual institucional da UFSM (bras\u00e3o, logo, fontes, etc) conforme indica\u00e7\u00f5es deste guia. Esta orienta\u00e7\u00e3o auxilia o processo de alinhamento comunicacional da institui\u00e7\u00e3o, fortalecendo a marca da Universidade Federal de Santa Maria. <\/span><\/p><p><b>BANNER <\/b><\/p><p><span style=\"font-weight: 400\">O conte\u00fado do <\/span><i><span style=\"font-weight: 400\">banner <\/span><\/i><span style=\"font-weight: 400\">deve priorizar campanhas institucionais e not\u00edcias de interesse p\u00fablico. Nos s\u00edtios, os <\/span><i><span style=\"font-weight: 400\">banners <\/span><\/i><span style=\"font-weight: 400\">podem ser criados pelo setor ou replicados do portal geral da Universidade. O tamanho do <\/span><i><span style=\"font-weight: 400\">banner <\/span><\/i><span style=\"font-weight: 400\">disposto no miolo dos s\u00edtios, possui as medidas (<\/span><span style=\"font-weight: 400\"><span style=\"font-weight: 400\">1024\u00d7270<\/span> pixels) como apresentado na imagem abaixo. A indica\u00e7\u00e3o \u00e9 pelo uso de<i>, <\/i>no m\u00e1ximo, 6<i> <\/i><\/span><i><span style=\"font-weight: 400\">banners <\/span><\/i><span style=\"font-weight: 400\">e a renova\u00e7\u00e3o destes conte\u00fados \u00e9 realizada pelos gestores de cada s\u00edtio, para que assim seja poss\u00edvel manter os mesmos sempre atualizados.<\/span><\/p><p><span style=\"font-weight: 400\">Os destaques do portal da UFSM s\u00e3o inseridos por meio da <i>tag<\/i><\/span><span style=\"font-weight: 400\"><i> banner-home-ufsm<\/i>.<\/span><i> <\/i><span style=\"font-weight: 400\">Os demais sites devem usar a categoria banner para adicionar alguma not\u00edcia em destaque.<\/span><i><\/i><\/p>\t\t\t\t\t\t<\/div>\n\t\t\t\t<\/div>\n\t\t\t\t\t<\/div>\n\t\t<\/div>\n\t\t\t\t\t<\/div>\n\t\t<\/section>\n\t\t\t\t<section class=\"elementor-section elementor-top-section elementor-element elementor-element-cd4fb8e elementor-section-boxed elementor-section-height-default elementor-section-height-default\" data-id=\"cd4fb8e\" data-element_type=\"section\">\n\t\t\t\t\t\t<div class=\"elementor-container elementor-column-gap-default\">\n\t\t\t\t\t<div class=\"elementor-column elementor-col-100 elementor-top-column elementor-element elementor-element-61a3c51\" data-id=\"61a3c51\" data-element_type=\"column\">\n\t\t\t<div class=\"elementor-widget-wrap elementor-element-populated\">\n\t\t\t\t\t\t<div class=\"elementor-element elementor-element-9f8cee5 elementor-widget elementor-widget-text-editor\" data-id=\"9f8cee5\" data-element_type=\"widget\" data-widget_type=\"text-editor.default\">\n\t\t\t\t<div class=\"elementor-widget-container\">\n\t\t\t\t\t\t\t<p><span style=\"color: #000000\"><b>PUBLICA\u00c7\u00c3O DE V\u00cdDEOS<\/b><\/span><\/p>\n<p><span style=\"color: #000000\"><span style=\"font-weight: 400\">As publica\u00e7\u00f5es de m\u00eddias em v\u00eddeos devem ser cadastradas nas suas respectivas m\u00eddias e redes sociais e apenas referenciadas no s\u00edtio, evitando a duplica\u00e7\u00e3o e consumo de espa\u00e7o. Por exemplo, <a href=\"https:\/\/www.ufsm.br\/orgaos-suplementares\/cpd\/sitios\/2020\/04\/23\/incorporando-um-video-do-farol-no-seu-sitio-institucional\/\" target=\"_blank\" rel=\"noopener\">os v\u00eddeos produzidos devem ser publicados no Farol ou no Youtube e seus links devem ser inseridos na p\u00e1gina\/not\u00edcia conforme Tutorial<\/a><\/span><span style=\"font-weight: 400\">.<\/span><\/span><\/p>\n<p><span style=\"color: #000000\"><b>NOT\u00cdCIAS<\/b><\/span><\/p>\n<p><span style=\"color: #000000\"><span style=\"font-weight: 400\">As not\u00edcias dispostas no miolo dos s\u00edtios contar\u00e3o com a apresenta\u00e7\u00e3o das tr\u00eas \u00faltimas not\u00edcias produzidas pelo setor. Caso o mesmo n\u00e3o produza not\u00edcias, \u00e9 poss\u00edvel replicar as not\u00edcias do portal que contenham o nome do setor no corpo do texto ou <\/span><i><span style=\"font-weight: 400\">tags <\/span><\/i><span style=\"font-weight: 400\">espec\u00edficas.<\/span><\/span><\/p>\n<p><span style=\"color: #000000\"><b>EVENTOS<\/b><\/span><\/p>\n<p><span style=\"font-weight: 400;color: #000000\">Todos os eventos que s\u00e3o organizados pela Universidade ser\u00e3o apresentados no calend\u00e1rio de eventos da UFSM no portal geral. Cada Unidade deve cadastrar apenas os eventos que promovem, n\u00e3o duplicando eventos promovidos por outro setor. Os sites das unidades, \u00f3rg\u00e3os e cursos podem escolher exibir eventos de outras Unidades, por\u00e9m sem criar novos eventos. Por exemplo, o CCSH, se desejar, pode exibir os eventos promovidos pelos s\u00edtios dos seus cursos de gradua\u00e7\u00e3o e p\u00f3s-gradua\u00e7\u00e3o, e vice-versa. <a href=\"https:\/\/www.ufsm.br\/orgaos-suplementares\/cpd\/sitios\/2018\/11\/18\/eventos\/\" target=\"_blank\" rel=\"noopener\">Veja como criar p\u00e1ginas de eventos<\/a>.<br><\/span><\/p>\n<p><span style=\"color: #000000\"><b>EDITAIS<\/b><\/span><\/p>\n<p><span style=\"font-weight: 400;color: #000000\">Todos os sites tem uma \u00e1rea reservada para seus editais. A numera\u00e7\u00e3o deles \u00e9 \u00fanica, n\u00e3o sendo poss\u00edvel criar editais com n\u00fameros repetidos. Ap\u00f3s a divulga\u00e7\u00e3o de um edital, caso seja necess\u00e1rio, \u00e9 poss\u00edvel adicionar um novo documento a um edital j\u00e1 existente, como, por exemplo, uma retifica\u00e7\u00e3o. Outro exemplo seria um edital de sele\u00e7\u00e3o de bolsista, no qual \u00e9 poss\u00edvel adicionar posteriormente a lista dos candidatos selecionados. Isso facilita o agrupamento e o acesso a todas as informa\u00e7\u00f5es relacionadas a um edital espec\u00edfico. &nbsp;<\/span><\/p>\n<p><span style=\"color: #000000\"><b>NOT\u00cdCIAS ENVIADAS PARA UFSM <\/b><\/span><\/p>\n<p><span style=\"font-weight: 400\">Os setores interessados podem enviar sugest\u00f5es de not\u00edcias para a &nbsp;Ag\u00eancia de Not\u00edcias para o e-mail <\/span><a href=\"mailto:noticias@ufsm.br\"><span style=\"font-weight: 400\">noticias@ufsm.br<\/span><\/a><span style=\"font-weight: 400\">. A ag\u00eancia \u00e9 o setor respons\u00e1vel pela avalia\u00e7\u00e3o, edi\u00e7\u00e3o e publica\u00e7\u00e3o de not\u00edcias na p\u00e1gina principal da UFSM. Toda e qualquer sugest\u00e3o ser\u00e1 avaliada de modo a atender princ\u00edpios da <a href=\"https:\/\/www.ufsm.br\/politica-de-comunicacao-da-ufsm\/\" target=\"_blank\" rel=\"noopener\">Pol\u00edtica de Comunica\u00e7\u00e3o<\/a>. Para encaminhar sugest\u0101o de pauta ou de conte\u00fado siga as instru\u00e7\u00f5es abaixo:<\/span><\/p>\n<p><span style=\"font-weight: 400\">&#8211; Procure enviar de forma clara e objetiva informa\u00e7\u00f5es que contemplem, dentro do poss\u00edvel, as perguntas b\u00e1sicas para a produ\u00e7\u00e3o da not\u00edcia (quem? o qu\u00ea? quando? onde? como? por qu\u00ea?).<\/span><\/p>\n<p><span style=\"font-weight: 400\">-Identifique-se e informe o setor\/\u00f3rg\u00e3o\/unidade que est\u00e1 divulgando a informa\u00e7\u00e3o.<\/span><\/p>\n<p><span style=\"font-weight: 400\">-Indique ramal, e-mail e\/ou site para mais informa\u00e7\u00f5es que possam ser divulgados junto \u00e0 not\u00edcia.<\/span><\/p>\n<p><span style=\"font-weight: 400\">-Lembre-se que as not\u00edcias tratam da atualidade. Portanto, fatos transcorridos h\u00e1 mais de dois dias precisam de um apelo muito importante para continuarem sendo not\u00edcias.<\/span><\/p>\n<p><span style=\"font-weight: 400\">-Se tiver fotografias, certifique-se de que tenham nitidez, foco e, no m\u00ednimo, 150 dpi. Encaminhe arquivos separados preferencialmente em JPEG.<\/span><\/p>\n<p><span style=\"color: #000000\"><b>GRUPO ACAD\u00caMICO \/ PROJETOS \/ LABORAT\u00d3RIOS \/ EVENTOS<br><\/b><\/span><\/p>\n<p><span style=\"font-weight: 400;color: #000000\">Ser\u00e3o criadas p\u00e1ginas din\u00e2micas de apresenta\u00e7\u00e3o para cada grupo acad\u00eamico, laborat\u00f3rios, n\u00facleos ou projetos, vinculada ao s\u00edtio da unidade. Casos espec\u00edficos ter\u00e3o a oportunidade de justificar ao GT Tecnologias de Comunica\u00e7\u00e3o a necessidade de criar um s\u00edtio espec\u00edfico que atenda suas demandas. Essa solicita\u00e7\u00e3o se d\u00e1 por meio de um formul\u00e1rio eletr\u00f4nico no sistema de chamados da Universidade, atrav\u00e9s do <a href=\"https:\/\/www.ufsm.br\/orgaos-suplementares\/cpd\/servicos\/manutencao-e-treinamento-de-sitios-institucionais\/\" target=\"_blank\">servi\u00e7o Manuten\u00e7\u00e3o e treinamento de s\u00edtios institucionais<\/a>.<br><\/span><\/p>\n<p><span style=\"color: #000000\"><b>Requisitos para desenvolvimento de s\u00edtio<\/b><\/span><\/p>\n<p><span style=\"font-weight: 400;color: #000000\">-Prestar servi\u00e7o para a comunidade, tanto acad\u00eamica como externa.<\/span><\/p>\t\t\t\t\t\t<\/div>\n\t\t\t\t<\/div>\n\t\t\t\t\t<\/div>\n\t\t<\/div>\n\t\t\t\t\t<\/div>\n\t\t<\/section>\n\t\t\t\t<\/div>\n\t\t","protected":false},"excerpt":{"rendered":"<p>PADRONIZA\u00c7\u00d5ES GERAIS DE ESTRUTURA Para todos os s\u00edtios da Universidade s\u00e3o sugeridas padroniza\u00e7\u00f5es conforme diretrizes do Governo Federal, que se referem \u00e0 transpar\u00eancia, acessibilidade e disposi\u00e7\u00e3o de conte\u00fados. Ap\u00f3s a migra\u00e7\u00e3o de todos os s\u00edtios e a desativa\u00e7\u00e3o dos antigos, a responsabilidade de atualiza\u00e7\u00e3o das informa\u00e7\u00f5es ser\u00e1 dos gestores de cada s\u00edtio. IDENTIDADE VISUAL \u00c9 [&hellip;]<\/p>\n","protected":false},"author":201,"featured_media":0,"parent":0,"menu_order":0,"comment_status":"closed","ping_status":"closed","template":"","meta":{"footnotes":""},"categories":[],"tags":[],"class_list":["post-353","page","type-page","status-publish","hentry"],"acf":[],"_links":{"self":[{"href":"https:\/\/www.ufsm.br\/orgaos-suplementares\/cpd\/sitios\/wp-json\/wp\/v2\/pages\/353","targetHints":{"allow":["GET"]}}],"collection":[{"href":"https:\/\/www.ufsm.br\/orgaos-suplementares\/cpd\/sitios\/wp-json\/wp\/v2\/pages"}],"about":[{"href":"https:\/\/www.ufsm.br\/orgaos-suplementares\/cpd\/sitios\/wp-json\/wp\/v2\/types\/page"}],"author":[{"embeddable":true,"href":"https:\/\/www.ufsm.br\/orgaos-suplementares\/cpd\/sitios\/wp-json\/wp\/v2\/users\/201"}],"replies":[{"embeddable":true,"href":"https:\/\/www.ufsm.br\/orgaos-suplementares\/cpd\/sitios\/wp-json\/wp\/v2\/comments?post=353"}],"version-history":[{"count":0,"href":"https:\/\/www.ufsm.br\/orgaos-suplementares\/cpd\/sitios\/wp-json\/wp\/v2\/pages\/353\/revisions"}],"wp:attachment":[{"href":"https:\/\/www.ufsm.br\/orgaos-suplementares\/cpd\/sitios\/wp-json\/wp\/v2\/media?parent=353"}],"wp:term":[{"taxonomy":"category","embeddable":true,"href":"https:\/\/www.ufsm.br\/orgaos-suplementares\/cpd\/sitios\/wp-json\/wp\/v2\/categories?post=353"},{"taxonomy":"post_tag","embeddable":true,"href":"https:\/\/www.ufsm.br\/orgaos-suplementares\/cpd\/sitios\/wp-json\/wp\/v2\/tags?post=353"}],"curies":[{"name":"wp","href":"https:\/\/api.w.org\/{rel}","templated":true}]}}