{"id":357,"date":"2018-10-30T16:54:35","date_gmt":"2018-10-30T19:54:35","guid":{"rendered":"https:\/\/www.ufsm.br\/orgaos-suplementares\/cpd\/sitios\/?page_id=357"},"modified":"2021-01-27T12:05:33","modified_gmt":"2021-01-27T15:05:33","slug":"links-de-acesso-para-mais-informacoes-2","status":"publish","type":"page","link":"https:\/\/www.ufsm.br\/orgaos-suplementares\/cpd\/sitios\/links-de-acesso-para-mais-informacoes-2","title":{"rendered":"Links de Acesso para mais Informa\u00e7\u00f5es"},"content":{"rendered":"\t\t<div data-elementor-type=\"wp-post\" data-elementor-id=\"357\" class=\"elementor elementor-357\">\n\t\t\t\t\t\t<section class=\"elementor-section elementor-top-section elementor-element elementor-element-53d804c elementor-section-boxed elementor-section-height-default elementor-section-height-default\" data-id=\"53d804c\" data-element_type=\"section\">\n\t\t\t\t\t\t<div class=\"elementor-container elementor-column-gap-default\">\n\t\t\t\t\t<div class=\"elementor-column elementor-col-100 elementor-top-column elementor-element elementor-element-c741656\" data-id=\"c741656\" data-element_type=\"column\">\n\t\t\t<div class=\"elementor-widget-wrap elementor-element-populated\">\n\t\t\t\t\t\t<div class=\"elementor-element elementor-element-dbdcee9 elementor-widget elementor-widget-text-editor\" data-id=\"dbdcee9\" data-element_type=\"widget\" data-widget_type=\"text-editor.default\">\n\t\t\t\t<div class=\"elementor-widget-container\">\n\t\t\t\t\t\t\t<ul>\n<li><span style=\"font-weight: 400\"><a href=\"https:\/\/www.gov.br\/governodigital\/pt-br\/acessibilidade-digital\/modelo-de-acessibilidade\" target=\"_blank\">eMAG &#8211; Modelo de Acessibilidade em Governo Eletr\u00f4nico<\/a><\/span><\/li>\n<li><a href=\"https:\/\/www.gov.br\/governodigital\/pt-br\/acessibilidade-digital\/modelo-de-acessibilidade\" target=\"_blank\">Modelo de Acessibilidade<\/a><\/li>\n<li><a href=\"https:\/\/www.gov.br\/governodigital\/pt-br\/acessibilidade-digital\/referencias-e-modelos-de-implementacao\" target=\"_blank\">Refer\u00eancia para Implementa\u00e7\u00e3o da Acessibilidade<\/a><\/li>\n<li><span style=\"font-weight: 400\">&nbsp;<\/span><a href=\"https:\/\/asesweb.governoeletronico.gov.br\/\" target=\"_blank\">ASES &#8211; Avaliador de Acessibilidade de S\u00edtios<\/a><\/li>\n<li><span style=\"font-weight: 400\">&nbsp;<\/span><span style=\"font-weight: 400\"><\/span><span style=\"font-weight: 400\"><a href=\"http:\/\/portalpadrao.gov.br\/\">Identidade Digital do Governo<\/a><\/span><\/li>\n<li><a href=\"https:\/\/www.escolavirtual.gov.br\/curso\/320\/\" target=\"_blank\">Curso Introdu\u00e7\u00e3o \u00e0 Audiodescri\u00e7\u00e3o<\/a><\/li>\n<li><a href=\"https:\/\/www.escolavirtual.gov.br\/curso\/41\/\" target=\"_blank\">Curso eMAG Conte\u00fadista<\/a><\/li>\n<\/ul>\t\t\t\t\t\t<\/div>\n\t\t\t\t<\/div>\n\t\t\t\t\t<\/div>\n\t\t<\/div>\n\t\t\t\t\t<\/div>\n\t\t<\/section>\n\t\t\t\t<\/div>\n\t\t","protected":false},"excerpt":{"rendered":"<p>eMAG &#8211; Modelo de Acessibilidade em Governo Eletr\u00f4nico Modelo de Acessibilidade Refer\u00eancia para Implementa\u00e7\u00e3o da Acessibilidade &nbsp;ASES &#8211; Avaliador de Acessibilidade de S\u00edtios &nbsp;Identidade Digital do Governo Curso Introdu\u00e7\u00e3o \u00e0 Audiodescri\u00e7\u00e3o Curso eMAG Conte\u00fadista<\/p>\n","protected":false},"author":201,"featured_media":0,"parent":0,"menu_order":0,"comment_status":"closed","ping_status":"closed","template":"","meta":{"footnotes":""},"categories":[],"tags":[],"class_list":["post-357","page","type-page","status-publish","hentry"],"acf":[],"_links":{"self":[{"href":"https:\/\/www.ufsm.br\/orgaos-suplementares\/cpd\/sitios\/wp-json\/wp\/v2\/pages\/357","targetHints":{"allow":["GET"]}}],"collection":[{"href":"https:\/\/www.ufsm.br\/orgaos-suplementares\/cpd\/sitios\/wp-json\/wp\/v2\/pages"}],"about":[{"href":"https:\/\/www.ufsm.br\/orgaos-suplementares\/cpd\/sitios\/wp-json\/wp\/v2\/types\/page"}],"author":[{"embeddable":true,"href":"https:\/\/www.ufsm.br\/orgaos-suplementares\/cpd\/sitios\/wp-json\/wp\/v2\/users\/201"}],"replies":[{"embeddable":true,"href":"https:\/\/www.ufsm.br\/orgaos-suplementares\/cpd\/sitios\/wp-json\/wp\/v2\/comments?post=357"}],"version-history":[{"count":0,"href":"https:\/\/www.ufsm.br\/orgaos-suplementares\/cpd\/sitios\/wp-json\/wp\/v2\/pages\/357\/revisions"}],"wp:attachment":[{"href":"https:\/\/www.ufsm.br\/orgaos-suplementares\/cpd\/sitios\/wp-json\/wp\/v2\/media?parent=357"}],"wp:term":[{"taxonomy":"category","embeddable":true,"href":"https:\/\/www.ufsm.br\/orgaos-suplementares\/cpd\/sitios\/wp-json\/wp\/v2\/categories?post=357"},{"taxonomy":"post_tag","embeddable":true,"href":"https:\/\/www.ufsm.br\/orgaos-suplementares\/cpd\/sitios\/wp-json\/wp\/v2\/tags?post=357"}],"curies":[{"name":"wp","href":"https:\/\/api.w.org\/{rel}","templated":true}]}}