{"id":475,"date":"2019-04-09T15:48:22","date_gmt":"2019-04-09T18:48:22","guid":{"rendered":"https:\/\/www.ufsm.br\/orgaos-suplementares\/cpd\/sitios\/?page_id=475"},"modified":"2022-09-15T19:17:32","modified_gmt":"2022-09-15T22:17:32","slug":"redes-sociais","status":"publish","type":"page","link":"https:\/\/www.ufsm.br\/orgaos-suplementares\/cpd\/sitios\/redes-sociais","title":{"rendered":"Redes Sociais"},"content":{"rendered":"\t\t<div data-elementor-type=\"wp-page\" data-elementor-id=\"475\" class=\"elementor elementor-475\">\n\t\t\t\t\t\t<section class=\"elementor-section elementor-top-section elementor-element elementor-element-72f3366 elementor-section-boxed elementor-section-height-default elementor-section-height-default\" data-id=\"72f3366\" data-element_type=\"section\">\n\t\t\t\t\t\t<div class=\"elementor-container elementor-column-gap-default\">\n\t\t\t\t\t<div class=\"elementor-column elementor-col-100 elementor-top-column elementor-element elementor-element-a9251af\" data-id=\"a9251af\" data-element_type=\"column\">\n\t\t\t<div class=\"elementor-widget-wrap elementor-element-populated\">\n\t\t\t\t\t\t<div class=\"elementor-element elementor-element-b07c1ed elementor-widget elementor-widget-heading\" data-id=\"b07c1ed\" data-element_type=\"widget\" data-widget_type=\"heading.default\">\n\t\t\t\t<div class=\"elementor-widget-container\">\n\t\t\t<h2 class=\"elementor-heading-title elementor-size-default\">Cadastro de Redes Sociais<\/h2>\t\t<\/div>\n\t\t\t\t<\/div>\n\t\t\t\t\t<\/div>\n\t\t<\/div>\n\t\t\t\t\t<\/div>\n\t\t<\/section>\n\t\t\t\t<section class=\"elementor-section elementor-top-section elementor-element elementor-element-6cc74272 elementor-section-boxed elementor-section-height-default elementor-section-height-default\" data-id=\"6cc74272\" data-element_type=\"section\">\n\t\t\t\t\t\t<div class=\"elementor-container elementor-column-gap-default\">\n\t\t\t\t\t<div class=\"elementor-column elementor-col-100 elementor-top-column elementor-element elementor-element-1397ef06\" data-id=\"1397ef06\" data-element_type=\"column\">\n\t\t\t<div class=\"elementor-widget-wrap elementor-element-populated\">\n\t\t\t\t\t\t<div class=\"elementor-element elementor-element-5e7368e6 elementor-widget elementor-widget-text-editor\" data-id=\"5e7368e6\" data-element_type=\"widget\" data-widget_type=\"text-editor.default\">\n\t\t\t\t<div class=\"elementor-widget-container\">\n\t\t\t\t\t\t\t<p><!-- wp:tadv\/classic-paragraph --><\/p>\n<p>O processo de cadastro das redes sociais passa primeiramente pela Coordenadoria de Comunica\u00e7\u00e3o Social da UFSM. L\u00e1 ser\u00e1 vinculada a rede social do seu site com a rede social da UFSM. Desta forma, a rede social do seu setor fica institucionalizada como pertencente \u00e0 UFSM.<\/p>\n<p>Informa\u00e7\u00f5es est\u00e3o dispon\u00edveis na&nbsp;<a href=\"https:\/\/www.ufsm.br\/comunicacao\/servicos\/adicione-redes-sociais-ao-site\/\" target=\"_blank\" rel=\"noopener\">p\u00e1gina do servi\u00e7o<\/a>.<\/p>\n<p><!-- \/wp:tadv\/classic-paragraph --><\/p>\t\t\t\t\t\t<\/div>\n\t\t\t\t<\/div>\n\t\t\t\t\t<\/div>\n\t\t<\/div>\n\t\t\t\t\t<\/div>\n\t\t<\/section>\n\t\t\t\t<section class=\"elementor-section elementor-top-section elementor-element elementor-element-12b7aed elementor-section-boxed elementor-section-height-default elementor-section-height-default\" data-id=\"12b7aed\" data-element_type=\"section\">\n\t\t\t\t\t\t<div class=\"elementor-container elementor-column-gap-default\">\n\t\t\t\t\t<div class=\"elementor-column elementor-col-100 elementor-top-column elementor-element elementor-element-fb55c24\" data-id=\"fb55c24\" data-element_type=\"column\">\n\t\t\t<div class=\"elementor-widget-wrap elementor-element-populated\">\n\t\t\t\t\t\t<div class=\"elementor-element elementor-element-35ed3bb elementor-widget elementor-widget-heading\" data-id=\"35ed3bb\" data-element_type=\"widget\" data-widget_type=\"heading.default\">\n\t\t\t\t<div class=\"elementor-widget-container\">\n\t\t\t<h2 class=\"elementor-heading-title elementor-size-default\">Guia de M\u00eddias Sociais<\/h2>\t\t<\/div>\n\t\t\t\t<\/div>\n\t\t\t\t\t<\/div>\n\t\t<\/div>\n\t\t\t\t\t<\/div>\n\t\t<\/section>\n\t\t\t\t<section class=\"elementor-section elementor-top-section elementor-element elementor-element-b2ebc87 elementor-section-boxed elementor-section-height-default elementor-section-height-default\" data-id=\"b2ebc87\" data-element_type=\"section\">\n\t\t\t\t\t\t<div class=\"elementor-container elementor-column-gap-default\">\n\t\t\t\t\t<div class=\"elementor-column elementor-col-100 elementor-top-column elementor-element elementor-element-6c6e7ec\" data-id=\"6c6e7ec\" data-element_type=\"column\">\n\t\t\t<div class=\"elementor-widget-wrap elementor-element-populated\">\n\t\t\t\t\t\t<div class=\"elementor-element elementor-element-e3e32a7 elementor-widget elementor-widget-text-editor\" data-id=\"e3e32a7\" data-element_type=\"widget\" data-widget_type=\"text-editor.default\">\n\t\t\t\t<div class=\"elementor-widget-container\">\n\t\t\t\t\t\t\t<p dir=\"ltr\" style=\"color: #000000; font-size: 16px;\"><span style=\"color: black; font-size: 1rem;\">Cont\u00e9m orienta\u00e7\u00f5es relativas \u00e0 gest\u00e3o de p\u00e1ginas e perfis institucionais, tais como:\u00a0<\/span><\/p>\n<ul>\n<li><span style=\"color: black; font-size: 1rem;\">cria\u00e7\u00e3o e publica\u00e7\u00e3o de conte\u00fados,\u00a0<\/span><\/li>\n<li><span style=\"color: black; font-size: 1rem;\">divulga\u00e7\u00e3o de conte\u00fados,<\/span><\/li>\n<li><span style=\"color: black; font-size: 1rem;\">intera\u00e7\u00e3o com os p\u00fablicos.<\/span><\/li>\n<li><span style=\"color: black; font-size: 1rem;\">dicas de como identificar e o que fazer em caso de crise.<\/span><\/li>\n<\/ul>\t\t\t\t\t\t<\/div>\n\t\t\t\t<\/div>\n\t\t\t\t\t<\/div>\n\t\t<\/div>\n\t\t\t\t\t<\/div>\n\t\t<\/section>\n\t\t\t\t<section class=\"elementor-section elementor-top-section elementor-element elementor-element-a093f58 elementor-section-boxed elementor-section-height-default elementor-section-height-default\" data-id=\"a093f58\" data-element_type=\"section\">\n\t\t\t\t\t\t<div class=\"elementor-container elementor-column-gap-default\">\n\t\t\t\t\t<div class=\"elementor-column elementor-col-100 elementor-top-column elementor-element elementor-element-9da3720\" data-id=\"9da3720\" data-element_type=\"column\">\n\t\t\t<div class=\"elementor-widget-wrap elementor-element-populated\">\n\t\t\t\t\t\t<div class=\"elementor-element elementor-element-c261f54 elementor-align-justify elementor-widget elementor-widget-button\" data-id=\"c261f54\" data-element_type=\"widget\" data-widget_type=\"button.default\">\n\t\t\t\t<div class=\"elementor-widget-container\">\n\t\t\t\t\t\t\t<div class=\"elementor-button-wrapper\">\n\t\t\t\t\t<a class=\"elementor-button elementor-button-link elementor-size-md\" href=\"https:\/\/www.ufsm.br\/comunicacao\/guiamidiassociais\/\">\n\t\t\t\t\t\t<span class=\"elementor-button-content-wrapper\">\n\t\t\t\t\t\t\t\t\t<span class=\"elementor-button-text\">Guia de M\u00eddias Sociais UFSM<\/span>\n\t\t\t\t\t<\/span>\n\t\t\t\t\t<\/a>\n\t\t\t\t<\/div>\n\t\t\t\t\t\t<\/div>\n\t\t\t\t<\/div>\n\t\t\t\t\t<\/div>\n\t\t<\/div>\n\t\t\t\t\t<\/div>\n\t\t<\/section>\n\t\t\t\t<section class=\"elementor-section elementor-top-section elementor-element elementor-element-f78e1c5 elementor-section-boxed elementor-section-height-default elementor-section-height-default\" data-id=\"f78e1c5\" data-element_type=\"section\">\n\t\t\t\t\t\t<div class=\"elementor-container elementor-column-gap-default\">\n\t\t\t\t\t<div class=\"elementor-column elementor-col-100 elementor-top-column elementor-element elementor-element-91b5629\" data-id=\"91b5629\" data-element_type=\"column\">\n\t\t\t<div class=\"elementor-widget-wrap elementor-element-populated\">\n\t\t\t\t\t\t<div class=\"elementor-element elementor-element-2bcd5a9 elementor-widget elementor-widget-heading\" data-id=\"2bcd5a9\" data-element_type=\"widget\" data-widget_type=\"heading.default\">\n\t\t\t\t<div class=\"elementor-widget-container\">\n\t\t\t<h2 class=\"elementor-heading-title elementor-size-default\">Incorpora\u00e7\u00e3o de conte\u00fados do Facebook e Instagram<\/h2>\t\t<\/div>\n\t\t\t\t<\/div>\n\t\t\t\t\t<\/div>\n\t\t<\/div>\n\t\t\t\t\t<\/div>\n\t\t<\/section>\n\t\t\t\t<section class=\"elementor-section elementor-top-section elementor-element elementor-element-2774305 elementor-section-boxed elementor-section-height-default elementor-section-height-default\" data-id=\"2774305\" data-element_type=\"section\">\n\t\t\t\t\t\t<div class=\"elementor-container elementor-column-gap-default\">\n\t\t\t\t\t<div class=\"elementor-column elementor-col-100 elementor-top-column elementor-element elementor-element-a8aaf66\" data-id=\"a8aaf66\" data-element_type=\"column\">\n\t\t\t<div class=\"elementor-widget-wrap elementor-element-populated\">\n\t\t\t\t\t\t<div class=\"elementor-element elementor-element-d09129a elementor-widget elementor-widget-text-editor\" data-id=\"d09129a\" data-element_type=\"widget\" data-widget_type=\"text-editor.default\">\n\t\t\t\t<div class=\"elementor-widget-container\">\n\t\t\t\t\t\t\t<p>Em outubro de 2020 o Facebook <a href=\"https:\/\/developers.facebook.com\/docs\/plugins\/oembed-legacy\">alterou a forma como permitia a incorpora\u00e7\u00e3o de conte\u00fado de suas redes sociais<\/a>, como parte de um <a href=\"https:\/\/developers.facebook.com\/blog\/post\/2020\/08\/04\/Introducing-graph-v8-marketing-api-v8\/\">processo de atualiza\u00e7\u00e3o nas suas APIs<\/a>. Esta a\u00e7\u00e3o resultou na <a href=\"https:\/\/wptavern.com\/upcoming-api-change-will-break-facebook-and-instagram-oembed-links-across-the-web-beginning-october-24\">quebra de conte\u00fado previamente incorporado<\/a>, e impossibilidade de corretamente incorporar novos conte\u00fados para quem n\u00e3o seguisse as novas diretrizes.<\/p>\n<p>A equipe de desenvolvimento do WordPress analisou as alternativas poss\u00edveis em resposta, e <a href=\"https:\/\/core.trac.wordpress.org\/ticket\/50861\">optou por remover o suporte nativo de incorpora\u00e7\u00e3o na vers\u00e3o 5.5<\/a>. Quem desejava continuar com o recurso deveria implementar sua pr\u00f3pria solu\u00e7\u00e3o, ou avaliar e confiar no uso de <a href=\"https:\/\/php.watch\/articles\/wordpress-facebook-instagram-oembed\">alguma solu\u00e7\u00e3o desenvolvida pela comunidade<\/a>.<\/p>\n<p>A primeira avalia\u00e7\u00e3o realizada pelo CPD no final de 2020 identificou algumas solu\u00e7\u00f5es proeminentes, mas n\u00e3o havia demanda dos setores de comunica\u00e7\u00e3o que justificasse o custo das altera\u00e7\u00f5es. Em nova avalia\u00e7\u00e3o em 2022, as antigas poss\u00edveis solu\u00e7\u00f5es da comunidade est\u00e3o quase abandonadas e, novamente, n\u00e3o houve demanda suficiente para justificar o custo de suporte.<\/p>\n<p>Desta forma, <strong>a incorpora\u00e7\u00e3o de conte\u00fados do Facebook e do Instagram n\u00e3o \u00e9 suportada nos sites da UFSM<\/strong>, e sua incorpora\u00e7\u00e3o poder\u00e1 resultar em erros e conte\u00fados exibidos incorretamente ou mesmo n\u00e3o exibidos.<\/p>\t\t\t\t\t\t<\/div>\n\t\t\t\t<\/div>\n\t\t\t\t\t<\/div>\n\t\t<\/div>\n\t\t\t\t\t<\/div>\n\t\t<\/section>\n\t\t\t\t<\/div>\n\t\t","protected":false},"excerpt":{"rendered":"<p>Cadastro de Redes Sociais O processo de cadastro das redes sociais passa primeiramente pela Coordenadoria de Comunica\u00e7\u00e3o Social da UFSM. L\u00e1 ser\u00e1 vinculada a rede social do seu site com a rede social da UFSM. Desta forma, a rede social do seu setor fica institucionalizada como pertencente \u00e0 UFSM. Informa\u00e7\u00f5es est\u00e3o dispon\u00edveis na&nbsp;p\u00e1gina do servi\u00e7o. [&hellip;]<\/p>\n","protected":false},"author":25,"featured_media":0,"parent":0,"menu_order":0,"comment_status":"closed","ping_status":"closed","template":"","meta":{"footnotes":""},"categories":[],"tags":[],"class_list":["post-475","page","type-page","status-publish","hentry"],"acf":[],"_links":{"self":[{"href":"https:\/\/www.ufsm.br\/orgaos-suplementares\/cpd\/sitios\/wp-json\/wp\/v2\/pages\/475","targetHints":{"allow":["GET"]}}],"collection":[{"href":"https:\/\/www.ufsm.br\/orgaos-suplementares\/cpd\/sitios\/wp-json\/wp\/v2\/pages"}],"about":[{"href":"https:\/\/www.ufsm.br\/orgaos-suplementares\/cpd\/sitios\/wp-json\/wp\/v2\/types\/page"}],"author":[{"embeddable":true,"href":"https:\/\/www.ufsm.br\/orgaos-suplementares\/cpd\/sitios\/wp-json\/wp\/v2\/users\/25"}],"replies":[{"embeddable":true,"href":"https:\/\/www.ufsm.br\/orgaos-suplementares\/cpd\/sitios\/wp-json\/wp\/v2\/comments?post=475"}],"version-history":[{"count":0,"href":"https:\/\/www.ufsm.br\/orgaos-suplementares\/cpd\/sitios\/wp-json\/wp\/v2\/pages\/475\/revisions"}],"wp:attachment":[{"href":"https:\/\/www.ufsm.br\/orgaos-suplementares\/cpd\/sitios\/wp-json\/wp\/v2\/media?parent=475"}],"wp:term":[{"taxonomy":"category","embeddable":true,"href":"https:\/\/www.ufsm.br\/orgaos-suplementares\/cpd\/sitios\/wp-json\/wp\/v2\/categories?post=475"},{"taxonomy":"post_tag","embeddable":true,"href":"https:\/\/www.ufsm.br\/orgaos-suplementares\/cpd\/sitios\/wp-json\/wp\/v2\/tags?post=475"}],"curies":[{"name":"wp","href":"https:\/\/api.w.org\/{rel}","templated":true}]}}