{"id":1280,"date":"2020-03-31T16:33:26","date_gmt":"2020-03-31T19:33:26","guid":{"rendered":"https:\/\/www.ufsm.br\/orgaos-suplementares\/cpd\/?page_id=1280"},"modified":"2025-11-18T10:01:53","modified_gmt":"2025-11-18T13:01:53","slug":"segemfoco","status":"publish","type":"page","link":"https:\/\/www.ufsm.br\/orgaos-suplementares\/cpd\/segemfoco","title":{"rendered":"Newsletter &#8220;Seguran\u00e7a em Foco&#8221;"},"content":{"rendered":"\t\t<div data-elementor-type=\"wp-page\" data-elementor-id=\"1280\" class=\"elementor elementor-1280\">\n\t\t\t\t\t\t<section class=\"elementor-section elementor-top-section elementor-element elementor-element-6f25b64d elementor-section-boxed elementor-section-height-default elementor-section-height-default\" data-id=\"6f25b64d\" data-element_type=\"section\">\n\t\t\t\t\t\t<div class=\"elementor-container elementor-column-gap-default\">\n\t\t\t\t\t<div class=\"elementor-column elementor-col-100 elementor-top-column elementor-element elementor-element-46ba4306\" data-id=\"46ba4306\" data-element_type=\"column\">\n\t\t\t<div class=\"elementor-widget-wrap elementor-element-populated\">\n\t\t\t\t\t\t<div class=\"elementor-element elementor-element-65a7b1f elementor-widget elementor-widget-image\" data-id=\"65a7b1f\" data-element_type=\"widget\" data-widget_type=\"image.default\">\n\t\t\t\t<div class=\"elementor-widget-container\">\n\t\t\t\t\t\t\t\t\t\t\t\t\t<img decoding=\"async\" src=\"https:\/\/www.ufsm.br\/app\/uploads\/sites\/350\/elementor\/thumbs\/BANNER_SEGURANCA_EM_FOCO-qx0dmxu28ai9voepdugqny63dpgdh8t59xn2o8oy30.jpg\" title=\"BANNER_SEGURAN\u00c7A_EM_FOCO\" alt=\"BANNER_SEGURAN\u00c7A_EM_FOCO\" loading=\"lazy\" \/>\t\t\t\t\t\t\t\t\t\t\t\t\t<\/div>\n\t\t\t\t<\/div>\n\t\t\t\t<div class=\"elementor-element elementor-element-5da3f0f elementor-widget elementor-widget-text-editor\" data-id=\"5da3f0f\" data-element_type=\"widget\" data-widget_type=\"text-editor.default\">\n\t\t\t\t<div class=\"elementor-widget-container\">\n\t\t\t\t\t\t\t<p>\u00a0 \u00a0 \u00a0A Seguran\u00e7a da Informa\u00e7\u00e3o, a cada dia, tem uma relev\u00e2ncia maior no trabalho di\u00e1rio do CPD na Universidade Federal de Santa Maria. Assim, a Equipe de Seguran\u00e7a da Informa\u00e7\u00e3o, juntamente com a Equipe de Comunica\u00e7\u00e3o do CPD, criou uma newsletter sobre esse assunto t\u00e3o importante no nosso dia a dia. Ao fim de cada m\u00eas, \u00e9 enviada uma newsletter contendo as principais not\u00edcias relacionadas a Seguran\u00e7a da Informa\u00e7\u00e3o que foram divulgadas durante o m\u00eas.<\/p>\t\t\t\t\t\t<\/div>\n\t\t\t\t<\/div>\n\t\t\t\t<div class=\"elementor-element elementor-element-a1070fc elementor-widget elementor-widget-button\" data-id=\"a1070fc\" data-element_type=\"widget\" data-widget_type=\"button.default\">\n\t\t\t\t<div class=\"elementor-widget-container\">\n\t\t\t\t\t\t\t<div class=\"elementor-button-wrapper\">\n\t\t\t\t\t<a class=\"elementor-button elementor-button-link elementor-size-sm\" href=\"https:\/\/mailchi.mp\/e0728f57fa29\/newsletter-seguranca-em-foco\">\n\t\t\t\t\t\t<span class=\"elementor-button-content-wrapper\">\n\t\t\t\t\t\t\t\t\t<span class=\"elementor-button-text\">Inscreva-se aqui<\/span>\n\t\t\t\t\t<\/span>\n\t\t\t\t\t<\/a>\n\t\t\t\t<\/div>\n\t\t\t\t\t\t<\/div>\n\t\t\t\t<\/div>\n\t\t\t\t<div class=\"elementor-element elementor-element-6d6aa84b elementor-widget elementor-widget-text-editor\" data-id=\"6d6aa84b\" data-element_type=\"widget\" data-widget_type=\"text-editor.default\">\n\t\t\t\t<div class=\"elementor-widget-container\">\n\t\t\t\t\t\t\t<p>\u00a0 \u00a0 \u00a0Confira na \u00edntegra as edi\u00e7\u00f5es j\u00e1 publicadas:<\/p><p><strong>2025<\/strong><\/p><ul><li><a href=\"https:\/\/mailchi.mp\/6991e77d1eae\/segurana-em-foco-notcias-de-outubro\">Seguran\u00e7a em Foco &#8211; Outubro 2025<\/a><\/li><li><a href=\"https:\/\/mailchi.mp\/5b06fb04fe52\/segurana-em-foco-notcias-de-setembro-10150864?e=e862d27da1\">Seguran\u00e7a em Foco &#8211; Setembro 2025<\/a><\/li><li><a href=\"https:\/\/mailchi.mp\/12729e2c3caf\/segurana-em-foco-notcias-de-agosto\">Seguran\u00e7a em Foco &#8211; Agosto 2025<\/a><\/li><li><a href=\"https:\/\/mailchi.mp\/30835c5979a4\/segurana-em-foco-notcias-de-junho-e-julho\">Seguran\u00e7a em Foco &#8211; Junho\/julho 2025<\/a><\/li><li><a href=\"https:\/\/mailchi.mp\/b5df8583b03e\/segurana-em-foco-principais-notcias-de-maio25\">Seguran\u00e7a em Foco &#8211; Maio 2025<\/a><\/li><li><a href=\"https:\/\/mailchi.mp\/f086d66c678f\/segurana-em-foco-principais-notcias-de-abril25\">Seguran\u00e7a em Foco &#8211; Abril 2025<\/a><\/li><li><a href=\"https:\/\/mailchi.mp\/0cff258d81c4\/segurana-em-foco-principais-notcias-de-maro25\">Seguran\u00e7a em Foco &#8211; Mar\u00e7o 2025<\/a><\/li><li><a href=\"https:\/\/mailchi.mp\/64397b3b623a\/segurana-em-foco-principais-notcias-de-fevereiro25?e=e862d27da1\">Seguran\u00e7a em Foco &#8211; Fevereiro 2025<\/a><\/li><li><a href=\"https:\/\/mailchi.mp\/63f81e726a9e\/segurana-em-foco\">Seguran\u00e7a em Foco &#8211; Janeiro 2025<\/a><\/li><\/ul><p><strong>2024<\/strong><\/p><ul><li><a href=\"https:\/\/mailchi.mp\/35d9ba1d0a59\/segurana-em-foco-novembrodezembro-2024?e=b86ed5ec80\">Seguran\u00e7a em Foco &#8211; Novembro\/dezembro 2024<\/a><\/li><li><a href=\"https:\/\/mailchi.mp\/f7e65174940a\/segurana-em-foco-setembrooutubro-2024\">Seguran\u00e7a em Foco &#8211; Setembro\/outubro 2024<\/a><\/li><li><a href=\"https:\/\/mailchi.mp\/29b65d3fc7bb\/segurana-em-foco-julhoagosto-2024?e=e862d27da1\">Seguran\u00e7a em Foco &#8211; Julho\/agosto 2024<\/a><\/li><li><a href=\"https:\/\/mailchi.mp\/07aed66a929f\/segurana-em-foco-junho24?e=e862d27da1\">Seguran\u00e7a em Foco &#8211; Junho 2024<\/a><\/li><li><a href=\"https:\/\/mailchi.mp\/c3e86a8d4e04\/segurana-em-foco-abril-maio24?e=e862d27da1\">Seguran\u00e7a em Foco &#8211; Abril\/maio 2024<\/a><\/li><li><a href=\"https:\/\/mailchi.mp\/895258f77319\/segurana-em-foco-maro24?e=e862d27da1\">Seguran\u00e7a em Foco &#8211; Mar\u00e7o 2024<\/a><\/li><li><a href=\"https:\/\/mailchi.mp\/0d8d363be3cd\/segurana-em-foco-fevereiro24?e=e862d27da1\">Seguran\u00e7a em Foco &#8211; Fevereiro 2024<\/a><\/li><li><a href=\"https:\/\/mailchi.mp\/579168e4a005\/segurana-em-foco-janeiro24\">Seguran\u00e7a em Foco &#8211; Janeiro 2024<\/a><\/li><\/ul><p><strong>2023<\/strong><\/p><ul><li><a href=\"https:\/\/mailchi.mp\/22b529016d80\/segurana-em-foco-edio-conjunta-novembro-e-dezembro23?e=e862d27da1\">Seguran\u00e7a em Foco &#8211; Novembro\/dezembro 2023<\/a><\/li><li><a href=\"https:\/\/mailchi.mp\/fea7f210b7cc\/segurana-em-foco-outubro23?e=e862d27da1\">Seguran\u00e7a em Foco &#8211; Outubro 2023<\/a><\/li><li><a href=\"https:\/\/us5.campaign-archive.com\/?e=__test_email__&amp;u=56c1137dfb00bad3bb6f4d129&amp;id=58145933a0\">Seguran\u00e7a em Foco &#8211; Setembro 2023<\/a><\/li><li><a href=\"https:\/\/mailchi.mp\/06ca1a5ed5c1\/segurana-em-foco-agosto23?e=e862d27da1\">Seguran\u00e7a em Foco &#8211; Agosto 2023<\/a><\/li><li><a href=\"https:\/\/mailchi.mp\/7fe8b6be11e3\/segurana-em-foco-julho23?e=e862d27da1\">Seguran\u00e7a em Foco &#8211; Julho 2023<\/a><\/li><li><a href=\"https:\/\/mailchi.mp\/d7ca879b1af7\/segurana-em-foco-junho23?e=e862d27da1\">Seguran\u00e7a em Foco &#8211; Junho 2023<\/a><\/li><li><a href=\"https:\/\/mailchi.mp\/64bfcfc7a25c\/segurana-em-foco-maio23\">Seguran\u00e7a em Foco &#8211; Maio 2023<\/a><\/li><li><a href=\"https:\/\/mailchi.mp\/5f154cf98f10\/segurana-em-foco-janeiro\">Seguran\u00e7a em Foco &#8211; Janeiro 2023<\/a><\/li><\/ul><p><strong>2022<\/strong><\/p><ul><li><a href=\"https:\/\/mailchi.mp\/cdff3b424209\/segurana-em-foco-dezembro\">Seguran\u00e7a em Foco &#8211; Dezembro 2022<\/a><\/li><li><a href=\"https:\/\/mailchi.mp\/0c4a81e0b3de\/segurana-em-foco-novembro\">Seguran\u00e7a em Foco &#8211; Novembro 2022<\/a><\/li><li><a href=\"https:\/\/mailchi.mp\/e8183ad16f6a\/segurana-em-foco-outubro\">Seguran\u00e7a em Foco &#8211; Outubro 2022<\/a><\/li><li><a href=\"https:\/\/mailchi.mp\/5acfd79556ac\/segurana-em-foco-setembro\">Seguran\u00e7a em Foco &#8211; Setembro 2022<\/a><\/li><li><a href=\"https:\/\/us5.campaign-archive.com\/?u=56c1137dfb00bad3bb6f4d129&amp;id=f3067f7f5f\">Seguran\u00e7a em Foco &#8211; Agosto 2022<\/a><\/li><li><a href=\"https:\/\/mailchi.mp\/69de856c25c2\/segurana-em-foco-julho\">Seguran\u00e7a em Foco &#8211; Julho 2022<\/a><\/li><li><a href=\"https:\/\/mailchi.mp\/b552f141689e\/segurana-em-foco-junho\">Seguran\u00e7a em Foco &#8211; Junho 2022<\/a><\/li><li><a href=\"https:\/\/mailchi.mp\/b6e874d5f942\/segurana-em-foco-maio\">Seguran\u00e7a em Foco &#8211; Maio 2022<\/a><\/li><li><a href=\"https:\/\/mailchi.mp\/63f891168f48\/segurana-em-foco-abril\">Seguran\u00e7a em Foco &#8211; Abril 2022<\/a><\/li><li><a href=\"https:\/\/mailchi.mp\/eae8517ce62e\/segurana-em-foco-fevereiro\">Seguran\u00e7a em Foco &#8211; Fevereiro 2022<\/a><\/li><li><a href=\"http:\/\/mailchi.mp\/94f66683fb1b\/segurana-em-foco-janeiro\">Seguran\u00e7a em Foco &#8211; Janeiro 2022<\/a><\/li><\/ul><p><strong>2021<\/strong><\/p><ul><li><a href=\"https:\/\/mailchi.mp\/b91aba12305f\/segurana-em-foco-dezembro\">Seguran\u00e7a em Foco &#8211; Dezembro 2021<\/a><\/li><li><a href=\"https:\/\/mailchi.mp\/51cd54d49a22\/segurana-em-foco-novembro-edit-name\">Seguran\u00e7a em Foco &#8211; Novembro 2021<\/a><\/li><li><a href=\"https:\/\/mailchi.mp\/acdd5184f904\/segurana-em-foco-outubro\">Seguran\u00e7a em Foco &#8211; Outubro 2021<\/a><\/li><li><a href=\"https:\/\/mailchi.mp\/970052b9b8be\/segurana-em-foco-setembro\">Seguran\u00e7a em Foco &#8211; Setembro 2021<\/a><\/li><li><a href=\"https:\/\/mailchi.mp\/aad6f79e6353\/segurana-em-foco-agosto\">Seguran\u00e7a em Foco &#8211; Agosto 2021<\/a><\/li><li><a href=\"https:\/\/mailchi.mp\/9a01f8362fd0\/segurana-em-foco-julho\">Seguran\u00e7a em Foco &#8211; Julho 2021<\/a><\/li><li><a href=\"https:\/\/mailchi.mp\/58cb8e4706a1\/seguranca-em-foco-junho\">Seguran\u00e7a em Foco &#8211; Junho 2021<\/a><\/li><li><a href=\"https:\/\/mailchi.mp\/15ac0af5555f\/segurana-em-foco-maio\">Seguran\u00e7a em Foco &#8211; Maio 2021<\/a><\/li><li><a href=\"https:\/\/mailchi.mp\/829a6adbc9db\/segurana-em-foco-abril\">Seguran\u00e7a em Foco &#8211; Abril 2021<\/a><\/li><li><a href=\"https:\/\/mailchi.mp\/73372deba302\/segurana-em-foco-maro\">Seguran\u00e7a em Foco &#8211; Mar\u00e7o 2021<\/a><\/li><li><a href=\"https:\/\/mailchi.mp\/429060c1509a\/segurana-em-foco-fevereiro\">Seguran\u00e7a em Foco &#8211; Fevereiro 2021<\/a><\/li><li><a href=\"https:\/\/us5.campaign-archive.com\/?u=56c1137dfb00bad3bb6f4d129&amp;id=947b74ecf7\">Seguran\u00e7a em Foco &#8211; Janeiro 2021<\/a><\/li><\/ul><p><strong>2020<\/strong><\/p><ul><li style=\"text-align: justify\"><a href=\"https:\/\/mailchi.mp\/ee33398e9bdc\/newsletter-segurana-em-foco-012020\">Seguran\u00e7a em Foco [01\/2020] &#8211; Janeiro<\/a><\/li><li><a href=\"https:\/\/mailchi.mp\/7d86263e7966\/newsletter-segurana-em-foco-022020\">Seguran\u00e7a em Foco [02\/2020] &#8211; Fevereiro<\/a><\/li><li><a href=\"https:\/\/mailchi.mp\/0e1c9cdc42fc\/newsletter-segurana-em-foco-4076637\">Seguran\u00e7a em Foco [03\/2020] &#8211; Mar\u00e7o<\/a><\/li><li><a href=\"https:\/\/mailchi.mp\/ea243146d4e8\/newsletter-segurana-em-foco-042020\">Seguran\u00e7a em Foco [04\/2020] &#8211; Abril<\/a><\/li><li><a href=\"https:\/\/mailchi.mp\/34ace890b052\/newsletter-segurana-em-foco-4103197\">Seguran\u00e7a em Foco [05\/2020] &#8211; Maio<\/a><\/li><li><a href=\"https:\/\/mailchi.mp\/0a64f00feefd\/newsletter-segurana-em-foco-062020\">Seguran\u00e7a em Foco [06\/2020] &#8211; Junho<\/a><\/li><li><a href=\"https:\/\/mailchi.mp\/fec806b56bb1\/newsletter-segurana-em-foco-072020\">Seguran\u00e7a em Foco [07\/2020] &#8211; Julho<\/a><\/li><li><a href=\"https:\/\/mailchi.mp\/90d0a9d75421\/segurana-em-foco-agosto\">Seguran\u00e7a em Foco [08\/2020] &#8211; Agosto<\/a><\/li><li><a href=\"https:\/\/mailchi.mp\/e91a0f78e373\/segurana-em-foco-setembro-4145033\">Seguran\u00e7a em Foco [09\/2020] &#8211; Setembro<\/a><\/li><li><a href=\"https:\/\/mailchi.mp\/55a1fbc6f36c\/segurana-em-foco\">Seguran\u00e7a em Foco [10\/2020] &#8211; Outubro<\/a><\/li><li><a href=\"https:\/\/mailchi.mp\/b5c181f7147e\/segurana-em-foco-novembro\">Seguran\u00e7a em Foco [11\/2020] &#8211; Novembro<\/a><\/li><li><a href=\"https:\/\/mailchi.mp\/4adbbeb80927\/segurana-em-focodezembro\">Seguran\u00e7a em Foco [12\/2020] &#8211; Dezembro<\/a><\/li><\/ul><p><!-- \/wp:tadv\/classic-paragraph --><\/p>\t\t\t\t\t\t<\/div>\n\t\t\t\t<\/div>\n\t\t\t\t\t<\/div>\n\t\t<\/div>\n\t\t\t\t\t<\/div>\n\t\t<\/section>\n\t\t\t\t<\/div>\n\t\t","protected":false},"excerpt":{"rendered":"<p>\u00a0 \u00a0 \u00a0A Seguran\u00e7a da Informa\u00e7\u00e3o, a cada dia, tem uma relev\u00e2ncia maior no trabalho di\u00e1rio do CPD na Universidade Federal de Santa Maria. Assim, a Equipe de Seguran\u00e7a da Informa\u00e7\u00e3o, juntamente com a Equipe de Comunica\u00e7\u00e3o do CPD, criou uma newsletter sobre esse assunto t\u00e3o importante no nosso dia a dia. Ao fim de [&hellip;]<\/p>\n","protected":false},"author":1097,"featured_media":2345,"parent":0,"menu_order":0,"comment_status":"closed","ping_status":"closed","template":"","meta":{"footnotes":""},"categories":[45],"tags":[],"class_list":["post-1280","page","type-page","status-publish","has-post-thumbnail","hentry","category-banner-home"],"acf":[],"_links":{"self":[{"href":"https:\/\/www.ufsm.br\/orgaos-suplementares\/cpd\/wp-json\/wp\/v2\/pages\/1280","targetHints":{"allow":["GET"]}}],"collection":[{"href":"https:\/\/www.ufsm.br\/orgaos-suplementares\/cpd\/wp-json\/wp\/v2\/pages"}],"about":[{"href":"https:\/\/www.ufsm.br\/orgaos-suplementares\/cpd\/wp-json\/wp\/v2\/types\/page"}],"author":[{"embeddable":true,"href":"https:\/\/www.ufsm.br\/orgaos-suplementares\/cpd\/wp-json\/wp\/v2\/users\/1097"}],"replies":[{"embeddable":true,"href":"https:\/\/www.ufsm.br\/orgaos-suplementares\/cpd\/wp-json\/wp\/v2\/comments?post=1280"}],"version-history":[{"count":0,"href":"https:\/\/www.ufsm.br\/orgaos-suplementares\/cpd\/wp-json\/wp\/v2\/pages\/1280\/revisions"}],"wp:featuredmedia":[{"embeddable":true,"href":"https:\/\/www.ufsm.br\/orgaos-suplementares\/cpd\/wp-json\/wp\/v2\/media\/2345"}],"wp:attachment":[{"href":"https:\/\/www.ufsm.br\/orgaos-suplementares\/cpd\/wp-json\/wp\/v2\/media?parent=1280"}],"wp:term":[{"taxonomy":"category","embeddable":true,"href":"https:\/\/www.ufsm.br\/orgaos-suplementares\/cpd\/wp-json\/wp\/v2\/categories?post=1280"},{"taxonomy":"post_tag","embeddable":true,"href":"https:\/\/www.ufsm.br\/orgaos-suplementares\/cpd\/wp-json\/wp\/v2\/tags?post=1280"}],"curies":[{"name":"wp","href":"https:\/\/api.w.org\/{rel}","templated":true}]}}