{"id":1463,"date":"2020-12-21T10:49:21","date_gmt":"2020-12-21T13:49:21","guid":{"rendered":"https:\/\/www.ufsm.br\/orgaos-suplementares\/cpd\/?page_id=1463"},"modified":"2023-11-01T09:32:25","modified_gmt":"2023-11-01T12:32:25","slug":"aplicativo-ufsm-integra","status":"publish","type":"page","link":"https:\/\/www.ufsm.br\/orgaos-suplementares\/cpd\/aplicativo-ufsm-integra","title":{"rendered":"Aplicativo Integra"},"content":{"rendered":"\t\t<div data-elementor-type=\"wp-page\" data-elementor-id=\"1463\" class=\"elementor elementor-1463\">\n\t\t\t\t\t\t<section class=\"elementor-section elementor-top-section elementor-element elementor-element-11887840 elementor-section-boxed elementor-section-height-default elementor-section-height-default\" data-id=\"11887840\" data-element_type=\"section\">\n\t\t\t\t\t\t<div class=\"elementor-container elementor-column-gap-default\">\n\t\t\t\t\t<div class=\"elementor-column elementor-col-100 elementor-top-column elementor-element elementor-element-7646fd77\" data-id=\"7646fd77\" data-element_type=\"column\">\n\t\t\t<div class=\"elementor-widget-wrap elementor-element-populated\">\n\t\t\t\t\t\t<div class=\"elementor-element elementor-element-4967d493 elementor-widget elementor-widget-text-editor\" data-id=\"4967d493\" data-element_type=\"widget\" data-widget_type=\"text-editor.default\">\n\t\t\t\t<div class=\"elementor-widget-container\">\n\t\t\t\t\t\t\t<!-- wp:tadv\/classic-paragraph \/-->\t\t\t\t\t\t<\/div>\n\t\t\t\t<\/div>\n\t\t\t\t\t<\/div>\n\t\t<\/div>\n\t\t\t\t\t<\/div>\n\t\t<\/section>\n\t\t\t\t<section class=\"elementor-section elementor-top-section elementor-element elementor-element-80e9432 elementor-section-boxed elementor-section-height-default elementor-section-height-default\" data-id=\"80e9432\" data-element_type=\"section\">\n\t\t\t\t\t\t<div class=\"elementor-container elementor-column-gap-default\">\n\t\t\t\t\t<div class=\"elementor-column elementor-col-50 elementor-top-column elementor-element elementor-element-890e7b7\" data-id=\"890e7b7\" data-element_type=\"column\">\n\t\t\t<div class=\"elementor-widget-wrap elementor-element-populated\">\n\t\t\t\t\t\t<div class=\"elementor-element elementor-element-ba8dd25 elementor-widget elementor-widget-text-editor\" data-id=\"ba8dd25\" data-element_type=\"widget\" data-widget_type=\"text-editor.default\">\n\t\t\t\t<div class=\"elementor-widget-container\">\n\t\t\t\t\t\t\t<p>O aplicativo Integra est\u00e1 incorporado junto ao Aplicativo Institucional da UFSM &#8211; UFSM Digital. O aplicativo UFSM Digital \u00e9 para uso dos servidores e alunos da UFSM, permitindo visualizar: hor\u00e1rios de aulas, notas e faltas, card\u00e1pio dos RU, hor\u00e1rios de linhas de \u00f4nibus, saldo atual do RU, empr\u00e9stimos de livros na biblioteca, informa\u00e7\u00f5es sobre o Integra, entre outros.<\/p>\n<p>Ao realizar o login no aplicativo, uma das funcionalidades disponibilizada \u00e9 o aplicativo Integra. A funcionalidade para visualiza\u00e7\u00e3o das informa\u00e7\u00f5es do projeto Integra est\u00e1 associada \u00e0s credenciais de acesso. Assim, somente ter\u00e3o acesso \u00e0s informa\u00e7\u00f5es dos alunos matriculados, os coordenadores dos respectivos\u00a0 cursos de gradua\u00e7\u00e3o.<\/p>\n<p>As informa\u00e7\u00f5es disponibilizadas no aplicativo Integra apresentam os alunos regularmente matriculados no per\u00edodo selecionado e permite ao coordenador de curso uma vis\u00e3o abrangente de informa\u00e7\u00f5es acad\u00eamicas, s\u00f3cio econ\u00f4micas dos alunos do seu curso.<\/p>\n<p>Dessa forma, o coordenador pode gerenciar em um \u00fanico ambiente informa\u00e7\u00f5es sobre os alunos do semestre corrente.<\/p>\t\t\t\t\t\t<\/div>\n\t\t\t\t<\/div>\n\t\t\t\t\t<\/div>\n\t\t<\/div>\n\t\t\t\t<div class=\"elementor-column elementor-col-50 elementor-top-column elementor-element elementor-element-196dea2\" data-id=\"196dea2\" data-element_type=\"column\">\n\t\t\t<div class=\"elementor-widget-wrap elementor-element-populated\">\n\t\t\t\t\t\t<div class=\"elementor-element elementor-element-d77d24e elementor-widget elementor-widget-image\" data-id=\"d77d24e\" data-element_type=\"widget\" data-widget_type=\"image.default\">\n\t\t\t\t<div class=\"elementor-widget-container\">\n\t\t\t\t\t\t\t\t\t\t\t\t\t<img fetchpriority=\"high\" decoding=\"async\" width=\"472\" height=\"1024\" src=\"https:\/\/www.ufsm.br\/app\/uploads\/sites\/350\/2023\/11\/loginUFSMDIGITAL-new-472x1024.jpg\" class=\"attachment-large size-large wp-image-2426\" alt=\"\" srcset=\"https:\/\/www.ufsm.br\/app\/uploads\/sites\/350\/2023\/11\/loginUFSMDIGITAL-new-472x1024.jpg 472w, https:\/\/www.ufsm.br\/app\/uploads\/sites\/350\/2023\/11\/loginUFSMDIGITAL-new-138x300.jpg 138w, https:\/\/www.ufsm.br\/app\/uploads\/sites\/350\/2023\/11\/loginUFSMDIGITAL-new-708x1536.jpg 708w, https:\/\/www.ufsm.br\/app\/uploads\/sites\/350\/2023\/11\/loginUFSMDIGITAL-new.jpg 738w\" sizes=\"(max-width: 472px) 100vw, 472px\" \/>\t\t\t\t\t\t\t\t\t\t\t\t\t<\/div>\n\t\t\t\t<\/div>\n\t\t\t\t\t<\/div>\n\t\t<\/div>\n\t\t\t\t\t<\/div>\n\t\t<\/section>\n\t\t\t\t<section class=\"elementor-section elementor-top-section elementor-element elementor-element-df15ad5 elementor-section-boxed elementor-section-height-default elementor-section-height-default\" data-id=\"df15ad5\" data-element_type=\"section\">\n\t\t\t\t\t\t<div class=\"elementor-container elementor-column-gap-default\">\n\t\t\t\t\t<div class=\"elementor-column elementor-col-50 elementor-top-column elementor-element elementor-element-36539da\" data-id=\"36539da\" data-element_type=\"column\">\n\t\t\t<div class=\"elementor-widget-wrap elementor-element-populated\">\n\t\t\t\t\t\t<div class=\"elementor-element elementor-element-03ec671 elementor-widget elementor-widget-image\" data-id=\"03ec671\" data-element_type=\"widget\" data-widget_type=\"image.default\">\n\t\t\t\t<div class=\"elementor-widget-container\">\n\t\t\t\t\t\t\t\t\t\t\t\t\t<img decoding=\"async\" width=\"757\" height=\"1600\" src=\"https:\/\/www.ufsm.br\/app\/uploads\/sites\/350\/2022\/04\/UFSM-DIGITAL-SELECAO-CURSO-01.jpeg\" class=\"attachment-medium_large size-medium_large wp-image-1849\" alt=\"\" srcset=\"https:\/\/www.ufsm.br\/app\/uploads\/sites\/350\/2022\/04\/UFSM-DIGITAL-SELECAO-CURSO-01.jpeg 757w, https:\/\/www.ufsm.br\/app\/uploads\/sites\/350\/2022\/04\/UFSM-DIGITAL-SELECAO-CURSO-01-142x300.jpeg 142w, https:\/\/www.ufsm.br\/app\/uploads\/sites\/350\/2022\/04\/UFSM-DIGITAL-SELECAO-CURSO-01-484x1024.jpeg 484w, https:\/\/www.ufsm.br\/app\/uploads\/sites\/350\/2022\/04\/UFSM-DIGITAL-SELECAO-CURSO-01-727x1536.jpeg 727w\" sizes=\"(max-width: 757px) 100vw, 757px\" \/>\t\t\t\t\t\t\t\t\t\t\t\t\t<\/div>\n\t\t\t\t<\/div>\n\t\t\t\t\t<\/div>\n\t\t<\/div>\n\t\t\t\t<div class=\"elementor-column elementor-col-50 elementor-top-column elementor-element elementor-element-4a21034\" data-id=\"4a21034\" data-element_type=\"column\">\n\t\t\t<div class=\"elementor-widget-wrap elementor-element-populated\">\n\t\t\t\t\t\t<div class=\"elementor-element elementor-element-a4694ad elementor-widget elementor-widget-text-editor\" data-id=\"a4694ad\" data-element_type=\"widget\" data-widget_type=\"text-editor.default\">\n\t\t\t\t<div class=\"elementor-widget-container\">\n\t\t\t\t\t\t\t<p>Ao selecionar, no menu Principal do UFSM Digital, a op\u00e7\u00e3o <strong>Integra<\/strong>, representada pela imagem abaixo,<strong><a href=\"https:\/\/www.ufsm.br\/app\/uploads\/sites\/350\/2023\/11\/integraLogoUfsmDigital.jpg\"><img decoding=\"async\" class=\"wp-image-2427 size-full aligncenter\" src=\"https:\/\/www.ufsm.br\/app\/uploads\/sites\/350\/2023\/11\/integraLogoUfsmDigital.jpg\" alt=\"\" width=\"112\" height=\"38\" \/><\/a><\/strong><\/p>\n<p>\u00a0ser\u00e1 apresentada a interface mostrada \u00e0 esquerda, a qual solicitar\u00e1 o preenchimento das informa\u00e7\u00f5es referentes ao(s)\u00a0 curso(s) ao(s) qual(is) o usu\u00e1rio conectado \u00e9 coordenador, assim como o per\u00edodo (semestre) de an\u00e1lise desejado. Se o usu\u00e1rio for coordenador de somente um curso, essa informa\u00e7\u00e3o n\u00e3o ser\u00e1 solicitada. C<span style=\"color: black;font-size: 1rem\">aso o curso possua an\u00e1lises de v\u00e1rios semestres, o coordenador dever\u00e1 informar para qual per\u00edodo deseja visualizar as informa\u00e7\u00f5es.<\/span><\/p>\n<p><span style=\"color: black;font-size: 1rem\">Ap\u00f3s selecionar e preencher as informa\u00e7\u00f5es solicitadas o usu\u00e1rio deve clicar em &#8220;Selecionar&#8221;. <\/span>Ap\u00f3s a sele\u00e7\u00e3o do curso e per\u00edodo, a interface mostrada abaixo \u00e9 exibida. Nessa interface \u00e9 poss\u00edvel verificar informa\u00e7\u00f5es gerais sobre o curso. As informa\u00e7\u00f5es apresentadas s\u00e3o o nome e c\u00f3digo do curso, a qual unidade de ensino o curso est\u00e1 vinculado, a nota do <a href=\"https:\/\/www.gov.br\/inep\/pt-br\/areas-de-atuacao\/avaliacao-e-exames-educacionais\/enade\" target=\"_blank\" rel=\"noopener\">ENADE<\/a> e o indicador do MEC (Minist\u00e9rio da Educa\u00e7\u00e3o) <a href=\"http:\/\/portal.inep.gov.br\/educacao-superior\/indicadores-de-qualidade\/conceito-preliminar-de-curso-cpc-\" target=\"_blank\" rel=\"noopener\">CPC (Conceito Preliminar de Curso)<\/a>. Finalmente, \u00e9 mostrado o per\u00edodo que foi selecionado para consulta.<\/p>\n<p><span style=\"color: black;font-size: 1rem\">\u00a0<\/span><\/p>\n<p><span style=\"color: black;font-size: 1rem\">\u00a0<\/span><\/p>\t\t\t\t\t\t<\/div>\n\t\t\t\t<\/div>\n\t\t\t\t\t<\/div>\n\t\t<\/div>\n\t\t\t\t\t<\/div>\n\t\t<\/section>\n\t\t\t\t<section class=\"elementor-section elementor-top-section elementor-element elementor-element-6d47566 elementor-section-boxed elementor-section-height-default elementor-section-height-default\" data-id=\"6d47566\" data-element_type=\"section\">\n\t\t\t\t\t\t<div class=\"elementor-container elementor-column-gap-default\">\n\t\t\t\t\t<div class=\"elementor-column elementor-col-50 elementor-top-column elementor-element elementor-element-9b11497\" data-id=\"9b11497\" data-element_type=\"column\">\n\t\t\t<div class=\"elementor-widget-wrap elementor-element-populated\">\n\t\t\t\t\t\t<div class=\"elementor-element elementor-element-da908ca elementor-widget elementor-widget-text-editor\" data-id=\"da908ca\" data-element_type=\"widget\" data-widget_type=\"text-editor.default\">\n\t\t\t\t<div class=\"elementor-widget-container\">\n\t\t\t\t\t\t\t<p>Em destaque s\u00e3o mostradas duas informa\u00e7\u00f5es:<\/p>\n<ul>\n<li>\u00a0o n\u00famero de alunos matriculados no per\u00edodo<\/li>\n<li>o n\u00famero de alunos com risco de poss\u00edvel evas\u00e3o do curso.<\/li>\n<\/ul>\n<p>No exemplo mostrado, 228 alunos est\u00e3o matriculados e 94 alunos possuem caracter\u00edsticas de risco de evas\u00e3o. Na sequ\u00eancia \u00e9 mostrado o bot\u00e3o <strong>Visualizar Matriculados<\/strong>. Ao clicar nessa op\u00e7\u00e3o, o coordenador poder\u00e1 visualizar uma lista com todos os alunos matriculados no curso. Mais tarde retornaremos nesse item.<\/p>\n<p>Al\u00e9m dessas informa\u00e7\u00f5es o coordenador tem acesso a outros indicadores do seu curso. Geralmente, o per\u00edodo de informa\u00e7\u00f5es sobre o indicador \u00e9 de cinco anos, Os indicadores mostrados no aplicativo s\u00e3o a Taxa de Conclus\u00e3o do Curso, a Taxa de Evas\u00e3o, o n\u00famero de matriculados e o n\u00famero de formados.<\/p>\n<p>A Taxa de Conclus\u00e3o est\u00e1 prevista no <a href=\"https:\/\/portal.ufsm.br\/documentos\/download.html?action=componente&amp;download=false&amp;id=488310\" target=\"_blank\" rel=\"noopener\">plano de metas institucional<\/a> e \u00e9 calculada pela rela\u00e7\u00e3o entre o n\u00famero de diplomados pelo n\u00famero de vagas, para aquele curso, em \u201cx\u201d anos atr\u00e1s. Considerando que \u201cx\u201d \u00e9 o per\u00edodo m\u00e9dio previsto de dura\u00e7\u00e3o\u00a0do curso.<\/p>\n<p>A Taxa de Evas\u00e3o do curso \u00e9 calculada pela equa\u00e7\u00e3o proposta pelo Instituto Lobo, considerando os matriculados e ingressantes no ano e os matriculados e concluintes no ano anterior. E = 1 -(M<sub>n<\/sub> &#8211; I<sub>n<\/sub>) \/ (M<sub>(n-1)<\/sub> &#8211; C<sub>(n-1)<\/sub>).<\/p>\t\t\t\t\t\t<\/div>\n\t\t\t\t<\/div>\n\t\t\t\t\t<\/div>\n\t\t<\/div>\n\t\t\t\t<div class=\"elementor-column elementor-col-50 elementor-top-column elementor-element elementor-element-a5e31ea\" data-id=\"a5e31ea\" data-element_type=\"column\">\n\t\t\t<div class=\"elementor-widget-wrap elementor-element-populated\">\n\t\t\t\t\t\t<div class=\"elementor-element elementor-element-d064862 elementor-widget elementor-widget-image\" data-id=\"d064862\" data-element_type=\"widget\" data-widget_type=\"image.default\">\n\t\t\t\t<div class=\"elementor-widget-container\">\n\t\t\t\t\t\t\t\t\t\t\t\t\t<img loading=\"lazy\" decoding=\"async\" width=\"757\" height=\"1600\" src=\"https:\/\/www.ufsm.br\/app\/uploads\/sites\/350\/2022\/04\/UFSM-DIGITAL-TELA-PRINCIPAL.jpeg\" class=\"attachment-full size-full wp-image-1850\" alt=\"\" srcset=\"https:\/\/www.ufsm.br\/app\/uploads\/sites\/350\/2022\/04\/UFSM-DIGITAL-TELA-PRINCIPAL.jpeg 757w, https:\/\/www.ufsm.br\/app\/uploads\/sites\/350\/2022\/04\/UFSM-DIGITAL-TELA-PRINCIPAL-142x300.jpeg 142w, https:\/\/www.ufsm.br\/app\/uploads\/sites\/350\/2022\/04\/UFSM-DIGITAL-TELA-PRINCIPAL-484x1024.jpeg 484w, https:\/\/www.ufsm.br\/app\/uploads\/sites\/350\/2022\/04\/UFSM-DIGITAL-TELA-PRINCIPAL-727x1536.jpeg 727w\" sizes=\"(max-width: 757px) 100vw, 757px\" \/>\t\t\t\t\t\t\t\t\t\t\t\t\t<\/div>\n\t\t\t\t<\/div>\n\t\t\t\t\t<\/div>\n\t\t<\/div>\n\t\t\t\t\t<\/div>\n\t\t<\/section>\n\t\t\t\t<section class=\"elementor-section elementor-top-section elementor-element elementor-element-40c0c37 elementor-section-boxed elementor-section-height-default elementor-section-height-default\" data-id=\"40c0c37\" data-element_type=\"section\">\n\t\t\t\t\t\t<div class=\"elementor-container elementor-column-gap-default\">\n\t\t\t\t\t<div class=\"elementor-column elementor-col-50 elementor-top-column elementor-element elementor-element-19904eb\" data-id=\"19904eb\" data-element_type=\"column\">\n\t\t\t<div class=\"elementor-widget-wrap elementor-element-populated\">\n\t\t\t\t\t\t<div class=\"elementor-element elementor-element-5b1d669 elementor-widget elementor-widget-image\" data-id=\"5b1d669\" data-element_type=\"widget\" data-widget_type=\"image.default\">\n\t\t\t\t<div class=\"elementor-widget-container\">\n\t\t\t\t\t\t\t\t\t\t\t\t\t<img loading=\"lazy\" decoding=\"async\" width=\"540\" height=\"1140\" src=\"https:\/\/www.ufsm.br\/app\/uploads\/sites\/350\/2021\/04\/Matriculados.jpeg\" class=\"attachment-medium_large size-medium_large wp-image-1557\" alt=\"\" srcset=\"https:\/\/www.ufsm.br\/app\/uploads\/sites\/350\/2021\/04\/Matriculados.jpeg 540w, https:\/\/www.ufsm.br\/app\/uploads\/sites\/350\/2021\/04\/Matriculados-142x300.jpeg 142w, https:\/\/www.ufsm.br\/app\/uploads\/sites\/350\/2021\/04\/Matriculados-485x1024.jpeg 485w\" sizes=\"(max-width: 540px) 100vw, 540px\" \/>\t\t\t\t\t\t\t\t\t\t\t\t\t<\/div>\n\t\t\t\t<\/div>\n\t\t\t\t\t<\/div>\n\t\t<\/div>\n\t\t\t\t<div class=\"elementor-column elementor-col-50 elementor-top-column elementor-element elementor-element-096f46a\" data-id=\"096f46a\" data-element_type=\"column\">\n\t\t\t<div class=\"elementor-widget-wrap elementor-element-populated\">\n\t\t\t\t\t\t<div class=\"elementor-element elementor-element-a67df44 elementor-widget elementor-widget-text-editor\" data-id=\"a67df44\" data-element_type=\"widget\" data-widget_type=\"text-editor.default\">\n\t\t\t\t<div class=\"elementor-widget-container\">\n\t\t\t\t\t\t\t<p>Ap\u00f3s a visualiza\u00e7\u00e3o dos dados gerais e de alguns indicadores do curso, o coordenador pode acessar as informa\u00e7\u00f5es referentes a cada aluno matriculado. Para isso, o coordenador pode clicar no bot\u00e3o &#8220;Visualizar Matriculados&#8221;.<\/p>\n<p>Ao clicar no bot\u00e3o\u00a0<span style=\"color: #000000;font-size: 16px\">&#8220;Visualizar Matriculados&#8221;, a interface mostrada ao lado \u00e9 exibida. Nessa interface s\u00e3o listados todos os alunos matriculados no per\u00edodo escolhido. As informa\u00e7\u00f5es mostradas na lista s\u00e3o o nome completo do aluno, o n\u00famero de matr\u00edcula no cursos e para alguns alunos \u00e9 exibido o s\u00edmbolo de\u00a0 ! (ponto de exclama\u00e7\u00e3o). Na imagem foram suprimidas as informa\u00e7\u00f5es de cada aluno.<\/span><\/p>\n<p>O ponto de exclama\u00e7\u00e3o mostrado ao lado do nome do aluno significa que aquele aluno possui um perfil compat\u00edvel com os alunos egressos que abandonaram o curso.\u00a0 Para cada curso um conjunto de v\u00e1rias t\u00e9cnicas s\u00e3o aplicadas para verificar a compatibilidade de cada aluno com esses alunos egressos.\u00a0 Somente os alunos que tiveram perfil compat\u00edvel com os alunos egressos que abandonaram o curso em todas as t\u00e9cnicas aplicadas s\u00e3o assinalados com o s\u00edmbolo de ponto de exclama\u00e7\u00e3o.<span style=\"color: #000000;font-size: 16px\">\u00a0<\/span><\/p>\n<p><span style=\"color: #000000;font-size: 16px\">Na parte superior da interface \u00e9 disponibilizada um filtro de consulta, no qual o coordenador pode informar o nome ou parte do nome do aluno para agilizar a busca pelo estudante.<\/span><\/p>\n<p>\u00a0<\/p>\t\t\t\t\t\t<\/div>\n\t\t\t\t<\/div>\n\t\t\t\t\t<\/div>\n\t\t<\/div>\n\t\t\t\t\t<\/div>\n\t\t<\/section>\n\t\t\t\t<section class=\"elementor-section elementor-top-section elementor-element elementor-element-753c7fe elementor-section-boxed elementor-section-height-default elementor-section-height-default\" data-id=\"753c7fe\" data-element_type=\"section\">\n\t\t\t\t\t\t<div class=\"elementor-container elementor-column-gap-default\">\n\t\t\t\t\t<div class=\"elementor-column elementor-col-50 elementor-top-column elementor-element elementor-element-6e38d94\" data-id=\"6e38d94\" data-element_type=\"column\">\n\t\t\t<div class=\"elementor-widget-wrap elementor-element-populated\">\n\t\t\t\t\t\t<div class=\"elementor-element elementor-element-d085ed7 elementor-widget elementor-widget-text-editor\" data-id=\"d085ed7\" data-element_type=\"widget\" data-widget_type=\"text-editor.default\">\n\t\t\t\t<div class=\"elementor-widget-container\">\n\t\t\t\t\t\t\t<p>Quando um aluno \u00e9 selecionado, uma nova interface \u00e9 mostrada, detalhando as informa\u00e7\u00f5es sobre o aluno. A figura ao lado mostra os dados detalhados para um aluno matriculado.\u00a0<\/p>\n<p>Na parte superior \u00e9 mostrado a fotografia, o nome e a matr\u00edcula do aluno. Se o aluno est\u00e1 no grupo de perfil similar aos alunos que abandonaram o curso, o sinal de exclama\u00e7\u00e3o (!) tamb\u00e9m \u00e9 mostrado. A seguir \u00e9 apresentado o per\u00edodo, ano e semestre, da previs\u00e3o.<\/p>\n<p>Na sequ\u00eancia s\u00e3o exibidas v\u00e1rias categorias de informa\u00e7\u00f5es: informa\u00e7\u00f5es pessoais, informa\u00e7\u00f5es acad\u00eamicas, informa\u00e7\u00f5es socioecon\u00f4micas e resultado dos algoritmos. Al\u00e9m das categorias de informa\u00e7\u00f5es \u00e9 mostrado um resumo dos dados de integraliza\u00e7\u00e3o curricular.<\/p>\n<p>A seguir s\u00e3o apresentadas as informa\u00e7\u00f5es de cada categoria:<\/p>\n<table style=\"width: 100%;border-collapse: collapse;border-style: none\">\n<tbody>\n<tr>\n<td style=\"width: 53.8935%\">\n<ul>\n<li>Informa\u00e7\u00f5es Pessoais\n<ul>\n<li>Idade<\/li>\n<li>Estado Civil<\/li>\n<li>Forma\u00e7\u00e3o do Ensino M\u00e9dio\n<ul>\n<li>P\u00fablica<\/li>\n<li>Privada<\/li>\n<\/ul>\n<\/li>\n<li>Notas do ENEM\n<ul>\n<li>Linguagem<\/li>\n<li>Humanas<\/li>\n<li>Naturais<\/li>\n<li>Matem\u00e1tica<\/li>\n<li>Reda\u00e7\u00e3o<\/li>\n<\/ul>\n<\/li>\n<\/ul>\n<\/li>\n<li>Informa\u00e7\u00f5es socioecon\u00f4micas\n<ul>\n<li>Possui(u) bolsa<\/li>\n<li>Possui(u) bolsa de monitoria<\/li>\n<li>Refei\u00e7\u00f5es no RU<\/li>\n<li>Local de Resid\u00eancia<\/li>\n<\/ul>\n<\/li>\n<\/ul>\n<\/td>\n<td style=\"width: 46.1065%\">\n<ul>\n<li>Informa\u00e7\u00f5es\u00a0 Acad\u00eamicas\n<ul>\n<li>Est\u00e1 no curso desde<\/li>\n<li>Semestre Atual<\/li>\n<li>Situa\u00e7\u00e3o no curso<\/li>\n<li>Desempenho Acad\u00eamico<\/li>\n<li>Dificuldade M\u00e9dia do Estudante<\/li>\n<li>Disciplinas Aprovadas<\/li>\n<li>Disciplinas Reprovadas<\/li>\n<li>Disciplinas Reprovadas por Frequ\u00eancia<\/li>\n<li>Disciplinas com Dispensa<\/li>\n<li>Trancamentos Parciais<\/li>\n<li>Trancamentos Totais<\/li>\n<li>M\u00e9dia de Disciplinas no Per\u00edodo<\/li>\n<li>Retirada de livros no BC<\/li>\n<li>Coeficiente de Rendimento Acad\u00eamico (CRA)<\/li>\n<li>Posi\u00e7\u00e3o no curso<\/li>\n<\/ul>\n<\/li>\n<\/ul>\n<\/td>\n<\/tr>\n<\/tbody>\n<\/table>\n<p>\u00a0<\/p>\t\t\t\t\t\t<\/div>\n\t\t\t\t<\/div>\n\t\t\t\t\t<\/div>\n\t\t<\/div>\n\t\t\t\t<div class=\"elementor-column elementor-col-50 elementor-top-column elementor-element elementor-element-566f325\" data-id=\"566f325\" data-element_type=\"column\">\n\t\t\t<div class=\"elementor-widget-wrap elementor-element-populated\">\n\t\t\t\t\t\t<div class=\"elementor-element elementor-element-4fe45f6 elementor-widget elementor-widget-image\" data-id=\"4fe45f6\" data-element_type=\"widget\" data-widget_type=\"image.default\">\n\t\t\t\t<div class=\"elementor-widget-container\">\n\t\t\t\t\t\t\t\t\t\t\t\t\t<img loading=\"lazy\" decoding=\"async\" width=\"540\" height=\"1140\" src=\"https:\/\/www.ufsm.br\/app\/uploads\/sites\/350\/2022\/06\/integra3.jpg\" class=\"attachment-full size-full wp-image-1908\" alt=\"\" srcset=\"https:\/\/www.ufsm.br\/app\/uploads\/sites\/350\/2022\/06\/integra3.jpg 540w, https:\/\/www.ufsm.br\/app\/uploads\/sites\/350\/2022\/06\/integra3-142x300.jpg 142w, https:\/\/www.ufsm.br\/app\/uploads\/sites\/350\/2022\/06\/integra3-485x1024.jpg 485w\" sizes=\"(max-width: 540px) 100vw, 540px\" \/>\t\t\t\t\t\t\t\t\t\t\t\t\t<\/div>\n\t\t\t\t<\/div>\n\t\t\t\t\t<\/div>\n\t\t<\/div>\n\t\t\t\t\t<\/div>\n\t\t<\/section>\n\t\t\t\t<section class=\"elementor-section elementor-top-section elementor-element elementor-element-0510733 elementor-section-boxed elementor-section-height-default elementor-section-height-default\" data-id=\"0510733\" data-element_type=\"section\">\n\t\t\t\t\t\t<div class=\"elementor-container elementor-column-gap-default\">\n\t\t\t\t\t<div class=\"elementor-column elementor-col-50 elementor-top-column elementor-element elementor-element-6398ca0\" data-id=\"6398ca0\" data-element_type=\"column\">\n\t\t\t<div class=\"elementor-widget-wrap elementor-element-populated\">\n\t\t\t\t\t\t<div class=\"elementor-element elementor-element-d48f46e elementor-widget elementor-widget-image\" data-id=\"d48f46e\" data-element_type=\"widget\" data-widget_type=\"image.default\">\n\t\t\t\t<div class=\"elementor-widget-container\">\n\t\t\t\t\t\t\t\t\t\t\t\t\t<img loading=\"lazy\" decoding=\"async\" width=\"484\" height=\"1024\" src=\"https:\/\/www.ufsm.br\/app\/uploads\/sites\/350\/2022\/06\/INTEGRA2-484x1024.jpg\" class=\"attachment-large size-large wp-image-1907\" alt=\"\" srcset=\"https:\/\/www.ufsm.br\/app\/uploads\/sites\/350\/2022\/06\/INTEGRA2-484x1024.jpg 484w, https:\/\/www.ufsm.br\/app\/uploads\/sites\/350\/2022\/06\/INTEGRA2-142x300.jpg 142w, https:\/\/www.ufsm.br\/app\/uploads\/sites\/350\/2022\/06\/INTEGRA2-727x1536.jpg 727w, https:\/\/www.ufsm.br\/app\/uploads\/sites\/350\/2022\/06\/INTEGRA2.jpg 757w\" sizes=\"(max-width: 484px) 100vw, 484px\" \/>\t\t\t\t\t\t\t\t\t\t\t\t\t<\/div>\n\t\t\t\t<\/div>\n\t\t\t\t\t<\/div>\n\t\t<\/div>\n\t\t\t\t<div class=\"elementor-column elementor-col-50 elementor-top-column elementor-element elementor-element-4cf3105\" data-id=\"4cf3105\" data-element_type=\"column\">\n\t\t\t<div class=\"elementor-widget-wrap elementor-element-populated\">\n\t\t\t\t\t\t<div class=\"elementor-element elementor-element-55a5a11 elementor-widget elementor-widget-text-editor\" data-id=\"55a5a11\" data-element_type=\"widget\" data-widget_type=\"text-editor.default\">\n\t\t\t\t<div class=\"elementor-widget-container\">\n\t\t\t\t\t\t\t<p>Na figura ao lado \u00e9 exibida em detalhes a categoria de Resultado da An\u00e1lise.\u00a0 Nessa categoria s\u00e3o mostradas as t\u00e9cnicas utilizadas para realizar a an\u00e1lise do perfil, o resultado da an\u00e1lise para a t\u00e9cnica utilizada e os atributos (caracter\u00edsticas) que foram levados em considera\u00e7\u00e3o.<\/p>\n<p>A primeira informa\u00e7\u00e3o mostrada \u00e9 a an\u00e1lise anterior. O atributo previs\u00e3o anterior indica quantas vezes, em an\u00e1lises anteriores, aquele estudante foi identificado com potencial risco de abandono.<\/p>\n<p>A seguir, s\u00e3o mostradas as t\u00e9cnicas utilizadas para o curso. No exemplo da Figura ao lado, o algoritmo utilizado foi o CART (\u00c1rvore de Decis\u00e3o) e o resultado da an\u00e1lise <span style=\"color: #339966\"><strong>Regular<\/strong><\/span>. Na sequ\u00eancia s\u00e3o listados os atributos que foram utilizados pelo algoritmo para realizar a an\u00e1lise.<\/p>\n<p>\u00a0<\/p>\n<p>\u00a0<\/p>\n<p>\u00a0<\/p>\t\t\t\t\t\t<\/div>\n\t\t\t\t<\/div>\n\t\t\t\t\t<\/div>\n\t\t<\/div>\n\t\t\t\t\t<\/div>\n\t\t<\/section>\n\t\t\t\t<\/div>\n\t\t","protected":false},"excerpt":{"rendered":"<p>O aplicativo Integra est\u00e1 incorporado junto ao Aplicativo Institucional da UFSM &#8211; UFSM Digital. O aplicativo UFSM Digital \u00e9 para uso dos servidores e alunos da UFSM, permitindo visualizar: hor\u00e1rios de aulas, notas e faltas, card\u00e1pio dos RU, hor\u00e1rios de linhas de \u00f4nibus, saldo atual do RU, empr\u00e9stimos de livros na biblioteca, informa\u00e7\u00f5es sobre o [&hellip;]<\/p>\n","protected":false},"author":195,"featured_media":0,"parent":0,"menu_order":0,"comment_status":"closed","ping_status":"closed","template":"","meta":{"footnotes":""},"categories":[],"tags":[145,143,178,157],"class_list":["post-1463","page","type-page","status-publish","hentry","tag-ensino-superior","tag-evasao","tag-integra","tag-ufsm-digital"],"acf":[],"_links":{"self":[{"href":"https:\/\/www.ufsm.br\/orgaos-suplementares\/cpd\/wp-json\/wp\/v2\/pages\/1463","targetHints":{"allow":["GET"]}}],"collection":[{"href":"https:\/\/www.ufsm.br\/orgaos-suplementares\/cpd\/wp-json\/wp\/v2\/pages"}],"about":[{"href":"https:\/\/www.ufsm.br\/orgaos-suplementares\/cpd\/wp-json\/wp\/v2\/types\/page"}],"author":[{"embeddable":true,"href":"https:\/\/www.ufsm.br\/orgaos-suplementares\/cpd\/wp-json\/wp\/v2\/users\/195"}],"replies":[{"embeddable":true,"href":"https:\/\/www.ufsm.br\/orgaos-suplementares\/cpd\/wp-json\/wp\/v2\/comments?post=1463"}],"version-history":[{"count":0,"href":"https:\/\/www.ufsm.br\/orgaos-suplementares\/cpd\/wp-json\/wp\/v2\/pages\/1463\/revisions"}],"wp:attachment":[{"href":"https:\/\/www.ufsm.br\/orgaos-suplementares\/cpd\/wp-json\/wp\/v2\/media?parent=1463"}],"wp:term":[{"taxonomy":"category","embeddable":true,"href":"https:\/\/www.ufsm.br\/orgaos-suplementares\/cpd\/wp-json\/wp\/v2\/categories?post=1463"},{"taxonomy":"post_tag","embeddable":true,"href":"https:\/\/www.ufsm.br\/orgaos-suplementares\/cpd\/wp-json\/wp\/v2\/tags?post=1463"}],"curies":[{"name":"wp","href":"https:\/\/api.w.org\/{rel}","templated":true}]}}