{"id":158,"date":"2018-05-25T13:23:38","date_gmt":"2018-05-25T16:23:38","guid":{"rendered":"https:\/\/www.ufsm.br\/orgaos-suplementares\/cpd\/?page_id=158"},"modified":"2020-07-17T17:27:24","modified_gmt":"2020-07-17T20:27:24","slug":"analise-e-desenvolvimento-de-sistemas","status":"publish","type":"page","link":"https:\/\/www.ufsm.br\/orgaos-suplementares\/cpd\/analise-e-desenvolvimento-de-sistemas","title":{"rendered":"An\u00e1lise e Desenvolvimento de Sistemas"},"content":{"rendered":"\t\t<div data-elementor-type=\"wp-post\" data-elementor-id=\"158\" class=\"elementor elementor-158\">\n\t\t\t\t\t\t<section class=\"elementor-section elementor-top-section elementor-element elementor-element-225a86f elementor-section-boxed elementor-section-height-default elementor-section-height-default\" data-id=\"225a86f\" data-element_type=\"section\">\n\t\t\t\t\t\t<div class=\"elementor-container elementor-column-gap-default\">\n\t\t\t\t\t<div class=\"elementor-column elementor-col-100 elementor-top-column elementor-element elementor-element-d696b28\" data-id=\"d696b28\" data-element_type=\"column\">\n\t\t\t<div class=\"elementor-widget-wrap elementor-element-populated\">\n\t\t\t\t\t\t<div class=\"elementor-element elementor-element-d877425 elementor-widget elementor-widget-heading\" data-id=\"d877425\" data-element_type=\"widget\" data-widget_type=\"heading.default\">\n\t\t\t\t<div class=\"elementor-widget-container\">\n\t\t\t<h5 class=\"elementor-heading-title elementor-size-default\">O que \u00e9?<\/h5>\t\t<\/div>\n\t\t\t\t<\/div>\n\t\t\t\t<div class=\"elementor-element elementor-element-ac0e04b elementor-widget elementor-widget-text-editor\" data-id=\"ac0e04b\" data-element_type=\"widget\" data-widget_type=\"text-editor.default\">\n\t\t\t\t<div class=\"elementor-widget-container\">\n\t\t\t\t\t\t\t<p style=\"text-align: justify\"><span style=\"font-family: arial, helvetica, sans-serif;font-size: 12pt;color: #003366\">A Divis\u00e3o de An\u00e1lise e Desenvolvimento de Sistemas \u00e9 a unidade de TI respons\u00e1vel pela an\u00e1lise, desenvolvimento, manuten\u00e7\u00e3o e implanta\u00e7\u00e3o do Sistema Institucional da UFSM, denominado SIE &#8211; Sistema de Informa\u00e7\u00f5es para o Ensino.<\/span><\/p>\t\t\t\t\t\t<\/div>\n\t\t\t\t<\/div>\n\t\t\t\t<div class=\"elementor-element elementor-element-c3fece9 elementor-widget elementor-widget-heading\" data-id=\"c3fece9\" data-element_type=\"widget\" data-widget_type=\"heading.default\">\n\t\t\t\t<div class=\"elementor-widget-container\">\n\t\t\t<h5 class=\"elementor-heading-title elementor-size-default\">Sistemas<\/h5>\t\t<\/div>\n\t\t\t\t<\/div>\n\t\t\t\t\t<\/div>\n\t\t<\/div>\n\t\t\t\t\t<\/div>\n\t\t<\/section>\n\t\t\t\t<section class=\"elementor-section elementor-top-section elementor-element elementor-element-05f13ed elementor-section-boxed elementor-section-height-default elementor-section-height-default\" data-id=\"05f13ed\" data-element_type=\"section\">\n\t\t\t\t\t\t<div class=\"elementor-container elementor-column-gap-default\">\n\t\t\t\t\t<div class=\"elementor-column elementor-col-50 elementor-top-column elementor-element elementor-element-908ab79\" data-id=\"908ab79\" data-element_type=\"column\">\n\t\t\t<div class=\"elementor-widget-wrap elementor-element-populated\">\n\t\t\t\t\t\t<div class=\"elementor-element elementor-element-846d549 elementor-widget elementor-widget-toggle\" data-id=\"846d549\" data-element_type=\"widget\" data-widget_type=\"toggle.default\">\n\t\t\t\t<div class=\"elementor-widget-container\">\n\t\t\t\t\t<div class=\"elementor-toggle\">\n\t\t\t\t\t\t\t<div class=\"elementor-toggle-item\">\n\t\t\t\t\t<div id=\"elementor-tab-title-1381\" class=\"elementor-tab-title\" data-tab=\"1\" role=\"button\" aria-controls=\"elementor-tab-content-1381\" aria-expanded=\"false\">\n\t\t\t\t\t\t\t\t\t\t\t\t<span class=\"elementor-toggle-icon elementor-toggle-icon-left\" aria-hidden=\"true\">\n\t\t\t\t\t\t\t\t\t\t\t\t\t\t\t<span class=\"elementor-toggle-icon-closed\"><i class=\"fas fa-caret-right\"><\/i><\/span>\n\t\t\t\t\t\t\t\t<span class=\"elementor-toggle-icon-opened\"><i class=\"elementor-toggle-icon-opened fas fa-caret-up\"><\/i><\/span>\n\t\t\t\t\t\t\t\t\t\t\t\t\t<\/span>\n\t\t\t\t\t\t\t\t\t\t\t\t<a class=\"elementor-toggle-title\" tabindex=\"0\">Entenda o SIE<\/a>\n\t\t\t\t\t<\/div>\n\n\t\t\t\t\t<div id=\"elementor-tab-content-1381\" class=\"elementor-tab-content elementor-clearfix\" data-tab=\"1\" role=\"region\" aria-labelledby=\"elementor-tab-title-1381\"><p style=\"text-align: justify\">O SIE \u00e9 um sistema integrado que abrange v\u00e1rias \u00e1reas e cada \u00e1rea contempla diversos m\u00f3dulos. Possui um sistema de Workflow associado \u00e0 Gest\u00e3o de Documentos, o que possibilita a automa\u00e7\u00e3o dos processos de trabalho na institui\u00e7\u00e3o.\u00a0<\/p><p style=\"text-align: justify\">O SIE \u00e9 largamente utilizado em toda a universidade e opera\u00e7\u00f5es fundamentais dependem do seu uso. Por isso, a manuten\u00e7\u00e3o e a disponibilidade do sistema s\u00e3o essenciais para a institui\u00e7\u00e3o.<\/p><p style=\"text-align: justify\">Atualmente, o SIE contempla mais de 900 aplica\u00e7\u00f5es e 1500 relat\u00f3rios, tamb\u00e9m possui 35 portais na web.\u00a0<\/p><p style=\"text-align: justify\">O SIE est\u00e1 em constante evolu\u00e7\u00e3o e novos sistemas s\u00e3o desenvolvidos em arquitetura de portais para a web.<\/p><p><img fetchpriority=\"high\" decoding=\"async\" class=\"size-full wp-image-160\" src=\"https:\/\/www.ufsm.br\/orgaos-suplementares\/cpd\/wp-content\/uploads\/sites\/350\/2018\/05\/Esfera_Sistemas_Final-01.png\" alt=\"\" width=\"550\" height=\"550\" srcset=\"https:\/\/www.ufsm.br\/app\/uploads\/sites\/350\/2018\/05\/Esfera_Sistemas_Final-01.png 550w, https:\/\/www.ufsm.br\/app\/uploads\/sites\/350\/2018\/05\/Esfera_Sistemas_Final-01-150x150.png 150w, https:\/\/www.ufsm.br\/app\/uploads\/sites\/350\/2018\/05\/Esfera_Sistemas_Final-01-300x300.png 300w\" sizes=\"(max-width: 550px) 100vw, 550px\" \/><\/p><\/div>\n\t\t\t\t<\/div>\n\t\t\t\t\t\t\t<div class=\"elementor-toggle-item\">\n\t\t\t\t\t<div id=\"elementor-tab-title-1382\" class=\"elementor-tab-title\" data-tab=\"2\" role=\"button\" aria-controls=\"elementor-tab-content-1382\" aria-expanded=\"false\">\n\t\t\t\t\t\t\t\t\t\t\t\t<span class=\"elementor-toggle-icon elementor-toggle-icon-left\" aria-hidden=\"true\">\n\t\t\t\t\t\t\t\t\t\t\t\t\t\t\t<span class=\"elementor-toggle-icon-closed\"><i class=\"fas fa-caret-right\"><\/i><\/span>\n\t\t\t\t\t\t\t\t<span class=\"elementor-toggle-icon-opened\"><i class=\"elementor-toggle-icon-opened fas fa-caret-up\"><\/i><\/span>\n\t\t\t\t\t\t\t\t\t\t\t\t\t<\/span>\n\t\t\t\t\t\t\t\t\t\t\t\t<a class=\"elementor-toggle-title\" tabindex=\"0\">Sistema Acad\u00eamico<\/a>\n\t\t\t\t\t<\/div>\n\n\t\t\t\t\t<div id=\"elementor-tab-content-1382\" class=\"elementor-tab-content elementor-clearfix\" data-tab=\"2\" role=\"region\" aria-labelledby=\"elementor-tab-title-1382\"><div>Sistema que realiza todos os processos referentes \u00e0 administra\u00e7\u00e3o do ensino: cadastro de cursos, oferta de disciplinas, processo seletivo, matr\u00edcula dos alunos, lan\u00e7amento de notas, planos de estudo, di\u00e1rio de classe, assist\u00eancia estudantil e todo o controle da vida escolar do aluno.<\/div><div>Permite tamb\u00e9m o registro das produ\u00e7\u00f5es cient\u00edficas da comunidade acad\u00eamica, importa\u00e7\u00e3o do Curr\u00edculo Lattes e um m\u00f3dulo espec\u00edfico para registro e avalia\u00e7\u00e3o de projetos institucionais.<\/div><p><img decoding=\"async\" class=\"aligncenter size-full wp-image-1120\" src=\"https:\/\/www.ufsm.br\/orgaos-suplementares\/cpd\/wp-content\/uploads\/sites\/350\/2019\/07\/01-sistema_academico-01.jpg\" alt=\"\" width=\"1844\" height=\"1038\" \/><\/p><\/div>\n\t\t\t\t<\/div>\n\t\t\t\t\t\t\t<div class=\"elementor-toggle-item\">\n\t\t\t\t\t<div id=\"elementor-tab-title-1383\" class=\"elementor-tab-title\" data-tab=\"3\" role=\"button\" aria-controls=\"elementor-tab-content-1383\" aria-expanded=\"false\">\n\t\t\t\t\t\t\t\t\t\t\t\t<span class=\"elementor-toggle-icon elementor-toggle-icon-left\" aria-hidden=\"true\">\n\t\t\t\t\t\t\t\t\t\t\t\t\t\t\t<span class=\"elementor-toggle-icon-closed\"><i class=\"fas fa-caret-right\"><\/i><\/span>\n\t\t\t\t\t\t\t\t<span class=\"elementor-toggle-icon-opened\"><i class=\"elementor-toggle-icon-opened fas fa-caret-up\"><\/i><\/span>\n\t\t\t\t\t\t\t\t\t\t\t\t\t<\/span>\n\t\t\t\t\t\t\t\t\t\t\t\t<a class=\"elementor-toggle-title\" tabindex=\"0\">Bibliotecas<\/a>\n\t\t\t\t\t<\/div>\n\n\t\t\t\t\t<div id=\"elementor-tab-content-1383\" class=\"elementor-tab-content elementor-clearfix\" data-tab=\"3\" role=\"region\" aria-labelledby=\"elementor-tab-title-1383\"><p style=\"text-align: justify\">Sistema que contempla as funcionalidades necess\u00e1rias para o bom funcionamento de uma biblioteca. Desenvolvido com o padr\u00e3o MARC, possui funcionalidades para aquisi\u00e7\u00e3o, cataloga\u00e7\u00e3o, empr\u00e9stimo, reserva, renova\u00e7\u00e3o, solicita\u00e7\u00e3o de novos materiais e pesquisa ao acervo.<\/p><p><img decoding=\"async\" class=\"wp-image-165 size-full\" src=\"https:\/\/www.ufsm.br\/orgaos-suplementares\/cpd\/wp-content\/uploads\/sites\/350\/2018\/05\/02-biblioteca-02-e1582898755266.jpg\" alt=\"\" width=\"852\" height=\"562\" srcset=\"https:\/\/www.ufsm.br\/app\/uploads\/sites\/350\/2018\/05\/02-biblioteca-02-e1582898755266.jpg 852w, https:\/\/www.ufsm.br\/app\/uploads\/sites\/350\/2018\/05\/02-biblioteca-02-e1582898755266-300x198.jpg 300w, https:\/\/www.ufsm.br\/app\/uploads\/sites\/350\/2018\/05\/02-biblioteca-02-e1582898755266-768x507.jpg 768w\" sizes=\"(max-width: 852px) 100vw, 852px\" \/><\/p><\/div>\n\t\t\t\t<\/div>\n\t\t\t\t\t\t\t<div class=\"elementor-toggle-item\">\n\t\t\t\t\t<div id=\"elementor-tab-title-1384\" class=\"elementor-tab-title\" data-tab=\"4\" role=\"button\" aria-controls=\"elementor-tab-content-1384\" aria-expanded=\"false\">\n\t\t\t\t\t\t\t\t\t\t\t\t<span class=\"elementor-toggle-icon elementor-toggle-icon-left\" aria-hidden=\"true\">\n\t\t\t\t\t\t\t\t\t\t\t\t\t\t\t<span class=\"elementor-toggle-icon-closed\"><i class=\"fas fa-caret-right\"><\/i><\/span>\n\t\t\t\t\t\t\t\t<span class=\"elementor-toggle-icon-opened\"><i class=\"elementor-toggle-icon-opened fas fa-caret-up\"><\/i><\/span>\n\t\t\t\t\t\t\t\t\t\t\t\t\t<\/span>\n\t\t\t\t\t\t\t\t\t\t\t\t<a class=\"elementor-toggle-title\" tabindex=\"0\">Controle Hospitalar<\/a>\n\t\t\t\t\t<\/div>\n\n\t\t\t\t\t<div id=\"elementor-tab-content-1384\" class=\"elementor-tab-content elementor-clearfix\" data-tab=\"4\" role=\"region\" aria-labelledby=\"elementor-tab-title-1384\"><p style=\"text-align: justify\">Sistema utilizado pelo Hospital Universit\u00e1rio de Santa Maria. Atualmente, est\u00e1 sendo substitu\u00eddo pelo Aplicativo de Gest\u00e3o para os Hospitais Universit\u00e1rios (AGHU) desenvolvido pelo MEC. O m\u00f3dulo permite o controle dos agendamentos, atendimentos ambulatoriais, exames ambulatoriais, exames patol\u00f3gicos, interna\u00e7\u00f5es e controle do servi\u00e7o de hemoterapia.\u00a0<\/p><p><img loading=\"lazy\" decoding=\"async\" class=\"size-full wp-image-166\" src=\"https:\/\/www.ufsm.br\/orgaos-suplementares\/cpd\/wp-content\/uploads\/sites\/350\/2018\/05\/05-hospitalar-05-e1582898499302.png\" alt=\"\" width=\"535\" height=\"400\" srcset=\"https:\/\/www.ufsm.br\/app\/uploads\/sites\/350\/2018\/05\/05-hospitalar-05-e1582898499302.png 535w, https:\/\/www.ufsm.br\/app\/uploads\/sites\/350\/2018\/05\/05-hospitalar-05-e1582898499302-300x224.png 300w\" sizes=\"(max-width: 535px) 100vw, 535px\" \/><\/p><\/div>\n\t\t\t\t<\/div>\n\t\t\t\t\t\t\t\t<\/div>\n\t\t\t\t<\/div>\n\t\t\t\t<\/div>\n\t\t\t\t\t<\/div>\n\t\t<\/div>\n\t\t\t\t<div class=\"elementor-column elementor-col-50 elementor-top-column elementor-element elementor-element-aa62007\" data-id=\"aa62007\" data-element_type=\"column\">\n\t\t\t<div class=\"elementor-widget-wrap elementor-element-populated\">\n\t\t\t\t\t\t<div class=\"elementor-element elementor-element-e75807a elementor-widget elementor-widget-toggle\" data-id=\"e75807a\" data-element_type=\"widget\" data-widget_type=\"toggle.default\">\n\t\t\t\t<div class=\"elementor-widget-container\">\n\t\t\t\t\t<div class=\"elementor-toggle\">\n\t\t\t\t\t\t\t<div class=\"elementor-toggle-item\">\n\t\t\t\t\t<div id=\"elementor-tab-title-2421\" class=\"elementor-tab-title\" data-tab=\"1\" role=\"button\" aria-controls=\"elementor-tab-content-2421\" aria-expanded=\"false\">\n\t\t\t\t\t\t\t\t\t\t\t\t<span class=\"elementor-toggle-icon elementor-toggle-icon-left\" aria-hidden=\"true\">\n\t\t\t\t\t\t\t\t\t\t\t\t\t\t\t<span class=\"elementor-toggle-icon-closed\"><i class=\"fas fa-caret-right\"><\/i><\/span>\n\t\t\t\t\t\t\t\t<span class=\"elementor-toggle-icon-opened\"><i class=\"elementor-toggle-icon-opened fas fa-caret-up\"><\/i><\/span>\n\t\t\t\t\t\t\t\t\t\t\t\t\t<\/span>\n\t\t\t\t\t\t\t\t\t\t\t\t<a class=\"elementor-toggle-title\" tabindex=\"0\">Sistema de Gest\u00e3o de Pessoas<\/a>\n\t\t\t\t\t<\/div>\n\n\t\t\t\t\t<div id=\"elementor-tab-content-2421\" class=\"elementor-tab-content elementor-clearfix\" data-tab=\"1\" role=\"region\" aria-labelledby=\"elementor-tab-title-2421\"><p style=\"text-align: justify\">Sistema que abrange v\u00e1rias funcionalidades relacionadas \u00e0 gest\u00e3o de pessoas: gest\u00e3o de cargos, sal\u00e1rios, fun\u00e7\u00f5es, ocorr\u00eancias funcionais, controle de f\u00e9rias, gera\u00e7\u00e3o da folha de pagamento, aux\u00edlio transporte, afastamento de servidores, avalia\u00e7\u00e3o de desempenho, restitui\u00e7\u00e3o de plano de sa\u00fade e ponto eletr\u00f4nico.\u00a0<\/p><p><img loading=\"lazy\" decoding=\"async\" class=\"aligncenter wp-image-167 size-full\" src=\"https:\/\/www.ufsm.br\/orgaos-suplementares\/cpd\/wp-content\/uploads\/sites\/350\/2018\/05\/ge-e1582899496153.jpg\" alt=\"\" width=\"1267\" height=\"746\" srcset=\"https:\/\/www.ufsm.br\/app\/uploads\/sites\/350\/2018\/05\/ge-e1582899496153.jpg 1267w, https:\/\/www.ufsm.br\/app\/uploads\/sites\/350\/2018\/05\/ge-e1582899496153-300x177.jpg 300w, https:\/\/www.ufsm.br\/app\/uploads\/sites\/350\/2018\/05\/ge-e1582899496153-768x452.jpg 768w, https:\/\/www.ufsm.br\/app\/uploads\/sites\/350\/2018\/05\/ge-e1582899496153-1024x603.jpg 1024w\" sizes=\"(max-width: 1267px) 100vw, 1267px\" \/><\/p><p style=\"text-align: justify\">\u00a0<\/p><\/div>\n\t\t\t\t<\/div>\n\t\t\t\t\t\t\t<div class=\"elementor-toggle-item\">\n\t\t\t\t\t<div id=\"elementor-tab-title-2422\" class=\"elementor-tab-title\" data-tab=\"2\" role=\"button\" aria-controls=\"elementor-tab-content-2422\" aria-expanded=\"false\">\n\t\t\t\t\t\t\t\t\t\t\t\t<span class=\"elementor-toggle-icon elementor-toggle-icon-left\" aria-hidden=\"true\">\n\t\t\t\t\t\t\t\t\t\t\t\t\t\t\t<span class=\"elementor-toggle-icon-closed\"><i class=\"fas fa-caret-right\"><\/i><\/span>\n\t\t\t\t\t\t\t\t<span class=\"elementor-toggle-icon-opened\"><i class=\"elementor-toggle-icon-opened fas fa-caret-up\"><\/i><\/span>\n\t\t\t\t\t\t\t\t\t\t\t\t\t<\/span>\n\t\t\t\t\t\t\t\t\t\t\t\t<a class=\"elementor-toggle-title\" tabindex=\"0\">Sistema Administrativo<\/a>\n\t\t\t\t\t<\/div>\n\n\t\t\t\t\t<div id=\"elementor-tab-content-2422\" class=\"elementor-tab-content elementor-clearfix\" data-tab=\"2\" role=\"region\" aria-labelledby=\"elementor-tab-title-2422\"><ul>\n<li>Or\u00e7ament\u00e1rio e Financeiro<\/li>\n<li>Licita\u00e7\u00e3o e Compras<\/li>\n<li>Protocolo<\/li>\n<li>Legisla\u00e7\u00e3o<\/li>\n<li>Ouvidoria<\/li>\n<li>Patrim\u00f4nio<\/li>\n<li>Controle de Estoque<\/li>\n<li>Controle de Frota<\/li>\n<li>Espa\u00e7o F\u00edsico<\/li>\n<li>Plano de Gest\u00e3o<\/li><\/ul><p><img loading=\"lazy\" decoding=\"async\" class=\"aligncenter wp-image-168 size-full\" src=\"https:\/\/www.ufsm.br\/orgaos-suplementares\/cpd\/wp-content\/uploads\/sites\/350\/2018\/05\/adm-e1582899567638.jpg\" alt=\"\" width=\"1275\" height=\"708\" srcset=\"https:\/\/www.ufsm.br\/app\/uploads\/sites\/350\/2018\/05\/adm-e1582899567638.jpg 1275w, https:\/\/www.ufsm.br\/app\/uploads\/sites\/350\/2018\/05\/adm-e1582899567638-300x167.jpg 300w, https:\/\/www.ufsm.br\/app\/uploads\/sites\/350\/2018\/05\/adm-e1582899567638-768x426.jpg 768w, https:\/\/www.ufsm.br\/app\/uploads\/sites\/350\/2018\/05\/adm-e1582899567638-1024x569.jpg 1024w\" sizes=\"(max-width: 1275px) 100vw, 1275px\" \/><\/p><\/div>\n\t\t\t\t<\/div>\n\t\t\t\t\t\t\t<div class=\"elementor-toggle-item\">\n\t\t\t\t\t<div id=\"elementor-tab-title-2423\" class=\"elementor-tab-title\" data-tab=\"3\" role=\"button\" aria-controls=\"elementor-tab-content-2423\" aria-expanded=\"false\">\n\t\t\t\t\t\t\t\t\t\t\t\t<span class=\"elementor-toggle-icon elementor-toggle-icon-left\" aria-hidden=\"true\">\n\t\t\t\t\t\t\t\t\t\t\t\t\t\t\t<span class=\"elementor-toggle-icon-closed\"><i class=\"fas fa-caret-right\"><\/i><\/span>\n\t\t\t\t\t\t\t\t<span class=\"elementor-toggle-icon-opened\"><i class=\"elementor-toggle-icon-opened fas fa-caret-up\"><\/i><\/span>\n\t\t\t\t\t\t\t\t\t\t\t\t\t<\/span>\n\t\t\t\t\t\t\t\t\t\t\t\t<a class=\"elementor-toggle-title\" tabindex=\"0\">Sistema de Gerenciamento e Controle de Acesso (SGCA)\u200b<\/a>\n\t\t\t\t\t<\/div>\n\n\t\t\t\t\t<div id=\"elementor-tab-content-2423\" class=\"elementor-tab-content elementor-clearfix\" data-tab=\"3\" role=\"region\" aria-labelledby=\"elementor-tab-title-2423\"><p style=\"text-align: justify\">Sistema que gerencia usu\u00e1rios, grupos de usu\u00e1rios, aplica\u00e7\u00f5es, autoriza\u00e7\u00f5es e configura\u00e7\u00f5es de acesso aos dados do sistema de acordo com o perfil de cada usu\u00e1rio.<\/p><p><img loading=\"lazy\" decoding=\"async\" class=\"aligncenter wp-image-169 size-full\" src=\"https:\/\/www.ufsm.br\/orgaos-suplementares\/cpd\/wp-content\/uploads\/sites\/350\/2018\/05\/sg-e1582899694946.jpg\" alt=\"\" width=\"911\" height=\"592\" srcset=\"https:\/\/www.ufsm.br\/app\/uploads\/sites\/350\/2018\/05\/sg-e1582899694946.jpg 911w, https:\/\/www.ufsm.br\/app\/uploads\/sites\/350\/2018\/05\/sg-e1582899694946-300x195.jpg 300w, https:\/\/www.ufsm.br\/app\/uploads\/sites\/350\/2018\/05\/sg-e1582899694946-768x499.jpg 768w\" sizes=\"(max-width: 911px) 100vw, 911px\" \/><\/p><\/div>\n\t\t\t\t<\/div>\n\t\t\t\t\t\t\t\t<\/div>\n\t\t\t\t<\/div>\n\t\t\t\t<\/div>\n\t\t\t\t\t<\/div>\n\t\t<\/div>\n\t\t\t\t\t<\/div>\n\t\t<\/section>\n\t\t\t\t<\/div>\n\t\t","protected":false},"excerpt":{"rendered":"<p>O que \u00e9? A Divis\u00e3o de An\u00e1lise e Desenvolvimento de Sistemas \u00e9 a unidade de TI respons\u00e1vel pela an\u00e1lise, desenvolvimento, manuten\u00e7\u00e3o e implanta\u00e7\u00e3o do Sistema Institucional da UFSM, denominado SIE &#8211; Sistema de Informa\u00e7\u00f5es para o Ensino. Sistemas Entenda o SIE O SIE \u00e9 um sistema integrado que abrange v\u00e1rias \u00e1reas e cada \u00e1rea contempla [&hellip;]<\/p>\n","protected":false},"author":101,"featured_media":0,"parent":0,"menu_order":0,"comment_status":"closed","ping_status":"closed","template":"","meta":{"footnotes":""},"categories":[],"tags":[],"class_list":["post-158","page","type-page","status-publish","hentry"],"acf":[],"_links":{"self":[{"href":"https:\/\/www.ufsm.br\/orgaos-suplementares\/cpd\/wp-json\/wp\/v2\/pages\/158","targetHints":{"allow":["GET"]}}],"collection":[{"href":"https:\/\/www.ufsm.br\/orgaos-suplementares\/cpd\/wp-json\/wp\/v2\/pages"}],"about":[{"href":"https:\/\/www.ufsm.br\/orgaos-suplementares\/cpd\/wp-json\/wp\/v2\/types\/page"}],"author":[{"embeddable":true,"href":"https:\/\/www.ufsm.br\/orgaos-suplementares\/cpd\/wp-json\/wp\/v2\/users\/101"}],"replies":[{"embeddable":true,"href":"https:\/\/www.ufsm.br\/orgaos-suplementares\/cpd\/wp-json\/wp\/v2\/comments?post=158"}],"version-history":[{"count":0,"href":"https:\/\/www.ufsm.br\/orgaos-suplementares\/cpd\/wp-json\/wp\/v2\/pages\/158\/revisions"}],"wp:attachment":[{"href":"https:\/\/www.ufsm.br\/orgaos-suplementares\/cpd\/wp-json\/wp\/v2\/media?parent=158"}],"wp:term":[{"taxonomy":"category","embeddable":true,"href":"https:\/\/www.ufsm.br\/orgaos-suplementares\/cpd\/wp-json\/wp\/v2\/categories?post=158"},{"taxonomy":"post_tag","embeddable":true,"href":"https:\/\/www.ufsm.br\/orgaos-suplementares\/cpd\/wp-json\/wp\/v2\/tags?post=158"}],"curies":[{"name":"wp","href":"https:\/\/api.w.org\/{rel}","templated":true}]}}