{"id":38,"date":"2025-09-21T20:22:13","date_gmt":"2025-09-21T23:22:13","guid":{"rendered":"https:\/\/www.ufsm.br\/orgaos-suplementares\/dag\/hubdoc\/?page_id=38"},"modified":"2025-10-17T19:24:20","modified_gmt":"2025-10-17T22:24:20","slug":"quem-somos","status":"publish","type":"page","link":"https:\/\/www.ufsm.br\/orgaos-suplementares\/dag\/hubdoc\/quem-somos","title":{"rendered":"Quem somos?"},"content":{"rendered":"\t\t<div data-elementor-type=\"wp-page\" data-elementor-id=\"38\" class=\"elementor elementor-38\">\n\t\t\t\t\t\t<section class=\"elementor-section elementor-top-section elementor-element elementor-element-2a3a9c4 elementor-section-boxed elementor-section-height-default elementor-section-height-default\" data-id=\"2a3a9c4\" data-element_type=\"section\">\n\t\t\t\t\t\t<div class=\"elementor-container elementor-column-gap-default\">\n\t\t\t\t\t<div class=\"elementor-column elementor-col-100 elementor-top-column elementor-element elementor-element-f728ca4\" data-id=\"f728ca4\" data-element_type=\"column\">\n\t\t\t<div class=\"elementor-widget-wrap elementor-element-populated\">\n\t\t\t\t\t\t<div class=\"elementor-element elementor-element-d7b987b elementor-widget elementor-widget-text-editor\" data-id=\"d7b987b\" data-element_type=\"widget\" data-widget_type=\"text-editor.default\">\n\t\t\t\t<div class=\"elementor-widget-container\">\n\t\t\t\t\t\t\t<p><span style=\"font-weight: 400\">O Hub.Doc nasceu na Universidade Federal de Santa Maria (UFSM), no ano de 2024, por ocasi\u00e3o de um dos maiores desastres naturais que afetou o Estado do Rio Grande do Sul. Na \u00e9poca, um expressivo volume de chuvas fez com que 96% dos munic\u00edpios do Estado fossem atingidos por inunda\u00e7\u00f5es quedas de barreiras e\/ou deslizamentos de terra.<\/span><\/p><p><span style=\"font-weight: 400\">Na UFSM, 12 mil caixas de documentos hist\u00f3ricos foram totalmente submersos pelas enchentes. Em todo o Estado do Rio Grande do Sul mais de 100 arquivos p\u00fablicos foram atingidos, aproximadamente 238 mil caixas de documentos. Diante desse cen\u00e1rio, a UFSM, por meio do Departamento de Arquivo Geral (DAG) criou o Transdoc &#8211; espa\u00e7o transdisciplinar de pesquisas e pr\u00e1ticas em restaura\u00e7\u00e3o, digitaliza\u00e7\u00e3o, preserva\u00e7\u00e3o e difus\u00e3o do patrim\u00f4nio documental. Com recursos do Minist\u00e9rio da Educa\u00e7\u00e3o, Minist\u00e9rio da Gest\u00e3o e da Inova\u00e7\u00e3o em Servi\u00e7os P\u00fablicos (MGI) e Minist\u00e9rio da Ci\u00eancia, Tecnologia e Inova\u00e7\u00e3o (MCTI), montou-se a primeira estrutura no Brasil dedicada \u00e0 recupera\u00e7\u00e3o emergencial de grandes volumes documentais atingidos por enchentes.<\/span><\/p><p><span style=\"font-weight: 400\">Aos poucos, o Transdoc foi evoluindo com o aporte de novos financiadores. A reuni\u00e3o de especialistas de diversas \u00e1reas como Arquivologia, Qu\u00edmica, Farm\u00e1cia, Engenharias, Biologia, Tecnologia da Informa\u00e7\u00e3o, Tecnologia dos Alimentos e Comunica\u00e7\u00e3o Social, possibilitou o desenvolvimento de novas solu\u00e7\u00f5es para recupera\u00e7\u00e3o documental em larga escala, como congelamento, desinfec\u00e7\u00e3o e secagem controlada. Al\u00e9m disso, novas pesquisas em rela\u00e7\u00e3o \u00e0 gest\u00e3o de documentos, preserva\u00e7\u00e3o de mem\u00f3ria, garantia de direitos e comunica\u00e7\u00e3o de risco passaram a ser produzidas.<\/span><\/p><p><span style=\"font-weight: 400\">O que come\u00e7ou como uma iniciativa de resposta ao desastre natural de 2024, se tornou um legado de conhecimento, inova\u00e7\u00e3o e colabora\u00e7\u00e3o, materializado no Hub.Doc, conceito criado no ano de 2025. Somos uma iniciativa que re\u00fane especialistas de diversas \u00e1reas, sob coordena\u00e7\u00e3o da UFSM, participa\u00e7\u00e3o da Universidade Federal do Rio Grande do Sul (UFRGS) e do Instituto Federal do Rio Grande do Sul (IFRS) e orienta\u00e7\u00e3o t\u00e9cnica do Arquivo Nacional.<\/span><\/p>\t\t\t\t\t\t<\/div>\n\t\t\t\t<\/div>\n\t\t\t\t\t<\/div>\n\t\t<\/div>\n\t\t\t\t\t<\/div>\n\t\t<\/section>\n\t\t\t\t<\/div>\n\t\t","protected":false},"excerpt":{"rendered":"<p>O Hub.Doc nasceu na Universidade Federal de Santa Maria (UFSM), no ano de 2024, por ocasi\u00e3o de um dos maiores desastres naturais que afetou o Estado do Rio Grande do Sul. Na \u00e9poca, um expressivo volume de chuvas fez com que 96% dos munic\u00edpios do Estado fossem atingidos por inunda\u00e7\u00f5es quedas de barreiras e\/ou deslizamentos [&hellip;]<\/p>\n","protected":false},"author":8167,"featured_media":0,"parent":0,"menu_order":0,"comment_status":"closed","ping_status":"closed","template":"","meta":{"footnotes":""},"categories":[],"tags":[],"class_list":["post-38","page","type-page","status-publish","hentry"],"acf":[],"_links":{"self":[{"href":"https:\/\/www.ufsm.br\/orgaos-suplementares\/dag\/hubdoc\/wp-json\/wp\/v2\/pages\/38","targetHints":{"allow":["GET"]}}],"collection":[{"href":"https:\/\/www.ufsm.br\/orgaos-suplementares\/dag\/hubdoc\/wp-json\/wp\/v2\/pages"}],"about":[{"href":"https:\/\/www.ufsm.br\/orgaos-suplementares\/dag\/hubdoc\/wp-json\/wp\/v2\/types\/page"}],"author":[{"embeddable":true,"href":"https:\/\/www.ufsm.br\/orgaos-suplementares\/dag\/hubdoc\/wp-json\/wp\/v2\/users\/8167"}],"replies":[{"embeddable":true,"href":"https:\/\/www.ufsm.br\/orgaos-suplementares\/dag\/hubdoc\/wp-json\/wp\/v2\/comments?post=38"}],"version-history":[{"count":0,"href":"https:\/\/www.ufsm.br\/orgaos-suplementares\/dag\/hubdoc\/wp-json\/wp\/v2\/pages\/38\/revisions"}],"wp:attachment":[{"href":"https:\/\/www.ufsm.br\/orgaos-suplementares\/dag\/hubdoc\/wp-json\/wp\/v2\/media?parent=38"}],"wp:term":[{"taxonomy":"category","embeddable":true,"href":"https:\/\/www.ufsm.br\/orgaos-suplementares\/dag\/hubdoc\/wp-json\/wp\/v2\/categories?post=38"},{"taxonomy":"post_tag","embeddable":true,"href":"https:\/\/www.ufsm.br\/orgaos-suplementares\/dag\/hubdoc\/wp-json\/wp\/v2\/tags?post=38"}],"curies":[{"name":"wp","href":"https:\/\/api.w.org\/{rel}","templated":true}]}}