{"id":47,"date":"2025-09-21T20:38:42","date_gmt":"2025-09-21T23:38:42","guid":{"rendered":"https:\/\/www.ufsm.br\/orgaos-suplementares\/dag\/hubdoc\/?page_id=47"},"modified":"2026-01-29T12:49:15","modified_gmt":"2026-01-29T15:49:15","slug":"linha-do-tempo","status":"publish","type":"page","link":"https:\/\/www.ufsm.br\/orgaos-suplementares\/dag\/hubdoc\/linha-do-tempo","title":{"rendered":"Linha do Tempo"},"content":{"rendered":"\t\t<div data-elementor-type=\"wp-page\" data-elementor-id=\"47\" class=\"elementor elementor-47\">\n\t\t\t\t\t\t<section class=\"elementor-section elementor-top-section elementor-element elementor-element-09fff37 elementor-section-boxed elementor-section-height-default elementor-section-height-default\" data-id=\"09fff37\" data-element_type=\"section\">\n\t\t\t\t\t\t<div class=\"elementor-container elementor-column-gap-default\">\n\t\t\t\t\t<div class=\"elementor-column elementor-col-50 elementor-top-column elementor-element elementor-element-2f85740\" data-id=\"2f85740\" data-element_type=\"column\">\n\t\t\t<div class=\"elementor-widget-wrap elementor-element-populated\">\n\t\t\t\t\t\t<div class=\"elementor-element elementor-element-b5f360b elementor-widget elementor-widget-image\" data-id=\"b5f360b\" data-element_type=\"widget\" data-widget_type=\"image.default\">\n\t\t\t\t<div class=\"elementor-widget-container\">\n\t\t\t\t\t\t\t\t\t\t\t\t\t<img decoding=\"async\" src=\"https:\/\/www.ufsm.br\/app\/uploads\/sites\/976\/elementor\/thumbs\/20240506_150803-768x576-1-rd2pdl5qcv52dn6xmi196jva9ichc870jwyj7xugqs.jpeg\" title=\"20240506_150803-768&#215;576\" alt=\"20240506_150803-768x576\" loading=\"lazy\" \/>\t\t\t\t\t\t\t\t\t\t\t\t\t<\/div>\n\t\t\t\t<\/div>\n\t\t\t\t\t<\/div>\n\t\t<\/div>\n\t\t\t\t<div class=\"elementor-column elementor-col-50 elementor-top-column elementor-element elementor-element-8d88fef\" data-id=\"8d88fef\" data-element_type=\"column\">\n\t\t\t<div class=\"elementor-widget-wrap elementor-element-populated\">\n\t\t\t\t\t\t<div class=\"elementor-element elementor-element-c8ea5b8 elementor-widget elementor-widget-heading\" data-id=\"c8ea5b8\" data-element_type=\"widget\" data-widget_type=\"heading.default\">\n\t\t\t\t<div class=\"elementor-widget-container\">\n\t\t\t<h2 class=\"elementor-heading-title elementor-size-default\"><br>ABRIL DE 2024<\/h2>\t\t<\/div>\n\t\t\t\t<\/div>\n\t\t\t\t<div class=\"elementor-element elementor-element-4e4a561 elementor-widget elementor-widget-heading\" data-id=\"4e4a561\" data-element_type=\"widget\" data-widget_type=\"heading.default\">\n\t\t\t\t<div class=\"elementor-widget-container\">\n\t\t\t<h4 class=\"elementor-heading-title elementor-size-default\">Subsolo da Reitoria alagado<\/h4>\t\t<\/div>\n\t\t\t\t<\/div>\n\t\t\t\t<div class=\"elementor-element elementor-element-1f3d4d7 elementor-widget elementor-widget-text-editor\" data-id=\"1f3d4d7\" data-element_type=\"widget\" data-widget_type=\"text-editor.default\">\n\t\t\t\t<div class=\"elementor-widget-container\">\n\t\t\t\t\t\t\t<h6 style=\"text-align: left\"><span style=\"color: #1c1c1c;font-size: 16px;text-align: right\">\u00a0<\/span><\/h6><h6 style=\"text-align: left\"><span style=\"color: #1c1c1c;font-size: 16px;text-align: right\">No dia 30 de abril de 2024, o subsolo do pr\u00e9dio da Reitoria da UFSM foi inundado pelas chuvas que assolaram o Rio Grande do Sul. A partir daquele momento, 80%\u00a0 do acervo arquiv\u00edstico da Universidade ficou submerso por certa de 9 horas. Naquele mesmo dia, uma grande opera\u00e7\u00e3o conjunta entre servidores, terceirizados e militares foi realizada para retirar os documentos do local.\u00a0<\/span><\/h6>\t\t\t\t\t\t<\/div>\n\t\t\t\t<\/div>\n\t\t\t\t\t<\/div>\n\t\t<\/div>\n\t\t\t\t\t<\/div>\n\t\t<\/section>\n\t\t\t\t<section class=\"elementor-section elementor-top-section elementor-element elementor-element-8832c06 elementor-section-boxed elementor-section-height-default elementor-section-height-default\" data-id=\"8832c06\" data-element_type=\"section\">\n\t\t\t\t\t\t<div class=\"elementor-container elementor-column-gap-default\">\n\t\t\t\t\t<div class=\"elementor-column elementor-col-50 elementor-top-column elementor-element elementor-element-1863e30\" data-id=\"1863e30\" data-element_type=\"column\">\n\t\t\t<div class=\"elementor-widget-wrap elementor-element-populated\">\n\t\t\t\t\t\t<div class=\"elementor-element elementor-element-82a3d8b elementor-widget elementor-widget-image\" data-id=\"82a3d8b\" data-element_type=\"widget\" data-widget_type=\"image.default\">\n\t\t\t\t<div class=\"elementor-widget-container\">\n\t\t\t\t\t\t\t\t\t\t\t\t\t<img decoding=\"async\" src=\"https:\/\/www.ufsm.br\/app\/uploads\/sites\/976\/elementor\/thumbs\/imembui-rd2pcvs38c6bo67sqp2bt89u83tkkee9gfcf9gw3es.jpg\" title=\"imembui\" alt=\"imembui\" loading=\"lazy\" \/>\t\t\t\t\t\t\t\t\t\t\t\t\t<\/div>\n\t\t\t\t<\/div>\n\t\t\t\t\t<\/div>\n\t\t<\/div>\n\t\t\t\t<div class=\"elementor-column elementor-col-50 elementor-top-column elementor-element elementor-element-76a1cd2\" data-id=\"76a1cd2\" data-element_type=\"column\">\n\t\t\t<div class=\"elementor-widget-wrap elementor-element-populated\">\n\t\t\t\t\t\t<div class=\"elementor-element elementor-element-4a79e1b elementor-widget elementor-widget-heading\" data-id=\"4a79e1b\" data-element_type=\"widget\" data-widget_type=\"heading.default\">\n\t\t\t\t<div class=\"elementor-widget-container\">\n\t\t\t<h2 class=\"elementor-heading-title elementor-size-default\"><br>MAIO DE 2024<\/h2>\t\t<\/div>\n\t\t\t\t<\/div>\n\t\t\t\t<div class=\"elementor-element elementor-element-f7aaa35 elementor-widget elementor-widget-heading\" data-id=\"f7aaa35\" data-element_type=\"widget\" data-widget_type=\"heading.default\">\n\t\t\t\t<div class=\"elementor-widget-container\">\n\t\t\t<h4 class=\"elementor-heading-title elementor-size-default\">Acervo levado ao Sal\u00e3o Imembu\u00ed<\/h4>\t\t<\/div>\n\t\t\t\t<\/div>\n\t\t\t\t<div class=\"elementor-element elementor-element-ade4adf elementor-widget elementor-widget-text-editor\" data-id=\"ade4adf\" data-element_type=\"widget\" data-widget_type=\"text-editor.default\">\n\t\t\t\t<div class=\"elementor-widget-container\">\n\t\t\t\t\t\t\t<h6 style=\"text-align: left\">\u00a0<\/h6><h6 style=\"text-align: left\">Inicialmente, as caixas foram levadas ao Sal\u00e3o Imembu\u00ed da UFSM, localizado no segundo andar do pr\u00e9dio da Reitoria. A equipe do Departamento de Arquivo Geral da UFSM iniciou o contato com o Arquivo Nacional para verificar as poss\u00edveis alternativas diante da crise.\u00a0<\/h6>\t\t\t\t\t\t<\/div>\n\t\t\t\t<\/div>\n\t\t\t\t\t<\/div>\n\t\t<\/div>\n\t\t\t\t\t<\/div>\n\t\t<\/section>\n\t\t\t\t<section class=\"elementor-section elementor-top-section elementor-element elementor-element-0112758 elementor-section-boxed elementor-section-height-default elementor-section-height-default\" data-id=\"0112758\" data-element_type=\"section\">\n\t\t\t\t\t\t<div class=\"elementor-container elementor-column-gap-default\">\n\t\t\t\t\t<div class=\"elementor-column elementor-col-50 elementor-top-column elementor-element elementor-element-6bd9d08\" data-id=\"6bd9d08\" data-element_type=\"column\">\n\t\t\t<div class=\"elementor-widget-wrap elementor-element-populated\">\n\t\t\t\t\t\t<div class=\"elementor-element elementor-element-f2ca7a1 elementor-widget elementor-widget-image\" data-id=\"f2ca7a1\" data-element_type=\"widget\" data-widget_type=\"image.default\">\n\t\t\t\t<div class=\"elementor-widget-container\">\n\t\t\t\t\t\t\t\t\t\t\t\t\t<img decoding=\"async\" src=\"https:\/\/www.ufsm.br\/app\/uploads\/sites\/976\/elementor\/thumbs\/cc-rd2p103iupwuxlh14272sq73xsdka48e5mihwki81w.jpeg\" title=\"cc\" alt=\"cc\" loading=\"lazy\" \/>\t\t\t\t\t\t\t\t\t\t\t\t\t<\/div>\n\t\t\t\t<\/div>\n\t\t\t\t\t<\/div>\n\t\t<\/div>\n\t\t\t\t<div class=\"elementor-column elementor-col-50 elementor-top-column elementor-element elementor-element-bd2cb5b\" data-id=\"bd2cb5b\" data-element_type=\"column\">\n\t\t\t<div class=\"elementor-widget-wrap elementor-element-populated\">\n\t\t\t\t\t\t<div class=\"elementor-element elementor-element-5ae4739 elementor-widget elementor-widget-heading\" data-id=\"5ae4739\" data-element_type=\"widget\" data-widget_type=\"heading.default\">\n\t\t\t\t<div class=\"elementor-widget-container\">\n\t\t\t<h2 class=\"elementor-heading-title elementor-size-default\"><br>MAIO DE 2024<\/h2>\t\t<\/div>\n\t\t\t\t<\/div>\n\t\t\t\t<div class=\"elementor-element elementor-element-97d2d0b elementor-widget elementor-widget-heading\" data-id=\"97d2d0b\" data-element_type=\"widget\" data-widget_type=\"heading.default\">\n\t\t\t\t<div class=\"elementor-widget-container\">\n\t\t\t<h4 class=\"elementor-heading-title elementor-size-default\">In\u00edcio da opera\u00e7\u00e3o de congelamento<\/h4>\t\t<\/div>\n\t\t\t\t<\/div>\n\t\t\t\t<div class=\"elementor-element elementor-element-44421a1 elementor-widget elementor-widget-text-editor\" data-id=\"44421a1\" data-element_type=\"widget\" data-widget_type=\"text-editor.default\">\n\t\t\t\t<div class=\"elementor-widget-container\">\n\t\t\t\t\t\t\t<h6 style=\"text-align: left\">\u00a0<\/h6><h6 style=\"text-align: left\">Devido a falta de espa\u00e7o no Sal\u00e3o, os arquivos foram levados ao Centro de Conven\u00e7\u00f5es da UFSM. Ao mesmo tempo, a Universidade iniciou tratativas para realizar o que seria uma das maiores opera\u00e7\u00f5es de congelamento de arquivos do mundo. Na \u00e9poca, os envolvidos come\u00e7aram o congelamento dos arquivos em freezers e containers de laborat\u00f3rios e institui\u00e7\u00f5es parceiras.<\/h6>\t\t\t\t\t\t<\/div>\n\t\t\t\t<\/div>\n\t\t\t\t\t<\/div>\n\t\t<\/div>\n\t\t\t\t\t<\/div>\n\t\t<\/section>\n\t\t\t\t<section class=\"elementor-section elementor-top-section elementor-element elementor-element-3ced7c1 elementor-section-boxed elementor-section-height-default elementor-section-height-default\" data-id=\"3ced7c1\" data-element_type=\"section\">\n\t\t\t\t\t\t<div class=\"elementor-container elementor-column-gap-default\">\n\t\t\t\t\t<div class=\"elementor-column elementor-col-50 elementor-top-column elementor-element elementor-element-2ecf2ba\" data-id=\"2ecf2ba\" data-element_type=\"column\">\n\t\t\t<div class=\"elementor-widget-wrap elementor-element-populated\">\n\t\t\t\t\t\t<div class=\"elementor-element elementor-element-4635bea elementor-widget elementor-widget-image\" data-id=\"4635bea\" data-element_type=\"widget\" data-widget_type=\"image.default\">\n\t\t\t\t<div class=\"elementor-widget-container\">\n\t\t\t\t\t\t\t\t\t\t\t\t\t<img decoding=\"async\" src=\"https:\/\/www.ufsm.br\/app\/uploads\/sites\/976\/elementor\/thumbs\/container-rd2pp2qpvyv8a2i6jgt3nni3n1pzf1swss06dot8p0.jpg\" title=\"container\" alt=\"container\" loading=\"lazy\" \/>\t\t\t\t\t\t\t\t\t\t\t\t\t<\/div>\n\t\t\t\t<\/div>\n\t\t\t\t\t<\/div>\n\t\t<\/div>\n\t\t\t\t<div class=\"elementor-column elementor-col-50 elementor-top-column elementor-element elementor-element-5f0a726\" data-id=\"5f0a726\" data-element_type=\"column\">\n\t\t\t<div class=\"elementor-widget-wrap elementor-element-populated\">\n\t\t\t\t\t\t<div class=\"elementor-element elementor-element-621c2ef elementor-widget elementor-widget-heading\" data-id=\"621c2ef\" data-element_type=\"widget\" data-widget_type=\"heading.default\">\n\t\t\t\t<div class=\"elementor-widget-container\">\n\t\t\t<h2 class=\"elementor-heading-title elementor-size-default\"><br>MAIO DE 2024<\/h2>\t\t<\/div>\n\t\t\t\t<\/div>\n\t\t\t\t<div class=\"elementor-element elementor-element-5f342ed elementor-widget elementor-widget-heading\" data-id=\"5f342ed\" data-element_type=\"widget\" data-widget_type=\"heading.default\">\n\t\t\t\t<div class=\"elementor-widget-container\">\n\t\t\t<h4 class=\"elementor-heading-title elementor-size-default\">Primeiros containers chegam na UFSM<\/h4>\t\t<\/div>\n\t\t\t\t<\/div>\n\t\t\t\t<div class=\"elementor-element elementor-element-494ef8e elementor-widget elementor-widget-text-editor\" data-id=\"494ef8e\" data-element_type=\"widget\" data-widget_type=\"text-editor.default\">\n\t\t\t\t<div class=\"elementor-widget-container\">\n\t\t\t\t\t\t\t<h6>\u00a0<\/h6><h6>Junto ao Arquivo Nacional, o Departamento de Arquivo Geral da UFSM lan\u00e7ou guias com t\u00e9cnicas emergenciais de recupera\u00e7\u00e3o de arquivos, tendo em vista que diversos acervos foram afetados no estado. Al\u00e9m disso, os primeiros containers de congelamento de arquivos foram ativados no Campus Sede.<\/h6>\t\t\t\t\t\t<\/div>\n\t\t\t\t<\/div>\n\t\t\t\t\t<\/div>\n\t\t<\/div>\n\t\t\t\t\t<\/div>\n\t\t<\/section>\n\t\t\t\t<section class=\"elementor-section elementor-top-section elementor-element elementor-element-ed26a0d elementor-section-boxed elementor-section-height-default elementor-section-height-default\" data-id=\"ed26a0d\" data-element_type=\"section\">\n\t\t\t\t\t\t<div class=\"elementor-container elementor-column-gap-default\">\n\t\t\t\t\t<div class=\"elementor-column elementor-col-50 elementor-top-column elementor-element elementor-element-6eb817a\" data-id=\"6eb817a\" data-element_type=\"column\">\n\t\t\t<div class=\"elementor-widget-wrap elementor-element-populated\">\n\t\t\t\t\t\t<div class=\"elementor-element elementor-element-7b9335f elementor-widget elementor-widget-image\" data-id=\"7b9335f\" data-element_type=\"widget\" data-widget_type=\"image.default\">\n\t\t\t\t<div class=\"elementor-widget-container\">\n\t\t\t\t\t\t\t\t\t\t\t\t\t<img decoding=\"async\" src=\"https:\/\/www.ufsm.br\/app\/uploads\/sites\/976\/elementor\/thumbs\/2025.04.22-restauracao-de-documentos-Paulo-Barauna-01-768x512-1-rc3qxq3acnkfnrkxd5neabntt1bjxpzyum26x0c2tg.jpg\" title=\"2025.04.22-restauracao-de-documentos-Paulo-Barauna-01-768&#215;512\" alt=\"2025.04.22-restauracao-de-documentos-Paulo-Barauna-01-768x512\" loading=\"lazy\" \/>\t\t\t\t\t\t\t\t\t\t\t\t\t<\/div>\n\t\t\t\t<\/div>\n\t\t\t\t\t<\/div>\n\t\t<\/div>\n\t\t\t\t<div class=\"elementor-column elementor-col-50 elementor-top-column elementor-element elementor-element-b10a674\" data-id=\"b10a674\" data-element_type=\"column\">\n\t\t\t<div class=\"elementor-widget-wrap elementor-element-populated\">\n\t\t\t\t\t\t<div class=\"elementor-element elementor-element-24b381d elementor-widget elementor-widget-heading\" data-id=\"24b381d\" data-element_type=\"widget\" data-widget_type=\"heading.default\">\n\t\t\t\t<div class=\"elementor-widget-container\">\n\t\t\t<h2 class=\"elementor-heading-title elementor-size-default\"><br>AGOSTO DE 2024<\/h2>\t\t<\/div>\n\t\t\t\t<\/div>\n\t\t\t\t<div class=\"elementor-element elementor-element-c590f69 elementor-widget elementor-widget-heading\" data-id=\"c590f69\" data-element_type=\"widget\" data-widget_type=\"heading.default\">\n\t\t\t\t<div class=\"elementor-widget-container\">\n\t\t\t<h4 class=\"elementor-heading-title elementor-size-default\">Opera\u00e7\u00e3o ocupa Espa\u00e7o Multiuso<\/h4>\t\t<\/div>\n\t\t\t\t<\/div>\n\t\t\t\t<div class=\"elementor-element elementor-element-5965f59 elementor-widget elementor-widget-text-editor\" data-id=\"5965f59\" data-element_type=\"widget\" data-widget_type=\"text-editor.default\">\n\t\t\t\t<div class=\"elementor-widget-container\">\n\t\t\t\t\t\t\t<h6>\u00a0<\/h6><h6>Com 90% dos arquivos congelados, a opera\u00e7\u00e3o de recupera\u00e7\u00e3o passou a ocupar o Espa\u00e7o Multiuso da UFSM, local que ser\u00e1 utilizado durante aproximadamente 5 anos, tempo estimado para a recupera\u00e7\u00e3o total do acervo da Universidade.<\/h6>\t\t\t\t\t\t<\/div>\n\t\t\t\t<\/div>\n\t\t\t\t\t<\/div>\n\t\t<\/div>\n\t\t\t\t\t<\/div>\n\t\t<\/section>\n\t\t\t\t<section class=\"elementor-section elementor-top-section elementor-element elementor-element-da09637 elementor-section-boxed elementor-section-height-default elementor-section-height-default\" data-id=\"da09637\" data-element_type=\"section\">\n\t\t\t\t\t\t<div class=\"elementor-container elementor-column-gap-default\">\n\t\t\t\t\t<div class=\"elementor-column elementor-col-50 elementor-top-column elementor-element elementor-element-9abf4f3\" data-id=\"9abf4f3\" data-element_type=\"column\">\n\t\t\t<div class=\"elementor-widget-wrap elementor-element-populated\">\n\t\t\t\t\t\t<div class=\"elementor-element elementor-element-e1e1474 elementor-widget elementor-widget-image\" data-id=\"e1e1474\" data-element_type=\"widget\" data-widget_type=\"image.default\">\n\t\t\t\t<div class=\"elementor-widget-container\">\n\t\t\t\t\t\t\t\t\t\t\t\t\t<img decoding=\"async\" src=\"https:\/\/www.ufsm.br\/app\/uploads\/sites\/976\/elementor\/thumbs\/IC3A8728-rd2puuh1ucrljw4fuglngp2yx7a3o5pl9c6hfu98hw.jpg\" title=\"IC3A8728\" alt=\"IC3A8728\" loading=\"lazy\" \/>\t\t\t\t\t\t\t\t\t\t\t\t\t<\/div>\n\t\t\t\t<\/div>\n\t\t\t\t\t<\/div>\n\t\t<\/div>\n\t\t\t\t<div class=\"elementor-column elementor-col-50 elementor-top-column elementor-element elementor-element-eb86eb2\" data-id=\"eb86eb2\" data-element_type=\"column\">\n\t\t\t<div class=\"elementor-widget-wrap elementor-element-populated\">\n\t\t\t\t\t\t<div class=\"elementor-element elementor-element-97f93b3 elementor-widget elementor-widget-heading\" data-id=\"97f93b3\" data-element_type=\"widget\" data-widget_type=\"heading.default\">\n\t\t\t\t<div class=\"elementor-widget-container\">\n\t\t\t<h2 class=\"elementor-heading-title elementor-size-default\"><br>AGOSTO DE 2024<\/h2>\t\t<\/div>\n\t\t\t\t<\/div>\n\t\t\t\t<div class=\"elementor-element elementor-element-f27e918 elementor-widget elementor-widget-heading\" data-id=\"f27e918\" data-element_type=\"widget\" data-widget_type=\"heading.default\">\n\t\t\t\t<div class=\"elementor-widget-container\">\n\t\t\t<h4 class=\"elementor-heading-title elementor-size-default\">Espa\u00e7o TransDoc \u00e9 criado<\/h4>\t\t<\/div>\n\t\t\t\t<\/div>\n\t\t\t\t<div class=\"elementor-element elementor-element-957c85d elementor-widget elementor-widget-text-editor\" data-id=\"957c85d\" data-element_type=\"widget\" data-widget_type=\"text-editor.default\">\n\t\t\t\t<div class=\"elementor-widget-container\">\n\t\t\t\t\t\t\t<h6>\u00a0<\/h6><h6>Estudantes, servidores e terceirizados passaram a compor o trabalho de recupera\u00e7\u00e3o. Paralelo a isso, o\u00a0<span style=\"color: #000000;font-size: 16px\">Espa\u00e7o Transdisciplinar de Estudos e Pesquisas (TransDoc) foi criado.\u00a0<\/span><\/h6>\t\t\t\t\t\t<\/div>\n\t\t\t\t<\/div>\n\t\t\t\t\t<\/div>\n\t\t<\/div>\n\t\t\t\t\t<\/div>\n\t\t<\/section>\n\t\t\t\t<section class=\"elementor-section elementor-top-section elementor-element elementor-element-5b1f658 elementor-section-boxed elementor-section-height-default elementor-section-height-default\" data-id=\"5b1f658\" data-element_type=\"section\">\n\t\t\t\t\t\t<div class=\"elementor-container elementor-column-gap-default\">\n\t\t\t\t\t<div class=\"elementor-column elementor-col-50 elementor-top-column elementor-element elementor-element-6826c6e\" data-id=\"6826c6e\" data-element_type=\"column\">\n\t\t\t<div class=\"elementor-widget-wrap elementor-element-populated\">\n\t\t\t\t\t\t<div class=\"elementor-element elementor-element-5a4ef8d elementor-widget elementor-widget-image\" data-id=\"5a4ef8d\" data-element_type=\"widget\" data-widget_type=\"image.default\">\n\t\t\t\t<div class=\"elementor-widget-container\">\n\t\t\t\t\t\t\t\t\t\t\t\t\t<img decoding=\"async\" src=\"https:\/\/www.ufsm.br\/app\/uploads\/sites\/976\/elementor\/thumbs\/acervo-d-eporto-alegre-rd2qdxl2m8w7auede7lxldox5v7eywhdjt2f93yg5g.jpg\" title=\"acervo d eporto alegre\" alt=\"acervo d eporto alegre\" loading=\"lazy\" \/>\t\t\t\t\t\t\t\t\t\t\t\t\t<\/div>\n\t\t\t\t<\/div>\n\t\t\t\t\t<\/div>\n\t\t<\/div>\n\t\t\t\t<div class=\"elementor-column elementor-col-50 elementor-top-column elementor-element elementor-element-12408a4\" data-id=\"12408a4\" data-element_type=\"column\">\n\t\t\t<div class=\"elementor-widget-wrap elementor-element-populated\">\n\t\t\t\t\t\t<div class=\"elementor-element elementor-element-30638cf elementor-widget elementor-widget-heading\" data-id=\"30638cf\" data-element_type=\"widget\" data-widget_type=\"heading.default\">\n\t\t\t\t<div class=\"elementor-widget-container\">\n\t\t\t<h2 class=\"elementor-heading-title elementor-size-default\"><br>NOVEMBRO DE 2024<\/h2>\t\t<\/div>\n\t\t\t\t<\/div>\n\t\t\t\t<div class=\"elementor-element elementor-element-6d9701f elementor-widget elementor-widget-heading\" data-id=\"6d9701f\" data-element_type=\"widget\" data-widget_type=\"heading.default\">\n\t\t\t\t<div class=\"elementor-widget-container\">\n\t\t\t<h4 class=\"elementor-heading-title elementor-size-default\">UFSM e UFRGS iniciam miss\u00e3o de recupera\u00e7\u00e3o<\/h4>\t\t<\/div>\n\t\t\t\t<\/div>\n\t\t\t\t<div class=\"elementor-element elementor-element-025f3a4 elementor-widget elementor-widget-text-editor\" data-id=\"025f3a4\" data-element_type=\"widget\" data-widget_type=\"text-editor.default\">\n\t\t\t\t<div class=\"elementor-widget-container\">\n\t\t\t\t\t\t\t<h6>&nbsp;<\/h6>\n<h6>A UFSM passou a liderar, em parceria com a Universidade Federal do Rio Grande do Sul (UFRGS), uma miss\u00e3o de recupera\u00e7\u00e3o de acervos arquiv\u00edsticos danificados por enchentes no RS. Ap\u00f3s isso, a necessidade de uma estrutura \u00b4pr\u00f3pria de pesquisa e inova\u00e7\u00e3o em arquivos foi evidenciada.<\/h6>\t\t\t\t\t\t<\/div>\n\t\t\t\t<\/div>\n\t\t\t\t\t<\/div>\n\t\t<\/div>\n\t\t\t\t\t<\/div>\n\t\t<\/section>\n\t\t\t\t<section class=\"elementor-section elementor-top-section elementor-element elementor-element-80105ca elementor-section-boxed elementor-section-height-default elementor-section-height-default\" data-id=\"80105ca\" data-element_type=\"section\">\n\t\t\t\t\t\t<div class=\"elementor-container elementor-column-gap-default\">\n\t\t\t\t\t<div class=\"elementor-column elementor-col-50 elementor-top-column elementor-element elementor-element-2bb025c\" data-id=\"2bb025c\" data-element_type=\"column\">\n\t\t\t<div class=\"elementor-widget-wrap elementor-element-populated\">\n\t\t\t\t\t\t<div class=\"elementor-element elementor-element-fc84fea elementor-widget elementor-widget-image\" data-id=\"fc84fea\" data-element_type=\"widget\" data-widget_type=\"image.default\">\n\t\t\t\t<div class=\"elementor-widget-container\">\n\t\t\t\t\t\t\t\t\t\t\t\t\t<img decoding=\"async\" src=\"https:\/\/www.ufsm.br\/app\/uploads\/sites\/976\/elementor\/thumbs\/hub-doc-rd2qem0vjxtnopevfi68e7iwlvuyj16eb611qay7no.jpg\" title=\"hub doc\" alt=\"hub doc\" loading=\"lazy\" \/>\t\t\t\t\t\t\t\t\t\t\t\t\t<\/div>\n\t\t\t\t<\/div>\n\t\t\t\t\t<\/div>\n\t\t<\/div>\n\t\t\t\t<div class=\"elementor-column elementor-col-50 elementor-top-column elementor-element elementor-element-10c2738\" data-id=\"10c2738\" data-element_type=\"column\">\n\t\t\t<div class=\"elementor-widget-wrap elementor-element-populated\">\n\t\t\t\t\t\t<div class=\"elementor-element elementor-element-248da59 elementor-widget elementor-widget-heading\" data-id=\"248da59\" data-element_type=\"widget\" data-widget_type=\"heading.default\">\n\t\t\t\t<div class=\"elementor-widget-container\">\n\t\t\t<h2 class=\"elementor-heading-title elementor-size-default\"><br>SETEMBRO DE 2025<\/h2>\t\t<\/div>\n\t\t\t\t<\/div>\n\t\t\t\t<div class=\"elementor-element elementor-element-be9daec elementor-widget elementor-widget-heading\" data-id=\"be9daec\" data-element_type=\"widget\" data-widget_type=\"heading.default\">\n\t\t\t\t<div class=\"elementor-widget-container\">\n\t\t\t<h4 class=\"elementor-heading-title elementor-size-default\">Hub.Doc \u00e9 lan\u00e7ado<\/h4>\t\t<\/div>\n\t\t\t\t<\/div>\n\t\t\t\t<div class=\"elementor-element elementor-element-88cae97 elementor-widget elementor-widget-text-editor\" data-id=\"88cae97\" data-element_type=\"widget\" data-widget_type=\"text-editor.default\">\n\t\t\t\t<div class=\"elementor-widget-container\">\n\t\t\t\t\t\t\t<h6>&nbsp;<\/h6>\n<h6>Ap\u00f3s meses de desenvolvimento, o Hub.Doc foi lan\u00e7ado. Nascido de uma parceria entre a UFSM, a UFRGS, o I<span style=\"color: #1c1c1c;font-size: 16px\">nstituto Federal do Rio Grande do Sul (IFRS) e o Arquivo Nacional, o Hub surgiu como u<\/span><span style=\"color: #1c1c1c;font-size: 16px\">m exemplo de inova\u00e7\u00e3o e interc\u00e2mbio t\u00e9cnico-cient\u00edfico para pesquisar arquivos.<\/span><\/h6>\t\t\t\t\t\t<\/div>\n\t\t\t\t<\/div>\n\t\t\t\t\t<\/div>\n\t\t<\/div>\n\t\t\t\t\t<\/div>\n\t\t<\/section>\n\t\t\t\t<section class=\"elementor-section elementor-top-section elementor-element elementor-element-6802a67 elementor-section-boxed elementor-section-height-default elementor-section-height-default\" data-id=\"6802a67\" data-element_type=\"section\">\n\t\t\t\t\t\t<div class=\"elementor-container elementor-column-gap-default\">\n\t\t\t\t\t<div class=\"elementor-column elementor-col-100 elementor-top-column elementor-element elementor-element-2f9f844\" data-id=\"2f9f844\" data-element_type=\"column\">\n\t\t\t<div class=\"elementor-widget-wrap elementor-element-populated\">\n\t\t\t\t\t\t<div class=\"elementor-element elementor-element-2df8d3b elementor-widget elementor-widget-image\" data-id=\"2df8d3b\" data-element_type=\"widget\" data-widget_type=\"image.default\">\n\t\t\t\t<div class=\"elementor-widget-container\">\n\t\t\t\t\t\t\t\t\t\t\t\t\t<img fetchpriority=\"high\" decoding=\"async\" width=\"1024\" height=\"312\" src=\"https:\/\/www.ufsm.br\/app\/uploads\/sites\/976\/2025\/09\/rodape-site-1024x312.png\" class=\"attachment-large size-large wp-image-65\" alt=\"\" srcset=\"https:\/\/www.ufsm.br\/app\/uploads\/sites\/976\/2025\/09\/rodape-site-1024x312.png 1024w, https:\/\/www.ufsm.br\/app\/uploads\/sites\/976\/2025\/09\/rodape-site-300x92.png 300w, https:\/\/www.ufsm.br\/app\/uploads\/sites\/976\/2025\/09\/rodape-site-768x234.png 768w, https:\/\/www.ufsm.br\/app\/uploads\/sites\/976\/2025\/09\/rodape-site-1536x468.png 1536w, https:\/\/www.ufsm.br\/app\/uploads\/sites\/976\/2025\/09\/rodape-site.png 2000w\" sizes=\"(max-width: 1024px) 100vw, 1024px\" \/>\t\t\t\t\t\t\t\t\t\t\t\t\t<\/div>\n\t\t\t\t<\/div>\n\t\t\t\t\t<\/div>\n\t\t<\/div>\n\t\t\t\t\t<\/div>\n\t\t<\/section>\n\t\t\t\t<\/div>\n\t\t","protected":false},"excerpt":{"rendered":"<p>ABRIL DE 2024 Subsolo da Reitoria alagado \u00a0 No dia 30 de abril de 2024, o subsolo do pr\u00e9dio da Reitoria da UFSM foi inundado pelas chuvas que assolaram o Rio Grande do Sul. A partir daquele momento, 80%\u00a0 do acervo arquiv\u00edstico da Universidade ficou submerso por certa de 9 horas. Naquele mesmo dia, uma [&hellip;]<\/p>\n","protected":false},"author":8167,"featured_media":0,"parent":0,"menu_order":0,"comment_status":"closed","ping_status":"closed","template":"","meta":{"footnotes":""},"categories":[],"tags":[],"class_list":["post-47","page","type-page","status-publish","hentry"],"acf":[],"_links":{"self":[{"href":"https:\/\/www.ufsm.br\/orgaos-suplementares\/dag\/hubdoc\/wp-json\/wp\/v2\/pages\/47","targetHints":{"allow":["GET"]}}],"collection":[{"href":"https:\/\/www.ufsm.br\/orgaos-suplementares\/dag\/hubdoc\/wp-json\/wp\/v2\/pages"}],"about":[{"href":"https:\/\/www.ufsm.br\/orgaos-suplementares\/dag\/hubdoc\/wp-json\/wp\/v2\/types\/page"}],"author":[{"embeddable":true,"href":"https:\/\/www.ufsm.br\/orgaos-suplementares\/dag\/hubdoc\/wp-json\/wp\/v2\/users\/8167"}],"replies":[{"embeddable":true,"href":"https:\/\/www.ufsm.br\/orgaos-suplementares\/dag\/hubdoc\/wp-json\/wp\/v2\/comments?post=47"}],"version-history":[{"count":0,"href":"https:\/\/www.ufsm.br\/orgaos-suplementares\/dag\/hubdoc\/wp-json\/wp\/v2\/pages\/47\/revisions"}],"wp:attachment":[{"href":"https:\/\/www.ufsm.br\/orgaos-suplementares\/dag\/hubdoc\/wp-json\/wp\/v2\/media?parent=47"}],"wp:term":[{"taxonomy":"category","embeddable":true,"href":"https:\/\/www.ufsm.br\/orgaos-suplementares\/dag\/hubdoc\/wp-json\/wp\/v2\/categories?post=47"},{"taxonomy":"post_tag","embeddable":true,"href":"https:\/\/www.ufsm.br\/orgaos-suplementares\/dag\/hubdoc\/wp-json\/wp\/v2\/tags?post=47"}],"curies":[{"name":"wp","href":"https:\/\/api.w.org\/{rel}","templated":true}]}}