{"id":662,"date":"2022-01-13T16:25:56","date_gmt":"2022-01-13T19:25:56","guid":{"rendered":"https:\/\/www.ufsm.br\/orgaos-suplementares\/dag\/pen\/?page_id=662"},"modified":"2022-08-16T16:59:18","modified_gmt":"2022-08-16T19:59:18","slug":"tutorial-solicitacao-de-cadastro-de-usuario-siafi","status":"publish","type":"page","link":"https:\/\/www.ufsm.br\/orgaos-suplementares\/dag\/pen\/apoio-ao-usuario\/tutorial-solicitacao-de-cadastro-de-usuario-siafi","title":{"rendered":"Tutorial solicita\u00e7\u00e3o de cadastro de usu\u00e1rio SIAFI"},"content":{"rendered":"\t\t<div data-elementor-type=\"wp-page\" data-elementor-id=\"662\" class=\"elementor elementor-662\">\n\t\t\t\t\t\t<section class=\"elementor-section elementor-top-section elementor-element elementor-element-504174b elementor-section-boxed elementor-section-height-default elementor-section-height-default\" data-id=\"504174b\" data-element_type=\"section\">\n\t\t\t\t\t\t<div class=\"elementor-container elementor-column-gap-default\">\n\t\t\t\t\t<div class=\"elementor-column elementor-col-100 elementor-top-column elementor-element elementor-element-c7b0f96\" data-id=\"c7b0f96\" data-element_type=\"column\">\n\t\t\t<div class=\"elementor-widget-wrap elementor-element-populated\">\n\t\t\t\t\t\t<div class=\"elementor-element elementor-element-5369138 elementor-widget elementor-widget-text-editor\" data-id=\"5369138\" data-element_type=\"widget\" data-widget_type=\"text-editor.default\">\n\t\t\t\t<div class=\"elementor-widget-container\">\n\t\t\t\t\t\t\t<p>Para solicitar o cadastro de usu\u00e1rio SIAFI, \u00e9 necess\u00e1rio abrir um PEN-SIE no <a href=\"https:\/\/portal.ufsm.br\/documentos\/mainMenu.html\" target=\"_blank\" rel=\"noopener\">Portal Documentos<\/a>.<\/p><p>1- O tipo documental a ser selecionado \u00e9 &#8220;<strong>Solicita\u00e7\u00e3o de cadastro de usu\u00e1rio SIAFI (052.22)<\/strong>&#8220;<\/p><p><img fetchpriority=\"high\" decoding=\"async\" class=\"aligncenter\" src=\"https:\/\/www.ufsm.br\/app\/uploads\/sites\/416\/2022\/01\/1-1-1024x304.jpeg\" alt=\"\" width=\"770\" height=\"228\" \/><\/p><p>2- O sistema ir\u00e1 preencher os demais dados automaticamente, basta salvar para avan\u00e7ar.<\/p><p><img decoding=\"async\" class=\"aligncenter\" src=\"https:\/\/www.ufsm.br\/app\/uploads\/sites\/416\/2022\/01\/2-1024x387.jpeg\" alt=\"\" width=\"723\" height=\"273\" \/><\/p><p>3- Ser\u00e1 solicitado adicionar o <a href=\"https:\/\/www.ufsm.br\/orgaos-executivos\/dcf\/servicos\/formularios-tabelas-e-modelos-de-documentos\/\" target=\"_blank\" rel=\"noopener\">Formul\u00e1rio<\/a> em formato PDF na op\u00e7\u00e3o &#8220;Enviar&#8221;.<\/p><p>N\u00e3o \u00e9 necess\u00e1rio assinar o formul\u00e1rio impresso, apenas preencher ele no editor de texto e salvar em PDF. A assinatura ser\u00e1 realizada no pr\u00f3prio PEN-SIE (<a href=\"https:\/\/www.ufsm.br\/app\/uploads\/sites\/416\/2020\/04\/Passo-a-passo-termo-assinatura-eletronica-PEN-SIE.pdf\" target=\"_blank\" rel=\"noopener\">TUTORIAL ASSINATURA AQUI<\/a>)<\/p><p><img decoding=\"async\" class=\"aligncenter\" src=\"https:\/\/www.ufsm.br\/app\/uploads\/sites\/416\/2022\/01\/3-1024x316.jpeg\" alt=\"\" width=\"702\" height=\"216\" \/><\/p><p>4- Fazer upload do documento desejado em .PDF, preencher as op\u00e7\u00f5es correspondentes e clicar em \u201cAdicionar\u201d.<\/p><p><img loading=\"lazy\" decoding=\"async\" class=\"aligncenter\" src=\"https:\/\/www.ufsm.br\/app\/uploads\/sites\/416\/2022\/01\/4.jpeg\" alt=\"\" width=\"543\" height=\"206\" \/><\/p><p>4.1 <em>Tipo documental<\/em>: j\u00e1 vir\u00e1 preenchido, conforme op\u00e7\u00e3o escolhida na tela anterior. Tamb\u00e9m<br \/>pode-se realizar a busca textual por um outro tipo;<br \/>4.2 <em>Restri\u00e7\u00e3o<\/em>: ser\u00e1 aplicada automaticamente pelo sistema, caso o tipo possua restri\u00e7\u00e3o. Se<br \/>n\u00e3o, pode-se marcar \u201cSim\u201d ou \u201cN\u00e3o\u201d para definir uma restri\u00e7\u00e3o de acesso;<\/p><p>4.3 <em>Arquivo<\/em>: realizar o upload do arquivo, que dever\u00e1 ser no formato PDF, n\u00e3o ultrapassando o<br \/>limite de 25MB;<br \/>4.4 <em>O documento inserido foi<\/em>:<br \/>\u25cf Gerado eletronicamente (se o original estiver sendo elaborado a partir de um editor de textos e salvo em PDF) ou<br \/>\u25cf Digitalizado (se o original for em papel e\/ou scaneado antes de ser inserido);<br \/>4.5 <em>Tipo de confer\u00eancia<\/em>:<br \/>\u25cf Para gerado eletronicamente, marcar a op\u00e7\u00e3o \u2018Sem autentica\u00e7\u00e3o\u2019 para os que n\u00e3o<br \/>possuem assinatura digital pr\u00e9via (um PDF simples). Marcar \u2018Autenticado\u2019 somente se o documento j\u00e1 tenha alguma assinatura digital antes de ser inclu\u00eddo no sistema;<br \/>\u25cf Para Digitalizado, marcar original para documento em papel e, posteriormente,<br \/>digitalizado (como o caso de documentos assinados a punho);<br \/>4.6 <em>Respons\u00e1vel pela guarda<\/em> (somente para digitalizado):<br \/>\u25cf Marcar Interessado, se documento original em papel e ficar sob guarda do interessado;<br \/>\u25cf Marcar a UFSM, se for documento gerado eletronicamente e selecionar a Unidade se o original em papel ficar sob guarda da UFSM;<br \/>4.7 <em>Assinar documento<\/em>:<br \/>\u25cf Marcar Sim, se for assinar eletronicamente o documento (somente para quem j\u00e1<br \/>efetuou a assinatura do Termo de Concord\u00e2ncia no Portal Usu\u00e1rio, veja o tutorial<br \/>AQUI);<br \/>\u25cf Marcar N\u00e3o, se n\u00e3o \u00e9 necess\u00e1ria sua assinatura neste documento. Tamb\u00e9m pode-se<br \/>assinar posteriormente, no \u00edcone da chave ao lado do arquivo;<br \/>\u25cf Caso apare\u00e7a \u201cAssinatura n\u00e3o dispon\u00edvel\u201d, a pessoa ainda n\u00e3o cadastrou sua<br \/>assinatura (veja o tutorial <a href=\"https:\/\/www.ufsm.br\/app\/uploads\/sites\/416\/2020\/04\/Passo-a-passo-termo-assinatura-eletronica-PEN-SIE.pdf\" target=\"_blank\" rel=\"noopener\">AQUI<\/a>).<\/p><p>5- Ao finalizar a inclus\u00e3o do(s) documento(s), clicar em Salvar.<br \/>\u27a7 Ap\u00f3s Salvar, o(s) documento(s) n\u00e3o poder\u00e1(\u00e3o) ser mais removido(s).<br \/>\u27a7 Confira no \u00edcone de \u2018Detalhes\u2019 se voc\u00ea selecionou o arquivo correto para cada tipo de documento e, caso necess\u00e1rio, exclua o arquivo e inclua novamente antes de salvar.<br \/>\u27a7 Nas setas, ainda \u00e9 poss\u00edvel controlar a ordem de inclus\u00e3o dos arquivos, caso possua mais de um.\u00a0<\/p><p><img loading=\"lazy\" decoding=\"async\" class=\"aligncenter\" src=\"https:\/\/www.ufsm.br\/app\/uploads\/sites\/416\/2022\/01\/5-1-1024x408.jpeg\" alt=\"\" width=\"724\" height=\"288\" \/><\/p><p>6- \u2192 Se voc\u00ea selecionou a op\u00e7\u00e3o \u2018Sim\u2019 em \u2018Assinar documentos\u2019, ap\u00f3s Salvar ser\u00e1 solicitada a confirma\u00e7\u00e3o de suas credenciais. Selecione o v\u00ednculo, confirme a sua senha e clique em OK.<\/p><p><img loading=\"lazy\" decoding=\"async\" class=\"aligncenter\" src=\"https:\/\/www.ufsm.br\/app\/uploads\/sites\/416\/2022\/01\/6.jpeg\" alt=\"\" width=\"373\" height=\"304\" \/><\/p><p>7- &#8211; Uma vez salvo, aparece a tela principal do processo, onde \u00e9 poss\u00edvel visualizar os<br \/>documentos inseridos.<br \/>7.1 \u2192 Caso seja necess\u00e1rio assinar algum documento, basta clicar no bot\u00e3o em formato de \u2018chave\u2019 lado do mesmo.<\/p><p>7.2 \u2192 Caso precise incluir mais documentos, clique no bot\u00e3o A\u00e7\u00f5es, \u201c+Inserir Documento\u201d.<\/p><p><img loading=\"lazy\" decoding=\"async\" class=\"aligncenter\" src=\"https:\/\/www.ufsm.br\/app\/uploads\/sites\/416\/2022\/01\/7-1024x504.jpeg\" alt=\"\" width=\"709\" height=\"349\" \/><\/p><p>8- Para dar andamento ao processo, basta selecionar a op\u00e7\u00e3o \u2018Tramitar\u2019, e o processo ser\u00e1 direcionado para a unidade da chefia imediata do servidor solicitante.<\/p><p><img loading=\"lazy\" decoding=\"async\" class=\"aligncenter\" src=\"https:\/\/www.ufsm.br\/app\/uploads\/sites\/416\/2022\/01\/8-1024x366.jpeg\" alt=\"\" width=\"785\" height=\"281\" \/><\/p><p>9- Se a chefia imediata n\u00e3o for o respons\u00e1vel pela UGR, deve encaminhar para a UGR.<\/p><p>Caso a chefia imediata tamb\u00e9m for o respons\u00e1vel pela UGR, encaminhar para solicita\u00e7\u00e3o de assinatura do Reitor.<\/p><p><img loading=\"lazy\" decoding=\"async\" class=\"aligncenter\" src=\"https:\/\/www.ufsm.br\/app\/uploads\/sites\/416\/2022\/01\/9-1024x465.jpeg\" alt=\"\" width=\"733\" height=\"333\" \/><\/p><p>10- Ap\u00f3s autorizado, ser\u00e1 dado prosseguimento nos tr\u00e2mites por parte do DCF, e o interessado recebe novamente o processo em sua caixa postal com as devidas orienta\u00e7\u00f5es.<\/p><p><img loading=\"lazy\" decoding=\"async\" class=\"aligncenter\" src=\"https:\/\/www.ufsm.br\/app\/uploads\/sites\/416\/2022\/01\/10-1024x391.jpeg\" alt=\"\" width=\"732\" height=\"279\" \/><\/p><p>11- Ap\u00f3s tudo certo, o processo deve ser arquivado. Em caso de solicita\u00e7\u00e3o de ajustes, troca de senha, exclus\u00e3o, etc, o pr\u00f3prio interessado deve solicitar o desarquivamento.<\/p><p><img loading=\"lazy\" decoding=\"async\" class=\"aligncenter wp-image-679 size-full\" src=\"https:\/\/www.ufsm.br\/app\/uploads\/sites\/416\/2022\/01\/desarquivamento.jpg\" alt=\"\" width=\"975\" height=\"140\" srcset=\"https:\/\/www.ufsm.br\/app\/uploads\/sites\/416\/2022\/01\/desarquivamento.jpg 975w, https:\/\/www.ufsm.br\/app\/uploads\/sites\/416\/2022\/01\/desarquivamento-300x43.jpg 300w, https:\/\/www.ufsm.br\/app\/uploads\/sites\/416\/2022\/01\/desarquivamento-768x110.jpg 768w\" sizes=\"(max-width: 975px) 100vw, 975px\" \/><\/p><p style=\"text-align: center\">Em caso de d\u00favidas sobre o PEN-SIE, contatar a equipe do DAG pelo e-mail pen@ufsm.br.<br \/>Acompanhe as novidades na p\u00e1gina ufsm.br\/pen.<\/p>\t\t\t\t\t\t<\/div>\n\t\t\t\t<\/div>\n\t\t\t\t\t<\/div>\n\t\t<\/div>\n\t\t\t\t\t<\/div>\n\t\t<\/section>\n\t\t\t\t<\/div>\n\t\t","protected":false},"excerpt":{"rendered":"<p>Para solicitar o cadastro de usu\u00e1rio SIAFI, \u00e9 necess\u00e1rio abrir um PEN-SIE no Portal Documentos. 1- O tipo documental a ser selecionado \u00e9 &#8220;Solicita\u00e7\u00e3o de cadastro de usu\u00e1rio SIAFI (052.22)&#8220; 2- O sistema ir\u00e1 preencher os demais dados automaticamente, basta salvar para avan\u00e7ar. 3- Ser\u00e1 solicitado adicionar o Formul\u00e1rio em formato PDF na op\u00e7\u00e3o &#8220;Enviar&#8221;. [&hellip;]<\/p>\n","protected":false},"author":302,"featured_media":0,"parent":151,"menu_order":0,"comment_status":"closed","ping_status":"closed","template":"","meta":{"footnotes":""},"categories":[62,59],"tags":[65],"class_list":["post-662","page","type-page","status-publish","hentry","category-apoio-ao-usuario","category-tutoriais-e-manuais","tag-tutoriais"],"acf":[],"_links":{"self":[{"href":"https:\/\/www.ufsm.br\/orgaos-suplementares\/dag\/pen\/wp-json\/wp\/v2\/pages\/662","targetHints":{"allow":["GET"]}}],"collection":[{"href":"https:\/\/www.ufsm.br\/orgaos-suplementares\/dag\/pen\/wp-json\/wp\/v2\/pages"}],"about":[{"href":"https:\/\/www.ufsm.br\/orgaos-suplementares\/dag\/pen\/wp-json\/wp\/v2\/types\/page"}],"author":[{"embeddable":true,"href":"https:\/\/www.ufsm.br\/orgaos-suplementares\/dag\/pen\/wp-json\/wp\/v2\/users\/302"}],"replies":[{"embeddable":true,"href":"https:\/\/www.ufsm.br\/orgaos-suplementares\/dag\/pen\/wp-json\/wp\/v2\/comments?post=662"}],"version-history":[{"count":0,"href":"https:\/\/www.ufsm.br\/orgaos-suplementares\/dag\/pen\/wp-json\/wp\/v2\/pages\/662\/revisions"}],"up":[{"embeddable":true,"href":"https:\/\/www.ufsm.br\/orgaos-suplementares\/dag\/pen\/wp-json\/wp\/v2\/pages\/151"}],"wp:attachment":[{"href":"https:\/\/www.ufsm.br\/orgaos-suplementares\/dag\/pen\/wp-json\/wp\/v2\/media?parent=662"}],"wp:term":[{"taxonomy":"category","embeddable":true,"href":"https:\/\/www.ufsm.br\/orgaos-suplementares\/dag\/pen\/wp-json\/wp\/v2\/categories?post=662"},{"taxonomy":"post_tag","embeddable":true,"href":"https:\/\/www.ufsm.br\/orgaos-suplementares\/dag\/pen\/wp-json\/wp\/v2\/tags?post=662"}],"curies":[{"name":"wp","href":"https:\/\/api.w.org\/{rel}","templated":true}]}}