{"id":343,"date":"2018-10-19T14:08:03","date_gmt":"2018-10-19T17:08:03","guid":{"rendered":"https:\/\/www.ufsm.br\/orgaos-suplementares\/dag\/?page_id=343"},"modified":"2025-06-02T10:41:18","modified_gmt":"2025-06-02T13:41:18","slug":"atendimento-a-pesquisa","status":"publish","type":"page","link":"https:\/\/www.ufsm.br\/orgaos-suplementares\/dag\/atendimento-a-pesquisa","title":{"rendered":"Atendimento a Pesquisa"},"content":{"rendered":"\t\t<div data-elementor-type=\"wp-post\" data-elementor-id=\"343\" class=\"elementor elementor-343\">\n\t\t\t\t\t\t<section class=\"elementor-section elementor-top-section elementor-element elementor-element-6a31d23 elementor-section-boxed elementor-section-height-default elementor-section-height-default\" data-id=\"6a31d23\" data-element_type=\"section\">\n\t\t\t\t\t\t<div class=\"elementor-container elementor-column-gap-default\">\n\t\t\t\t\t<div class=\"elementor-column elementor-col-100 elementor-top-column elementor-element elementor-element-deb593d\" data-id=\"deb593d\" data-element_type=\"column\">\n\t\t\t<div class=\"elementor-widget-wrap elementor-element-populated\">\n\t\t\t\t\t\t<div class=\"elementor-element elementor-element-6476e7a elementor-widget elementor-widget-text-editor\" data-id=\"6476e7a\" data-element_type=\"widget\" data-widget_type=\"text-editor.default\">\n\t\t\t\t<div class=\"elementor-widget-container\">\n\t\t\t\t\t\t\t<p>Antes de se dirigir ao Departamento de Arquivo Geral para realizar uma pesquisa, sugerimos que consulte os bancos de dados dispon\u00edveis no portal da UFSM:<\/p><p><strong>Pesquisa de projetos<\/strong><\/p><p><strong>Pesquisa de documentos<\/strong><\/p><p>O reposit\u00f3rio digital do acervo arquiv\u00edstico da UFSM<\/p><p><strong>Fonte<\/strong>\u00a0(acervo fotogr\u00e1fico e textual)<\/p><p>Os invent\u00e1rios e \u00edndices produzidos pela Divis\u00e3o de Arquivo Permanente<\/p><p><strong>Instrumentos de pesquisa<\/strong><\/p><p>Desta forma voc\u00ea ter\u00e1 uma no\u00e7\u00e3o preliminar dos conjuntos documentais mais adequados ao seu tema de pesquisa e poder\u00e1 visualizar as imagens dos documentos j\u00e1 digitalizados.<\/p><p>A solicita\u00e7\u00e3o de pesquisa pode ser realizada pessoalmente, no balc\u00e3o da Divis\u00e3o de Protocolo, t\u00e9rreo do Pr\u00e9dio da Administra\u00e7\u00e3o Central ou na Divis\u00e3o de Arquivo Permanente, subsolo do Pr\u00e9dio da Administra\u00e7\u00e3o Central.<\/p><p>Contato:<\/p><p>\u00a0Email:\u00a0<span id=\"cloak9672a16a3c1c7e1496d3cc943e38845b\"><a href=\"mailto:arquivopermanente@ufsm.br\">arquivopermanente@ufsm.br<\/a><\/span><\/p><p>\u00a0Telefones: (55) 3220 8212<\/p>\t\t\t\t\t\t<\/div>\n\t\t\t\t<\/div>\n\t\t\t\t\t<\/div>\n\t\t<\/div>\n\t\t\t\t\t<\/div>\n\t\t<\/section>\n\t\t\t\t<section class=\"elementor-section elementor-top-section elementor-element elementor-element-eb4bbd6 elementor-section-boxed elementor-section-height-default elementor-section-height-default\" data-id=\"eb4bbd6\" data-element_type=\"section\">\n\t\t\t\t\t\t<div class=\"elementor-container elementor-column-gap-default\">\n\t\t\t\t\t<div class=\"elementor-column elementor-col-100 elementor-top-column elementor-element elementor-element-fc64fcc\" data-id=\"fc64fcc\" data-element_type=\"column\">\n\t\t\t<div class=\"elementor-widget-wrap elementor-element-populated\">\n\t\t\t\t\t\t\t<\/div>\n\t\t<\/div>\n\t\t\t\t\t<\/div>\n\t\t<\/section>\n\t\t\t\t<section class=\"elementor-section elementor-top-section elementor-element elementor-element-3632220 elementor-section-boxed elementor-section-height-default elementor-section-height-default\" data-id=\"3632220\" data-element_type=\"section\">\n\t\t\t\t\t\t<div class=\"elementor-container elementor-column-gap-default\">\n\t\t\t\t\t<div class=\"elementor-column elementor-col-100 elementor-top-column elementor-element elementor-element-390f8ed\" data-id=\"390f8ed\" data-element_type=\"column\">\n\t\t\t<div class=\"elementor-widget-wrap elementor-element-populated\">\n\t\t\t\t\t\t<section class=\"elementor-section elementor-inner-section elementor-element elementor-element-3ebf537 elementor-section-boxed elementor-section-height-default elementor-section-height-default\" data-id=\"3ebf537\" data-element_type=\"section\">\n\t\t\t\t\t\t<div class=\"elementor-container elementor-column-gap-default\">\n\t\t\t\t\t<div class=\"elementor-column elementor-col-50 elementor-inner-column elementor-element elementor-element-f9d9aaf\" data-id=\"f9d9aaf\" data-element_type=\"column\">\n\t\t\t<div class=\"elementor-widget-wrap\">\n\t\t\t\t\t\t\t<\/div>\n\t\t<\/div>\n\t\t\t\t<div class=\"elementor-column elementor-col-50 elementor-inner-column elementor-element elementor-element-cf2a784\" data-id=\"cf2a784\" data-element_type=\"column\">\n\t\t\t<div class=\"elementor-widget-wrap\">\n\t\t\t\t\t\t\t<\/div>\n\t\t<\/div>\n\t\t\t\t\t<\/div>\n\t\t<\/section>\n\t\t\t\t\t<\/div>\n\t\t<\/div>\n\t\t\t\t\t<\/div>\n\t\t<\/section>\n\t\t\t\t<section class=\"elementor-section elementor-top-section elementor-element elementor-element-837fdba elementor-section-boxed elementor-section-height-default elementor-section-height-default\" data-id=\"837fdba\" data-element_type=\"section\">\n\t\t\t\t\t\t<div class=\"elementor-container elementor-column-gap-default\">\n\t\t\t\t\t<div class=\"elementor-column elementor-col-100 elementor-top-column elementor-element elementor-element-1691f41\" data-id=\"1691f41\" data-element_type=\"column\">\n\t\t\t<div class=\"elementor-widget-wrap elementor-element-populated\">\n\t\t\t\t\t\t<div class=\"elementor-element elementor-element-324b08a elementor-widget elementor-widget-text-editor\" data-id=\"324b08a\" data-element_type=\"widget\" data-widget_type=\"text-editor.default\">\n\t\t\t\t<div class=\"elementor-widget-container\">\n\t\t\t\t\t\t\t<p>Lorem ipsum dolor sit amet, consectetur adipiscing elit. Ut elit tellus, luctus nec ullamcorper mattis, pulvinar dapibus leo.<\/p>\t\t\t\t\t\t<\/div>\n\t\t\t\t<\/div>\n\t\t\t\t\t<\/div>\n\t\t<\/div>\n\t\t\t\t\t<\/div>\n\t\t<\/section>\n\t\t\t\t<section class=\"elementor-section elementor-top-section elementor-element elementor-element-6f827c5 elementor-section-boxed elementor-section-height-default elementor-section-height-default\" data-id=\"6f827c5\" data-element_type=\"section\">\n\t\t\t\t\t\t<div class=\"elementor-container elementor-column-gap-default\">\n\t\t\t\t\t<div class=\"elementor-column elementor-col-100 elementor-top-column elementor-element elementor-element-2cb30ce\" data-id=\"2cb30ce\" data-element_type=\"column\">\n\t\t\t<div class=\"elementor-widget-wrap elementor-element-populated\">\n\t\t\t\t\t\t<div class=\"elementor-element elementor-element-18b6e01 elementor-position-top elementor-widget elementor-widget-image-box\" data-id=\"18b6e01\" data-element_type=\"widget\" data-widget_type=\"image-box.default\">\n\t\t\t\t<div class=\"elementor-widget-container\">\n\t\t\t<div class=\"elementor-image-box-wrapper\"><figure class=\"elementor-image-box-img\"><img decoding=\"async\" src=\"https:\/\/www.ufsm.br\/app\/plugins\/elementor\/assets\/images\/placeholder.png\" title=\"\" alt=\"\" loading=\"lazy\" \/><\/figure><div class=\"elementor-image-box-content\"><h3 class=\"elementor-image-box-title\">Isto \u00e9 o t\u00edtulo<\/h3><p class=\"elementor-image-box-description\">Lorem ipsum dolor sit amet, consectetur adipiscing elit. Ut elit tellus, luctus nec ullamcorper mattis, pulvinar dapibus leo.<\/p><\/div><\/div>\t\t<\/div>\n\t\t\t\t<\/div>\n\t\t\t\t\t<\/div>\n\t\t<\/div>\n\t\t\t\t\t<\/div>\n\t\t<\/section>\n\t\t\t\t<section class=\"elementor-section elementor-top-section elementor-element elementor-element-9a019d7 elementor-section-boxed elementor-section-height-default elementor-section-height-default\" data-id=\"9a019d7\" data-element_type=\"section\">\n\t\t\t\t\t\t<div class=\"elementor-container elementor-column-gap-default\">\n\t\t\t\t\t<div class=\"elementor-column elementor-col-100 elementor-top-column elementor-element elementor-element-9f81003\" data-id=\"9f81003\" data-element_type=\"column\">\n\t\t\t<div class=\"elementor-widget-wrap elementor-element-populated\">\n\t\t\t\t\t\t<div class=\"elementor-element elementor-element-abd7360 elementor-widget elementor-widget-read-more\" data-id=\"abd7360\" data-element_type=\"widget\" data-widget_type=\"read-more.default\">\n\t\t\t\t<div class=\"elementor-widget-container\">\n\t\t\t<\/div><\/div><\/div><\/div><\/div><\/section><\/div> <a href=\"https:\/\/www.ufsm.br\/orgaos-suplementares\/dag\/atendimento-a-pesquisa#more-343\" class=\"more-link elementor-more-link\"><span aria-label=\"Continue lendo Atendimento a Pesquisa\">Continue lendo<\/span><\/a>","protected":false},"excerpt":{"rendered":"<p>Antes de se dirigir ao Departamento de Arquivo Geral para realizar uma pesquisa, sugerimos que consulte os bancos de dados dispon\u00edveis no portal da UFSM: Pesquisa de projetos Pesquisa de documentos O reposit\u00f3rio digital do acervo arquiv\u00edstico da UFSM Fonte\u00a0(acervo fotogr\u00e1fico e textual) Os invent\u00e1rios e \u00edndices produzidos pela Divis\u00e3o de Arquivo Permanente Instrumentos de [&hellip;]<\/p>\n","protected":false},"author":201,"featured_media":0,"parent":0,"menu_order":0,"comment_status":"closed","ping_status":"closed","template":"","meta":{"footnotes":""},"categories":[],"tags":[],"class_list":["post-343","page","type-page","status-publish","hentry"],"acf":[],"_links":{"self":[{"href":"https:\/\/www.ufsm.br\/orgaos-suplementares\/dag\/wp-json\/wp\/v2\/pages\/343","targetHints":{"allow":["GET"]}}],"collection":[{"href":"https:\/\/www.ufsm.br\/orgaos-suplementares\/dag\/wp-json\/wp\/v2\/pages"}],"about":[{"href":"https:\/\/www.ufsm.br\/orgaos-suplementares\/dag\/wp-json\/wp\/v2\/types\/page"}],"author":[{"embeddable":true,"href":"https:\/\/www.ufsm.br\/orgaos-suplementares\/dag\/wp-json\/wp\/v2\/users\/201"}],"replies":[{"embeddable":true,"href":"https:\/\/www.ufsm.br\/orgaos-suplementares\/dag\/wp-json\/wp\/v2\/comments?post=343"}],"version-history":[{"count":0,"href":"https:\/\/www.ufsm.br\/orgaos-suplementares\/dag\/wp-json\/wp\/v2\/pages\/343\/revisions"}],"wp:attachment":[{"href":"https:\/\/www.ufsm.br\/orgaos-suplementares\/dag\/wp-json\/wp\/v2\/media?parent=343"}],"wp:term":[{"taxonomy":"category","embeddable":true,"href":"https:\/\/www.ufsm.br\/orgaos-suplementares\/dag\/wp-json\/wp\/v2\/categories?post=343"},{"taxonomy":"post_tag","embeddable":true,"href":"https:\/\/www.ufsm.br\/orgaos-suplementares\/dag\/wp-json\/wp\/v2\/tags?post=343"}],"curies":[{"name":"wp","href":"https:\/\/api.w.org\/{rel}","templated":true}]}}