{"id":352,"date":"2018-10-19T14:21:05","date_gmt":"2018-10-19T17:21:05","guid":{"rendered":"https:\/\/www.ufsm.br\/orgaos-suplementares\/dag\/?page_id=352"},"modified":"2025-04-04T11:41:24","modified_gmt":"2025-04-04T14:41:24","slug":"resolucao-009-2012","status":"publish","type":"page","link":"https:\/\/www.ufsm.br\/orgaos-suplementares\/dag\/resolucao-009-2012","title":{"rendered":"Sobre o SIARQ"},"content":{"rendered":"\t\t<div data-elementor-type=\"wp-post\" data-elementor-id=\"352\" class=\"elementor elementor-352\">\n\t\t\t\t\t\t<section class=\"elementor-section elementor-top-section elementor-element elementor-element-10a4672 elementor-section-boxed elementor-section-height-default elementor-section-height-default\" data-id=\"10a4672\" data-element_type=\"section\">\n\t\t\t\t\t\t<div class=\"elementor-container elementor-column-gap-default\">\n\t\t\t\t\t<div class=\"elementor-column elementor-col-100 elementor-top-column elementor-element elementor-element-8b92632\" data-id=\"8b92632\" data-element_type=\"column\">\n\t\t\t<div class=\"elementor-widget-wrap elementor-element-populated\">\n\t\t\t\t\t\t<div class=\"elementor-element elementor-element-f875416 elementor-widget elementor-widget-image\" data-id=\"f875416\" data-element_type=\"widget\" data-widget_type=\"image.default\">\n\t\t\t\t<div class=\"elementor-widget-container\">\n\t\t\t\t\t\t\t\t\t\t\t\t\t<img fetchpriority=\"high\" decoding=\"async\" width=\"300\" height=\"284\" src=\"https:\/\/www.ufsm.br\/app\/uploads\/sites\/400\/2021\/08\/logo-siarq-300x284.png\" class=\"attachment-medium size-medium wp-image-3701\" alt=\"\" srcset=\"https:\/\/www.ufsm.br\/app\/uploads\/sites\/400\/2021\/08\/logo-siarq-300x284.png 300w, https:\/\/www.ufsm.br\/app\/uploads\/sites\/400\/2021\/08\/logo-siarq.png 582w\" sizes=\"(max-width: 300px) 100vw, 300px\" \/>\t\t\t\t\t\t\t\t\t\t\t\t\t<\/div>\n\t\t\t\t<\/div>\n\t\t\t\t\t<\/div>\n\t\t<\/div>\n\t\t\t\t\t<\/div>\n\t\t<\/section>\n\t\t\t\t<section class=\"elementor-section elementor-top-section elementor-element elementor-element-02d964c elementor-section-boxed elementor-section-height-default elementor-section-height-default\" data-id=\"02d964c\" data-element_type=\"section\">\n\t\t\t\t\t\t<div class=\"elementor-container elementor-column-gap-default\">\n\t\t\t\t\t<div class=\"elementor-column elementor-col-100 elementor-top-column elementor-element elementor-element-ed669a6\" data-id=\"ed669a6\" data-element_type=\"column\">\n\t\t\t<div class=\"elementor-widget-wrap elementor-element-populated\">\n\t\t\t\t\t\t<div class=\"elementor-element elementor-element-50b4678 elementor-widget elementor-widget-text-editor\" data-id=\"50b4678\" data-element_type=\"widget\" data-widget_type=\"text-editor.default\">\n\t\t\t\t<div class=\"elementor-widget-container\">\n\t\t\t\t\t\t\t<p><span style=\"font-family: verdana, geneva, sans-serif;color: #000000\">O Sistema de Arquivos da Universidade Federal de Santa Maria (Siarq-UFSM), regulamento pela <a href=\"https:\/\/portal.ufsm.br\/documentos\/publico\/documento.html?id=13564310\">Resolu\u00e7\u00e3o UFSM N. 052\/2021<\/a>, \u00e9 o conjunto de pol\u00edticas, diretrizes e m\u00e9todos que ocorrem de modo integrado na institui\u00e7\u00e3o, para garantir a gest\u00e3o unificada e padronizada dos documentos arquiv\u00edsticos.<\/span><\/p><p>Os objetivos do Sistema de Arquivos da UFSM (Siarq-UFSM) s\u00e3o:<\/p><p>\u00a0\u2013 definir as pol\u00edticas arquiv\u00edsticas para a UFSM;<br \/>\u00a0\u2013 promover o inter-relacionamento das unidades\/subunidades institucionais na aplica\u00e7\u00e3o da gest\u00e3o documental;<br \/>\u00a0\u2013 racionalizar e padronizar a produ\u00e7\u00e3o documental;<br \/>\u00a0\u2013 assegurar as condi\u00e7\u00f5es para preserva\u00e7\u00e3o do patrim\u00f4nio documental em qualquer suporte;<br \/>\u00a0\u2013 regular o acesso aos documentos arquiv\u00edsticos, resguardado os aspectos de sigilo e restri\u00e7\u00f5es legais; e,<br \/>\u00a0\u2013 estabelecer diretrizes para uso de tecnologias na gest\u00e3o, preserva\u00e7\u00e3o e acesso ao acervo arquiv\u00edstico.<\/p>\t\t\t\t\t\t<\/div>\n\t\t\t\t<\/div>\n\t\t\t\t\t<\/div>\n\t\t<\/div>\n\t\t\t\t\t<\/div>\n\t\t<\/section>\n\t\t\t\t<section class=\"elementor-section elementor-top-section elementor-element elementor-element-b7a24a3 elementor-section-boxed elementor-section-height-default elementor-section-height-default\" data-id=\"b7a24a3\" data-element_type=\"section\">\n\t\t\t\t\t\t<div class=\"elementor-container elementor-column-gap-default\">\n\t\t\t\t\t<div class=\"elementor-column elementor-col-100 elementor-top-column elementor-element elementor-element-7afb496\" data-id=\"7afb496\" data-element_type=\"column\">\n\t\t\t<div class=\"elementor-widget-wrap elementor-element-populated\">\n\t\t\t\t\t\t<div class=\"elementor-element elementor-element-254e568 elementor-widget elementor-widget-heading\" data-id=\"254e568\" data-element_type=\"widget\" data-widget_type=\"heading.default\">\n\t\t\t\t<div class=\"elementor-widget-container\">\n\t\t\t<h5 class=\"elementor-heading-title elementor-size-default\">Participantes<\/h5>\t\t<\/div>\n\t\t\t\t<\/div>\n\t\t\t\t\t<\/div>\n\t\t<\/div>\n\t\t\t\t\t<\/div>\n\t\t<\/section>\n\t\t\t\t<section class=\"elementor-section elementor-top-section elementor-element elementor-element-3ca1c42 elementor-section-boxed elementor-section-height-default elementor-section-height-default\" data-id=\"3ca1c42\" data-element_type=\"section\">\n\t\t\t\t\t\t<div class=\"elementor-container elementor-column-gap-default\">\n\t\t\t\t\t<div class=\"elementor-column elementor-col-100 elementor-top-column elementor-element elementor-element-bcbd795\" data-id=\"bcbd795\" data-element_type=\"column\">\n\t\t\t<div class=\"elementor-widget-wrap elementor-element-populated\">\n\t\t\t\t\t\t<div class=\"elementor-element elementor-element-7c4d254 elementor-widget elementor-widget-text-editor\" data-id=\"7c4d254\" data-element_type=\"widget\" data-widget_type=\"text-editor.default\">\n\t\t\t\t<div class=\"elementor-widget-container\">\n\t\t\t\t\t\t\t<p>Integram o Sistema de Arquivos da UFSM (Siarq-UFSM):<\/p><p>\u00a0\u2013 o <strong>Comit\u00ea Consultivo do Siarq-UFSM<\/strong> (Consiarq-DAG);<br \/>\u00a0\u2013 a <strong>Comiss\u00e3o Permanente de Avalia\u00e7\u00e3o de Documentos<\/strong> (CPAD-DAG);<br \/>\u00a0\u2013 o <strong>Departamento de Arquivo Geral (DAG)<\/strong>; e,<br \/>\u00a0\u2013 as <strong>unidades e subunidades<\/strong> da UFSM.<\/p>\t\t\t\t\t\t<\/div>\n\t\t\t\t<\/div>\n\t\t\t\t\t<\/div>\n\t\t<\/div>\n\t\t\t\t\t<\/div>\n\t\t<\/section>\n\t\t\t\t<section class=\"elementor-section elementor-top-section elementor-element elementor-element-18b6d50 elementor-section-boxed elementor-section-height-default elementor-section-height-default\" data-id=\"18b6d50\" data-element_type=\"section\">\n\t\t\t\t\t\t<div class=\"elementor-container elementor-column-gap-default\">\n\t\t\t\t\t<div class=\"elementor-column elementor-col-100 elementor-top-column elementor-element elementor-element-5f4ef61\" data-id=\"5f4ef61\" data-element_type=\"column\">\n\t\t\t<div class=\"elementor-widget-wrap elementor-element-populated\">\n\t\t\t\t\t\t<div class=\"elementor-element elementor-element-eead420 elementor-widget elementor-widget-heading\" data-id=\"eead420\" data-element_type=\"widget\" data-widget_type=\"heading.default\">\n\t\t\t\t<div class=\"elementor-widget-container\">\n\t\t\t<h5 class=\"elementor-heading-title elementor-size-default\">Contatos<\/h5>\t\t<\/div>\n\t\t\t\t<\/div>\n\t\t\t\t\t<\/div>\n\t\t<\/div>\n\t\t\t\t\t<\/div>\n\t\t<\/section>\n\t\t\t\t<section class=\"elementor-section elementor-top-section elementor-element elementor-element-e6f3430 elementor-section-boxed elementor-section-height-default elementor-section-height-default\" data-id=\"e6f3430\" data-element_type=\"section\">\n\t\t\t\t\t\t<div class=\"elementor-container elementor-column-gap-default\">\n\t\t\t\t\t<div class=\"elementor-column elementor-col-100 elementor-top-column elementor-element elementor-element-b008c96\" data-id=\"b008c96\" data-element_type=\"column\">\n\t\t\t<div class=\"elementor-widget-wrap elementor-element-populated\">\n\t\t\t\t\t\t<div class=\"elementor-element elementor-element-749fc2e elementor-widget elementor-widget-text-editor\" data-id=\"749fc2e\" data-element_type=\"widget\" data-widget_type=\"text-editor.default\">\n\t\t\t\t<div class=\"elementor-widget-container\">\n\t\t\t\t\t\t\t<ul><li><a href=\"https:\/\/www.ufsm.br\/orgaos-suplementares\/dag\/contatos-do-sistema-de-arquivos-da-ufsm\" target=\"_blank\" rel=\"noopener\">Contatos do Sistema de Arquivos da UFSM<\/a><\/li><\/ul>\t\t\t\t\t\t<\/div>\n\t\t\t\t<\/div>\n\t\t\t\t\t<\/div>\n\t\t<\/div>\n\t\t\t\t\t<\/div>\n\t\t<\/section>\n\t\t\t\t<\/div>\n\t\t","protected":false},"excerpt":{"rendered":"<p>O Sistema de Arquivos da Universidade Federal de Santa Maria (Siarq-UFSM), regulamento pela Resolu\u00e7\u00e3o UFSM N. 052\/2021, \u00e9 o conjunto de pol\u00edticas, diretrizes e m\u00e9todos que ocorrem de modo integrado na institui\u00e7\u00e3o, para garantir a gest\u00e3o unificada e padronizada dos documentos arquiv\u00edsticos. Os objetivos do Sistema de Arquivos da UFSM (Siarq-UFSM) s\u00e3o: \u00a0\u2013 definir as [&hellip;]<\/p>\n","protected":false},"author":201,"featured_media":0,"parent":0,"menu_order":0,"comment_status":"closed","ping_status":"closed","template":"","meta":{"footnotes":""},"categories":[],"tags":[],"class_list":["post-352","page","type-page","status-publish","hentry"],"acf":[],"_links":{"self":[{"href":"https:\/\/www.ufsm.br\/orgaos-suplementares\/dag\/wp-json\/wp\/v2\/pages\/352","targetHints":{"allow":["GET"]}}],"collection":[{"href":"https:\/\/www.ufsm.br\/orgaos-suplementares\/dag\/wp-json\/wp\/v2\/pages"}],"about":[{"href":"https:\/\/www.ufsm.br\/orgaos-suplementares\/dag\/wp-json\/wp\/v2\/types\/page"}],"author":[{"embeddable":true,"href":"https:\/\/www.ufsm.br\/orgaos-suplementares\/dag\/wp-json\/wp\/v2\/users\/201"}],"replies":[{"embeddable":true,"href":"https:\/\/www.ufsm.br\/orgaos-suplementares\/dag\/wp-json\/wp\/v2\/comments?post=352"}],"version-history":[{"count":0,"href":"https:\/\/www.ufsm.br\/orgaos-suplementares\/dag\/wp-json\/wp\/v2\/pages\/352\/revisions"}],"wp:attachment":[{"href":"https:\/\/www.ufsm.br\/orgaos-suplementares\/dag\/wp-json\/wp\/v2\/media?parent=352"}],"wp:term":[{"taxonomy":"category","embeddable":true,"href":"https:\/\/www.ufsm.br\/orgaos-suplementares\/dag\/wp-json\/wp\/v2\/categories?post=352"},{"taxonomy":"post_tag","embeddable":true,"href":"https:\/\/www.ufsm.br\/orgaos-suplementares\/dag\/wp-json\/wp\/v2\/tags?post=352"}],"curies":[{"name":"wp","href":"https:\/\/api.w.org\/{rel}","templated":true}]}}