{"id":450,"date":"2018-10-22T10:57:58","date_gmt":"2018-10-22T13:57:58","guid":{"rendered":"https:\/\/www.ufsm.br\/orgaos-suplementares\/dag\/?page_id=450"},"modified":"2019-01-23T09:23:09","modified_gmt":"2019-01-23T11:23:09","slug":"termos-de-restituicao-de-documentos","status":"publish","type":"page","link":"https:\/\/www.ufsm.br\/orgaos-suplementares\/dag\/termos-de-restituicao-de-documentos","title":{"rendered":"Termos de Restitui\u00e7\u00e3o de Documentos"},"content":{"rendered":"\t\t<div data-elementor-type=\"wp-post\" data-elementor-id=\"450\" class=\"elementor elementor-450 elementor-bc-flex-widget\">\n\t\t\t\t\t\t<section class=\"elementor-section elementor-top-section elementor-element elementor-element-1856f63 elementor-section-boxed elementor-section-height-default elementor-section-height-default\" data-id=\"1856f63\" data-element_type=\"section\">\n\t\t\t\t\t\t<div class=\"elementor-container elementor-column-gap-default\">\n\t\t\t\t\t<div class=\"elementor-column elementor-col-100 elementor-top-column elementor-element elementor-element-393e819\" data-id=\"393e819\" data-element_type=\"column\">\n\t\t\t<div class=\"elementor-widget-wrap elementor-element-populated\">\n\t\t\t\t\t\t<div class=\"elementor-element elementor-element-53baad2 elementor-widget elementor-widget-text-editor\" data-id=\"53baad2\" data-element_type=\"widget\" data-widget_type=\"text-editor.default\">\n\t\t\t\t<div class=\"elementor-widget-container\">\n\t\t\t\t\t\t\t<p>Os Termos de Restitui\u00e7\u00e3o de Documentos (TRDs) constituem-se em instrumentos legais que possuem os registros de informa\u00e7\u00f5es sobre documentos transferidos \u00e0 outras Institui\u00e7\u00f5es de Ensino Superior (IES), definindo e formalizando a transfer\u00eancia\/restitui\u00e7\u00e3o propriamente dita.<\/p><p><strong>2013<\/strong><\/p><p><a href=\"https:\/\/www.ufsm.br\/orgaos-suplementares\/dag\/wp-content\/uploads\/sites\/400\/2019\/01\/UNIFRA-JUL20130001.pdf\" target=\"_blank\" rel=\"noopener\">Termo de Transfer\u00eancia de Documentos &#8211; Centro Universit\u00e1rio Franciscano &#8211; UNIFRA<\/a><\/p><p><a href=\"https:\/\/www.ufsm.br\/orgaos-suplementares\/dag\/wp-content\/uploads\/sites\/400\/2019\/01\/UPF-AGO20130001.pdf\" target=\"_blank\" rel=\"noopener\">Termo de Transfer\u00eancia de Documentos &#8211; Universidade de Passo Fundo &#8211; UPF<\/a><\/p><p><strong>2014<\/strong><\/p><p><a href=\"https:\/\/www.ufsm.br\/orgaos-suplementares\/dag\/wp-content\/uploads\/sites\/400\/2019\/01\/UNIJUI-MAR20140001.pdf\" target=\"_blank\" rel=\"noopener\">Termo de Transfer\u00eancia de Documentos &#8211; Universidade de Iju\u00ed &#8211; UNIJU\u00cd<\/a><\/p><p><a href=\"https:\/\/www.ufsm.br\/orgaos-suplementares\/dag\/wp-content\/uploads\/sites\/400\/2019\/01\/UNICRUZ-MAI20140001.pdf\" target=\"_blank\" rel=\"noopener\">Termo de Transfer\u00eancia de Documentos &#8211; Universidade de Cruz Alta &#8211; UNICRUZ<\/a><\/p><p><strong>2015<\/strong><\/p><p><a href=\"https:\/\/www.ufsm.br\/orgaos-suplementares\/dag\/wp-content\/uploads\/sites\/400\/2019\/01\/IESA-ABR20150001.pdf\" target=\"_blank\" rel=\"noopener\">Termo de Transfer\u00eancia de Documentos &#8211; Instituto Cenecista de Ensino Superior de Santo \u00c2ngelo &#8211; IESA<\/a><\/p><p><a href=\"https:\/\/www.ufsm.br\/orgaos-suplementares\/dag\/wp-content\/uploads\/sites\/400\/2019\/01\/URI-ABR2015020001.pdf\" target=\"_blank\" rel=\"noopener\">Termo de Transfer\u00eancia de Documentos &#8211; Universidade Regional Integrada do Alto Uruguai e das Miss\u00f5es &#8211; URI<\/a><\/p><p><a href=\"https:\/\/www.ufsm.br\/orgaos-suplementares\/dag\/wp-content\/uploads\/sites\/400\/2019\/01\/URCAMP-JUL20150001.pdf\" target=\"_blank\" rel=\"noopener\">Termo de Transfer\u00eancia de Documentos &#8211; Universidade da Regi\u00e3o da Campanha &#8211; URCAMP<\/a><\/p><p><strong>2017<\/strong><\/p><p><a href=\"https:\/\/www.ufsm.br\/orgaos-suplementares\/dag\/wp-content\/uploads\/sites\/400\/2019\/01\/FISMA-JUL20170001.pdf\" target=\"_blank\" rel=\"noopener\">Termo de Transfer\u00eancia de Documentos &#8211; Faculdade Integrada de Santa Maria &#8211; FISMA<\/a><\/p><p><a href=\"https:\/\/www.ufsm.br\/orgaos-suplementares\/dag\/wp-content\/uploads\/sites\/400\/2019\/01\/FADISMA-JUL201702.pdf\" target=\"_blank\" rel=\"noopener\">Termo de Transfer\u00eancia de Documentos &#8211; Faculdade de Direito de Santa Maria &#8211; FADISMA<\/a><\/p><p><a href=\"https:\/\/www.ufsm.br\/orgaos-suplementares\/dag\/wp-content\/uploads\/sites\/400\/2019\/01\/FACEM-AGO20170001.pdf\" target=\"_blank\" rel=\"noopener\">Termo de Transfer\u00eancia de Documentos &#8211; Faculdade de Enfermagem Nossa Senhora Medianeira &#8211; FACEM<\/a> (atualmente subordinada \u00e0 Universidade Franciscana &#8211; UFN)<\/p><p><a href=\"https:\/\/www.ufsm.br\/orgaos-suplementares\/dag\/wp-content\/uploads\/sites\/400\/2019\/01\/2017-FAPAS0001.pdf\" target=\"_blank\" rel=\"noopener\">Termo de Transfer\u00eancia de Documentos &#8211; Faculdade Palotina de Santa Maria &#8211; FAPAS<\/a><\/p><p><a href=\"https:\/\/www.ufsm.br\/orgaos-suplementares\/dag\/wp-content\/uploads\/sites\/400\/2019\/01\/FAMES-OUT20170001.pdf\" target=\"_blank\" rel=\"noopener\">Termo de Transfer\u00eancia de Documentos &#8211; Faculdade Metodista de Santa Maria &#8211; FAMES<\/a><\/p><p><a href=\"https:\/\/www.ufsm.br\/orgaos-suplementares\/dag\/wp-content\/uploads\/sites\/400\/2019\/01\/2017-FAHOR0001.pdf\" target=\"_blank\" rel=\"noopener\">Termo de Transfer\u00eancia de Documentos &#8211; Faculdade Horizontina &#8211; FAHOR<\/a><\/p><p><a href=\"https:\/\/www.ufsm.br\/orgaos-suplementares\/dag\/wp-content\/uploads\/sites\/400\/2019\/01\/2017-PUCRS0001.pdf\" target=\"_blank\" rel=\"noopener\">Termo de Transfer\u00eancia de Documentos &#8211; Faculdade de Filosofia, Ci\u00eancias e Letras de Uruguaiana<\/a> (atualmente subordinada \u00e0 Pontif\u00edcia Universidade Cat\u00f3lica do Rio Grande do Sul &#8211; PUCRS<\/p><p><a href=\"https:\/\/www.ufsm.br\/orgaos-suplementares\/dag\/wp-content\/uploads\/sites\/400\/2019\/01\/2017-FABE0001.pdf\" target=\"_blank\" rel=\"noopener\">Termo de Transfer\u00eancia de Documentos &#8211; Faculdade da Associa\u00e7\u00e3o Brasiliense de Educa\u00e7\u00e3o &#8211; FABE<\/a><\/p><p><strong>2018<\/strong><\/p><p><a href=\"https:\/\/www.ufsm.br\/orgaos-suplementares\/dag\/wp-content\/uploads\/sites\/400\/2019\/01\/2018-UNISC0001.pdf\" target=\"_blank\" rel=\"noopener\">Termo de Transfer\u00eancia de Documentos &#8211; Universidade de Santa Cruz do Sul &#8211; UNISC<\/a><\/p><p><a href=\"https:\/\/www.ufsm.br\/orgaos-suplementares\/dag\/wp-content\/uploads\/sites\/400\/2019\/01\/2018-FEMA0001.pdf\" target=\"_blank\" rel=\"noopener\">Termo de Transfer\u00eancia de Documentos &#8211; Faculdades Integradas Machado de Assis &#8211; FEMA<\/a><\/p><p><a href=\"https:\/\/www.ufsm.br\/orgaos-suplementares\/dag\/wp-content\/uploads\/sites\/400\/2019\/01\/2018-SETREM0001.pdf\" target=\"_blank\" rel=\"noopener\">Termo de Transfer\u00eancia de Documentos &#8211; Sociedade Educacional Tr\u00eas de Maio &#8211; SETREM<\/a><\/p><p><a href=\"https:\/\/www.ufsm.br\/orgaos-suplementares\/dag\/wp-content\/uploads\/sites\/400\/2019\/01\/2018-Poli0001.pdf\" target=\"_blank\" rel=\"noopener\">Termo de Restitui\u00e7\u00e3o de Documentos &#8211; Col\u00e9gio Agr\u00edcola de Santa Maria<\/a> (Col\u00e9gio Polit\u00e9cnico de Santa Maria)<\/p>\t\t\t\t\t\t<\/div>\n\t\t\t\t<\/div>\n\t\t\t\t\t<\/div>\n\t\t<\/div>\n\t\t\t\t\t<\/div>\n\t\t<\/section>\n\t\t\t\t<\/div>\n\t\t","protected":false},"excerpt":{"rendered":"<p>Os Termos de Restitui\u00e7\u00e3o de Documentos (TRDs) constituem-se em instrumentos legais que possuem os registros de informa\u00e7\u00f5es sobre documentos transferidos \u00e0 outras Institui\u00e7\u00f5es de Ensino Superior (IES), definindo e formalizando a transfer\u00eancia\/restitui\u00e7\u00e3o propriamente dita. 2013 Termo de Transfer\u00eancia de Documentos &#8211; Centro Universit\u00e1rio Franciscano &#8211; UNIFRA Termo de Transfer\u00eancia de Documentos &#8211; Universidade de Passo [&hellip;]<\/p>\n","protected":false},"author":201,"featured_media":0,"parent":0,"menu_order":0,"comment_status":"closed","ping_status":"closed","template":"","meta":{"footnotes":""},"categories":[],"tags":[],"class_list":["post-450","page","type-page","status-publish","hentry"],"acf":[],"_links":{"self":[{"href":"https:\/\/www.ufsm.br\/orgaos-suplementares\/dag\/wp-json\/wp\/v2\/pages\/450","targetHints":{"allow":["GET"]}}],"collection":[{"href":"https:\/\/www.ufsm.br\/orgaos-suplementares\/dag\/wp-json\/wp\/v2\/pages"}],"about":[{"href":"https:\/\/www.ufsm.br\/orgaos-suplementares\/dag\/wp-json\/wp\/v2\/types\/page"}],"author":[{"embeddable":true,"href":"https:\/\/www.ufsm.br\/orgaos-suplementares\/dag\/wp-json\/wp\/v2\/users\/201"}],"replies":[{"embeddable":true,"href":"https:\/\/www.ufsm.br\/orgaos-suplementares\/dag\/wp-json\/wp\/v2\/comments?post=450"}],"version-history":[{"count":0,"href":"https:\/\/www.ufsm.br\/orgaos-suplementares\/dag\/wp-json\/wp\/v2\/pages\/450\/revisions"}],"wp:attachment":[{"href":"https:\/\/www.ufsm.br\/orgaos-suplementares\/dag\/wp-json\/wp\/v2\/media?parent=450"}],"wp:term":[{"taxonomy":"category","embeddable":true,"href":"https:\/\/www.ufsm.br\/orgaos-suplementares\/dag\/wp-json\/wp\/v2\/categories?post=450"},{"taxonomy":"post_tag","embeddable":true,"href":"https:\/\/www.ufsm.br\/orgaos-suplementares\/dag\/wp-json\/wp\/v2\/tags?post=450"}],"curies":[{"name":"wp","href":"https:\/\/api.w.org\/{rel}","templated":true}]}}