{"id":4565,"date":"2025-02-21T15:36:57","date_gmt":"2025-02-21T18:36:57","guid":{"rendered":"https:\/\/www.ufsm.br\/orgaos-suplementares\/dag\/?page_id=4565"},"modified":"2025-02-21T16:29:06","modified_gmt":"2025-02-21T19:29:06","slug":"projeto-sociais-e-humanas-em-foto","status":"publish","type":"page","link":"https:\/\/www.ufsm.br\/orgaos-suplementares\/dag\/projeto-sociais-e-humanas-em-foto","title":{"rendered":"Projeto Sociais e Humanas em Foto"},"content":{"rendered":"\t\t<div data-elementor-type=\"wp-page\" data-elementor-id=\"4565\" class=\"elementor elementor-4565\">\n\t\t\t\t\t\t<section class=\"elementor-section elementor-top-section elementor-element elementor-element-76b34cf6 elementor-section-boxed elementor-section-height-default elementor-section-height-default\" data-id=\"76b34cf6\" data-element_type=\"section\">\n\t\t\t\t\t\t<div class=\"elementor-container elementor-column-gap-default\">\n\t\t\t\t\t<div class=\"elementor-column elementor-col-100 elementor-top-column elementor-element elementor-element-4be41ea\" data-id=\"4be41ea\" data-element_type=\"column\">\n\t\t\t<div class=\"elementor-widget-wrap elementor-element-populated\">\n\t\t\t\t\t\t<div class=\"elementor-element elementor-element-1a5d8ae6 elementor-widget elementor-widget-text-editor\" data-id=\"1a5d8ae6\" data-element_type=\"widget\" data-widget_type=\"text-editor.default\">\n\t\t\t\t<div class=\"elementor-widget-container\">\n\t\t\t\t\t\t\t<!-- wp:tadv\/classic-paragraph -->\n<p style=\"font-weight: 400\"><span style=\"font-family: 'trebuchet ms', geneva, sans-serif\">Per\u00edodo: setembro de 2024 a setembro de 2026<\/span><\/p>\n<p style=\"font-weight: 400\"><span style=\"font-family: 'trebuchet ms', geneva, sans-serif\">O projeto de extens\u00e3o \u201cSociais e Humanas em Foto: Preserva\u00e7\u00e3o, Acesso e Educa\u00e7\u00e3o Patrimonial\u201d <strong><a href=\"https:\/\/portal.ufsm.br\/projetos\/publico\/projetos\/view.html?idProjeto=425279\" target=\"_blank\" rel=\"noopener\">registro n.\u00a0062846 <\/a><\/strong>iniciou suas atividades em setembro de 2024 sob coordena\u00e7\u00e3o do Departamento de Arquivo Geral em parceria com o Centro de Ci\u00eancias Sociais e Humanas (CCSH) da Universidade Federal de Santa Maria e se prop\u00f5e, por meio de resgate no arquivo fotogr\u00e1fico da UFSM e no Arquivo Setorial do Centro de Ci\u00eancias Sociais e Humanas, localizar registros imag\u00e9ticos de eventos e acontecimentos no per\u00edmetro hoje denominado Distrito Criativo Centro Gare que comprovem a\u00e7\u00f5es sociais e humanas realizadas por projetos deste centro com limite temporal de 1970 a 2000.<\/span><\/p>\n<p style=\"font-weight: 400\"><span style=\"font-family: 'trebuchet ms', geneva, sans-serif\">Seu objetivo \u00e9 aplicar a fotografia como dispositivo de valoriza\u00e7\u00e3o do patrim\u00f4nio cultural do munic\u00edpio de Santa Maria, incluindo o resgate de documentos iconogr\u00e1ficos de a\u00e7\u00f5es sociais e humanas promovidas por projetos executados no \u00e2mbito do CCSH no per\u00edmetro do Distrito Criativo Centro Gare.\u00a0<\/span><\/p>\n<p style=\"font-weight: 400\"><span style=\"font-family: 'trebuchet ms', geneva, sans-serif\">A primeira a\u00e7\u00e3o do projeto foi a preserva\u00e7\u00e3o de fotografias de 16 quadros de formatura do Curso de Direito cujas molduras de madeira estavam totalmente tomadas de cupins. A a\u00e7\u00e3o de retirada das fotografias das molduras iniciou em novembro de 2023 e seguiu at\u00e9 dezembro de 2024, com a preserva\u00e7\u00e3o e arquivamento das fotografias e publica\u00e7\u00e3o das fotografias dos quadros no Reposit\u00f3rio FONTE UFSM.<\/span><\/p>\n<p><span style=\"font-family: 'trebuchet ms', geneva, sans-serif\"><img fetchpriority=\"high\" decoding=\"async\" class=\"alignnone size-large wp-image-4568 aligncenter\" src=\"https:\/\/www.ufsm.br\/app\/uploads\/sites\/400\/2025\/02\/2023-quadros-formatura-Direito-1024x559.jpg\" alt=\"\" width=\"1024\" height=\"559\" srcset=\"https:\/\/www.ufsm.br\/app\/uploads\/sites\/400\/2025\/02\/2023-quadros-formatura-Direito-1024x559.jpg 1024w, https:\/\/www.ufsm.br\/app\/uploads\/sites\/400\/2025\/02\/2023-quadros-formatura-Direito-300x164.jpg 300w, https:\/\/www.ufsm.br\/app\/uploads\/sites\/400\/2025\/02\/2023-quadros-formatura-Direito-768x419.jpg 768w, https:\/\/www.ufsm.br\/app\/uploads\/sites\/400\/2025\/02\/2023-quadros-formatura-Direito.jpg 1217w\" sizes=\"(max-width: 1024px) 100vw, 1024px\" \/><\/span><\/p>\n<p style=\"text-align: center\"><span style=\"font-family: 'trebuchet ms', geneva, sans-serif\">Quadros de Formatura do Curso de Direito, fot\u00f3grafo: Cristina Strohschoen dos Santos, 2023<\/span><\/p>\n<p><span style=\"font-family: 'trebuchet ms', geneva, sans-serif\">Em outubro de 2024 foi realizada a primeira a\u00e7\u00e3o de educa\u00e7\u00e3o patrimonial.<\/span><\/p>\n<p><span style=\"font-family: 'trebuchet ms', geneva, sans-serif\"><img decoding=\"async\" class=\"alignnone size-full wp-image-4566 aligncenter\" src=\"https:\/\/www.ufsm.br\/app\/uploads\/sites\/400\/2025\/02\/2024-10-23-oficina-fotografia-EMEF-Castro-no-museu.jpg\" alt=\"\" width=\"617\" height=\"876\" srcset=\"https:\/\/www.ufsm.br\/app\/uploads\/sites\/400\/2025\/02\/2024-10-23-oficina-fotografia-EMEF-Castro-no-museu.jpg 617w, https:\/\/www.ufsm.br\/app\/uploads\/sites\/400\/2025\/02\/2024-10-23-oficina-fotografia-EMEF-Castro-no-museu-211x300.jpg 211w\" sizes=\"(max-width: 617px) 100vw, 617px\" \/><\/span><\/p>\n<p><span style=\"font-family: 'trebuchet ms', geneva, sans-serif\">A Oficina de Educa\u00e7\u00e3o Releitura de Fotografias foi ministrada em 23 de outubro de 2024 pela artista visual e educadora Cica Ereno no Museu Gama D&#8217;E\u00e7a, tendo como p\u00fablico 29 alunos do 9\u00ba ano do ensino fundamental da <strong>Escola Municipal de Ensino Fundamental Maria de Lourdes Castro, d<\/strong>a disciplina de Arte ministrada pela professora de Arte Helvia Schneider.<\/span><\/p>\n<p><span style=\"font-family: 'trebuchet ms', geneva, sans-serif\"><img decoding=\"async\" class=\"aligncenter wp-image-4567 size-large\" src=\"https:\/\/www.ufsm.br\/app\/uploads\/sites\/400\/2025\/02\/2024-10-23-video-oficina-foto-EMEF-Castro-capa-1024x550.jpg\" alt=\"\" width=\"1024\" height=\"550\" srcset=\"https:\/\/www.ufsm.br\/app\/uploads\/sites\/400\/2025\/02\/2024-10-23-video-oficina-foto-EMEF-Castro-capa-1024x550.jpg 1024w, https:\/\/www.ufsm.br\/app\/uploads\/sites\/400\/2025\/02\/2024-10-23-video-oficina-foto-EMEF-Castro-capa-300x161.jpg 300w, https:\/\/www.ufsm.br\/app\/uploads\/sites\/400\/2025\/02\/2024-10-23-video-oficina-foto-EMEF-Castro-capa-768x412.jpg 768w, https:\/\/www.ufsm.br\/app\/uploads\/sites\/400\/2025\/02\/2024-10-23-video-oficina-foto-EMEF-Castro-capa.jpg 1293w\" sizes=\"(max-width: 1024px) 100vw, 1024px\" \/><\/span><\/p>\n<p style=\"text-align: center\"><span style=\"font-family: 'trebuchet ms', geneva, sans-serif\"><strong><a href=\"https:\/\/www.youtube.com\/watch?v=-vISrUmGpxQ\" target=\"_blank\" rel=\"noopener\">23 10 2024 &#8211; Video Oficina de Releitura de Fotografias<\/a><\/strong><\/span><\/p>\n<p><span style=\"font-family: 'trebuchet ms', geneva, sans-serif\">Em 27 de novembro de 2024,\u00a0 no mezanino do Centro de Conven\u00e7\u00f5es, o banner\u00a0\u00a0<strong>\u201cEduca\u00e7\u00e3o Patrimonial e Preserva\u00e7\u00e3o de Fotografias de Formatura do Curso de Direito do CCSH\u201d <\/strong>foi apresentado por Nathalia Bastianello Brazil, acad\u00eamica Terapia Ocupacional e bolsista do projeto, na\u00a0\u00c1rea de Ci\u00eancias Sociais Aplicadas \u2013 Direito no 19\u00ba Sal\u00e3o de Extens\u00e3o da Universidade Federal de Santa Maria, evento paralelo a 39\u00ba Jornada Acad\u00eamica Integrada (JAI\/UFSM).<\/span><\/p>\n<p><img loading=\"lazy\" decoding=\"async\" class=\"size-large wp-image-4569 aligncenter\" src=\"https:\/\/www.ufsm.br\/app\/uploads\/sites\/400\/2025\/02\/Banner-JAI-2024-Quadros-Formatura-Direito-768x1024.jpg\" alt=\"\" width=\"768\" height=\"1024\" srcset=\"https:\/\/www.ufsm.br\/app\/uploads\/sites\/400\/2025\/02\/Banner-JAI-2024-Quadros-Formatura-Direito-768x1024.jpg 768w, https:\/\/www.ufsm.br\/app\/uploads\/sites\/400\/2025\/02\/Banner-JAI-2024-Quadros-Formatura-Direito-225x300.jpg 225w, https:\/\/www.ufsm.br\/app\/uploads\/sites\/400\/2025\/02\/Banner-JAI-2024-Quadros-Formatura-Direito-1152x1536.jpg 1152w, https:\/\/www.ufsm.br\/app\/uploads\/sites\/400\/2025\/02\/Banner-JAI-2024-Quadros-Formatura-Direito-1536x2048.jpg 1536w, https:\/\/www.ufsm.br\/app\/uploads\/sites\/400\/2025\/02\/Banner-JAI-2024-Quadros-Formatura-Direito.jpg 1920w\" sizes=\"(max-width: 768px) 100vw, 768px\" \/><\/p>\n<!-- \/wp:tadv\/classic-paragraph --><!-- wp:tadv\/classic-paragraph \/-->\t\t\t\t\t\t<\/div>\n\t\t\t\t<\/div>\n\t\t\t\t\t<\/div>\n\t\t<\/div>\n\t\t\t\t\t<\/div>\n\t\t<\/section>\n\t\t\t\t<\/div>\n\t\t","protected":false},"excerpt":{"rendered":"<p>Per\u00edodo: setembro de 2024 a setembro de 2026 O projeto de extens\u00e3o \u201cSociais e Humanas em Foto: Preserva\u00e7\u00e3o, Acesso e Educa\u00e7\u00e3o Patrimonial\u201d registro n.\u00a0062846 iniciou suas atividades em setembro de 2024 sob coordena\u00e7\u00e3o do Departamento de Arquivo Geral em parceria com o Centro de Ci\u00eancias Sociais e Humanas (CCSH) da Universidade Federal de Santa Maria [&hellip;]<\/p>\n","protected":false},"author":443,"featured_media":0,"parent":0,"menu_order":0,"comment_status":"closed","ping_status":"closed","template":"","meta":{"footnotes":""},"categories":[],"tags":[],"class_list":["post-4565","page","type-page","status-publish","hentry"],"acf":[],"_links":{"self":[{"href":"https:\/\/www.ufsm.br\/orgaos-suplementares\/dag\/wp-json\/wp\/v2\/pages\/4565","targetHints":{"allow":["GET"]}}],"collection":[{"href":"https:\/\/www.ufsm.br\/orgaos-suplementares\/dag\/wp-json\/wp\/v2\/pages"}],"about":[{"href":"https:\/\/www.ufsm.br\/orgaos-suplementares\/dag\/wp-json\/wp\/v2\/types\/page"}],"author":[{"embeddable":true,"href":"https:\/\/www.ufsm.br\/orgaos-suplementares\/dag\/wp-json\/wp\/v2\/users\/443"}],"replies":[{"embeddable":true,"href":"https:\/\/www.ufsm.br\/orgaos-suplementares\/dag\/wp-json\/wp\/v2\/comments?post=4565"}],"version-history":[{"count":0,"href":"https:\/\/www.ufsm.br\/orgaos-suplementares\/dag\/wp-json\/wp\/v2\/pages\/4565\/revisions"}],"wp:attachment":[{"href":"https:\/\/www.ufsm.br\/orgaos-suplementares\/dag\/wp-json\/wp\/v2\/media?parent=4565"}],"wp:term":[{"taxonomy":"category","embeddable":true,"href":"https:\/\/www.ufsm.br\/orgaos-suplementares\/dag\/wp-json\/wp\/v2\/categories?post=4565"},{"taxonomy":"post_tag","embeddable":true,"href":"https:\/\/www.ufsm.br\/orgaos-suplementares\/dag\/wp-json\/wp\/v2\/tags?post=4565"}],"curies":[{"name":"wp","href":"https:\/\/api.w.org\/{rel}","templated":true}]}}