{"id":505,"date":"2018-10-22T12:24:55","date_gmt":"2018-10-22T15:24:55","guid":{"rendered":"https:\/\/www.ufsm.br\/orgaos-suplementares\/dag\/?page_id=505"},"modified":"2018-10-22T12:25:46","modified_gmt":"2018-10-22T15:25:46","slug":"exposicao-instrumentos-de-pesquisa","status":"publish","type":"page","link":"https:\/\/www.ufsm.br\/orgaos-suplementares\/dag\/exposicao-instrumentos-de-pesquisa","title":{"rendered":"Exposi\u00e7\u00e3o Instrumentos de Pesquisa"},"content":{"rendered":"\t\t<div data-elementor-type=\"wp-post\" data-elementor-id=\"505\" class=\"elementor elementor-505 elementor-bc-flex-widget\">\n\t\t\t\t\t\t<section class=\"elementor-section elementor-top-section elementor-element elementor-element-cbe29af elementor-section-boxed elementor-section-height-default elementor-section-height-default\" data-id=\"cbe29af\" data-element_type=\"section\">\n\t\t\t\t\t\t<div class=\"elementor-container elementor-column-gap-default\">\n\t\t\t\t\t<div class=\"elementor-column elementor-col-100 elementor-top-column elementor-element elementor-element-cb444e7\" data-id=\"cb444e7\" data-element_type=\"column\">\n\t\t\t<div class=\"elementor-widget-wrap elementor-element-populated\">\n\t\t\t\t\t\t<div class=\"elementor-element elementor-element-16b19fe elementor-widget elementor-widget-text-editor\" data-id=\"16b19fe\" data-element_type=\"widget\" data-widget_type=\"text-editor.default\">\n\t\t\t\t<div class=\"elementor-widget-container\">\n\t\t\t\t\t\t\t<p style=\"font-weight: 400;\"><span style=\"color: #000000;\"><strong>Quadro de Arranjo<\/strong><\/span><\/p><p style=\"font-weight: 400;\"><span style=\"color: #000000;\"><strong>I \u2014 IDENTIFICA\u00c7\u00c3O DAS S\u00c9RIES, SUBS\u00c9RIES E TIPOS DOCUMENTAIS<\/strong><\/span><\/p><h3><span style=\"color: #000000;\">S\u00c9RIE 1 &#8211; ATIVIDADES DE ENSINO<\/span><\/h3><h3><span style=\"color: #000000;\">SUBS\u00c9RIE A \u2014 REALIZA\u00c7\u00c3O DO CONCURSO DE HABILITA\u00c7\u00c3O<\/span><\/h3><p style=\"font-weight: 400;\"><span style=\"color: #000000;\">1)\u00a0\u00a0\u00a0\u00a0\u00a0\u00a0Dossi\u00ea Concurso de Habilita\u00e7\u00e3o ( DCH )<\/span><\/p><p style=\"font-weight: 400;\"><span style=\"color: #000000;\">2)\u00a0\u00a0\u00a0\u00a0Editais ( Ed)<\/span><\/p><p style=\"font-weight: 400;\"><span style=\"color: #000000;\">3) Ficha de Inscri\u00e7\u00e3o ( FI )<\/span><\/p><p style=\"font-weight: 400;\"><span style=\"color: #000000;\">4) Livro de Atas ( LA )<\/span><\/p><p style=\"font-weight: 400;\"><span style=\"color: #000000;\">5) Livro de Inscri\u00e7\u00e3o ( LI )<\/span><\/p><p style=\"font-weight: 400;\"><span style=\"color: #000000;\">6) Provas do Concurso de Habilita\u00e7\u00e3o (PCH)<\/span><\/p><p style=\"font-weight: 400;\"><span style=\"color: #000000;\">7) Relat\u00f3rios (Re)<\/span><\/p><p style=\"font-weight: 400;\"><span style=\"color: #000000;\">\u00a0<strong>SUBS\u00c9RIE B \u2014 AVALIA\u00c7\u00c3O DISCENTE<\/strong><\/span><\/p><p style=\"font-weight: 400;\"><span style=\"color: #000000;\">1) Atas das Provas e Exames (AtE)<\/span><\/p><p style=\"font-weight: 400;\"><span style=\"color: #000000;\">2) Livro de Atas das Provas e Exames (LAE)<\/span><\/p><p style=\"font-weight: 400;\"><span style=\"color: #000000;\">3) Provas por Disciplinas e Exames Finais (PrE)<\/span><\/p><h3>\u00a0<\/h3><h3><span style=\"color: #000000;\">SUBS\u00c9RIE C \u2014 CONTROLE ACAD\u00caMICO<\/span><\/h3><p style=\"font-weight: 400;\"><span style=\"color: #000000;\">1)\u00a0 Atestados (At)<\/span><\/p><p style=\"font-weight: 400;\"><span style=\"color: #000000;\">2)\u00a0\u00a0\u00a0\u00a0Calend\u00e1rio das Provas (CP)<\/span><\/p><p style=\"font-weight: 400;\"><span style=\"color: #000000;\">3)\u00a0\u00a0\u00a0\u00a0Certificados (Ce)<\/span><\/p><p style=\"font-weight: 400;\"><span style=\"color: #000000;\">4)\u00a0\u00a0\u00a0\u00a0Dossi\u00ea Alunos Formados (DAF)<\/span><\/p><p style=\"font-weight: 400;\"><span style=\"color: #000000;\">5)\u00a0\u00a0\u00a0\u00a0Dossi\u00ea Alunos Com Situa\u00e7\u00e3o De Abandono (DAA)<\/span><\/p><p style=\"font-weight: 400;\"><span style=\"color: #000000;\">6)\u00a0\u00a0\u00a0\u00a0Dossi\u00ea Alunos Com Cancelamento de Curso (DAC)<\/span><\/p><p style=\"font-weight: 400;\"><span style=\"color: #000000;\">7)\u00a0\u00a0\u00a0\u00a0Dossi\u00ea Alunos Com Transfer\u00eancia de Curso (DAT)<\/span><\/p><p style=\"font-weight: 400;\"><span style=\"color: #000000;\">8)\u00a0\u00a0\u00a0\u00a0Livro de Atas de Promo\u00e7\u00e3o de Notas (LAN)<\/span><\/p><p style=\"font-weight: 400;\"><span style=\"color: #000000;\">9)\u00a0\u00a0\u00a0\u00a0Livro de Registro de Matr\u00edculas (LRM)<\/span><\/p><p style=\"font-weight: 400;\"><span style=\"color: #000000;\">10)\u00a0Programa das Disciplinas (PrD)<\/span><\/p><p style=\"font-weight: 400;\"><span style=\"color: #000000;\">11)\u00a0\u00a0Relat\u00f3rio das Disciplinas (ReD)<\/span><\/p><p style=\"font-weight: 400;\"><span style=\"color: #000000;\"><strong>SUBS\u00c9RIE D\u2014 CONTROLE DE BOLSAS E EST\u00c1GIOS<\/strong><\/span><\/p><p style=\"font-weight: 400;\"><span style=\"color: #000000;\">1)\u00a0\u00a0\u00a0\u00a0\u00a0\u00a0Of\u00edcios da Capes (OfC)<\/span><\/p><p style=\"font-weight: 400;\"><span style=\"color: #000000;\">2)\u00a0\u00a0\u00a0\u00a0Of\u00edcios de Bolsistas e Estagi\u00e1rios (OfB)<\/span><\/p><p style=\"font-weight: 400;\"><span style=\"color: #000000;\">3)\u00a0\u00a0\u00a0\u00a0Relat\u00f3rio de Atividades de Bolsistas (RAB)<\/span><\/p><p style=\"font-weight: 400;\"><span style=\"color: #000000;\">4)\u00a0\u00a0\u00a0\u00a0Relat\u00f3rios de Viagens de Bolsistas (RVB)<\/span><\/p><p style=\"font-weight: 400;\"><span style=\"color: #000000;\"><strong>SUBS\u00c9RIE E\u2014 REGISTRO E LIBERA\u00c7\u00c3O DE DIPLOMAS<\/strong><\/span><\/p><p style=\"font-weight: 400;\"><span style=\"color: #000000;\">1) Livro de Atas de Conclus\u00e3o de Curso (LAC)<\/span><\/p><p style=\"font-weight: 400;\"><span style=\"color: #000000;\">2)\u00a0\u00a0\u00a0\u00a0Livro de Registro de Diplomas (LRD)<\/span><\/p><p style=\"font-weight: 400;\"><span style=\"color: #000000;\">3)\u00a0\u00a0\u00a0\u00a0Of\u00edcio de Registro e Libera\u00e7\u00e3o de Diplomas ( OfD)<\/span><\/p><p style=\"font-weight: 400;\"><span style=\"color: #000000;\">4) Recibos de Diplomas ( RD )<\/span><\/p><p style=\"font-weight: 400;\"><span style=\"color: #000000;\">5)\u00a0\u00a0\u00a0\u00a0Requerimento de Atestado de Conclus\u00e3o de Curso ( RAC)<\/span><\/p><p style=\"font-weight: 400;\"><span style=\"color: #000000;\"><strong>SUBS\u00c9RIE F \u2014 PUBLICA\u00c7\u00c3O E PRODU\u00c7\u00c3O CIENT\u00cdFICA<\/strong><\/span><\/p><p style=\"font-weight: 400;\"><span style=\"color: #000000;\">1)\u00a0\u00a0\u00a0\u00a0\u00a0\u00a0Artigos e Separatas de Docentes (ArD)<\/span><\/p><p style=\"font-weight: 400;\"><span style=\"color: #000000;\">2)\u00a0\u00a0\u00a0\u00a0Not\u00edcias (No)<\/span><\/p><p style=\"font-weight: 400;\"><span style=\"color: #000000;\">3)\u00a0\u00a0\u00a0\u00a0Publica\u00e7\u00f5es de Outras Institui\u00e7\u00f5es (POI)<\/span><\/p><p style=\"font-weight: 400;\"><span style=\"color: #000000;\">4)\u00a0\u00a0\u00a0\u00a0Revista da Faculdade de Farm\u00e1cia (RvF)<\/span><\/p><p style=\"font-weight: 400;\"><span style=\"color: #000000;\"><strong>SUBS\u00c9RIE G \u2014 PROMO\u00c7\u00c3O E PARTICIPA\u00c7\u00c3O EM EVENTOS<\/strong><\/span><\/p><p style=\"font-weight: 400;\"><span style=\"color: #000000;\">1)\u00a0\u00a0\u00a0\u00a0\u00a0\u00a0Discursos (Di)<\/span><\/p><p style=\"font-weight: 400;\"><span style=\"color: #000000;\">2)\u00a0\u00a0\u00a0\u00a0Dossi\u00ea Eventos (DE)<\/span><\/p><p style=\"font-weight: 400;\"><span style=\"color: #000000;\"><strong>SUBS\u00c9RIE H \u2014 REALIZA\u00c7\u00c3O DE FORMATURAS<\/strong><\/span><\/p><p style=\"font-weight: 400;\"><span style=\"color: #000000;\">1-\u00a0\u00a0\u00a0\u00a0\u00a0Ato de Cola\u00e7\u00e3o de Grau (ACG)<\/span><\/p><p style=\"font-weight: 400;\"><span style=\"color: #000000;\">2-\u00a0\u00a0\u00a0\u00a0Livro de Atas de Cola\u00e7\u00e3o de Grau (LAG)<\/span><\/p><p style=\"font-weight: 400;\"><span style=\"color: #000000;\">3-\u00a0\u00a0\u00a0\u00a0Of\u00edcios (Of)<\/span><\/p><h3><span style=\"color: #000000;\">S\u00c9RIE 2 \u2014\u00a0 ORGANIZA\u00c7\u00c3O E FUNCIONAMENTO<\/span><\/h3><p style=\"font-weight: 400;\"><span style=\"color: #000000;\"><strong>SUBS\u00c9RIE A\u2014 ATOS ADMINISTRATIVOS LEGAIS E NORMATIVOS<\/strong><\/span><\/p><p style=\"font-weight: 400;\"><span style=\"color: #000000;\">\u00a01)Colet\u00e2nea do Di\u00e1rio Oficial da Uni\u00e3o (CDO)<\/span><\/p><p style=\"font-weight: 400;\"><span style=\"color: #000000;\">2)Contratos e Conv\u00eanios (CC)<\/span><\/p><p style=\"font-weight: 400;\"><span style=\"color: #000000;\">3)Decretos. Decretos-Lei. Leis (DL)<\/span><\/p><p style=\"font-weight: 400;\"><span style=\"color: #000000;\">4)Estatutos e Regimentos(Es)<\/span><\/p><p style=\"font-weight: 400;\"><span style=\"color: #000000;\">5)Portarias (Po)<\/span><\/p><p style=\"font-weight: 400;\"><span style=\"color: #000000;\">6)Processos Administrativos (PA)<\/span><\/p><p style=\"font-weight: 400;\"><span style=\"color: #000000;\">\u00a0<strong>SUBS\u00c9RIE B \u2014 DADOS ESTAT\u00cdSTICOS<\/strong><\/span><\/p><p style=\"font-weight: 400;\"><span style=\"color: #000000;\">\u00a01) Boletim de Informa\u00e7\u00f5es (BI)<\/span><\/p><p style=\"font-weight: 400;\"><span style=\"color: #000000;\">2) Livro de Dados Estat\u00edsticos (LDE)<\/span><\/p><p style=\"font-weight: 400;\"><span style=\"color: #000000;\">3)\u00a0\u00a0\u00a0\u00a0Relat\u00f3rios (Re)<\/span><\/p><p style=\"font-weight: 400;\"><span style=\"color: #000000;\">\u00a0<strong>SUBS\u00c9RIE C \u2014\u00a0 DELIBERA\u00c7\u00d5ES DA DIRE\u00c7\u00c3O T\u00c9CNICA-ADMINISTRATIVA<\/strong><\/span><\/p><p style=\"font-weight: 400;\"><span style=\"color: #000000;\">\u00a01)Dossi\u00ea Congrega\u00e7\u00e3o (DCo)<\/span><\/p><p style=\"font-weight: 400;\"><span style=\"color: #000000;\">2)Dossi\u00ea Conselho T\u00e9cnico-Administrativo (DCT)<\/span><\/p><p style=\"font-weight: 400;\"><span style=\"color: #000000;\">\u00a0<strong>SUBS\u00c9RIE D \u2014 DIVULGA\u00c7\u00c3O DA FACULDADE DE FARM\u00c1CIA<\/strong><\/span><\/p><p style=\"font-weight: 400;\"><span style=\"color: #000000;\">\u00a01)Entrevistas (En)<\/span><\/p><p style=\"font-weight: 400;\"><span style=\"color: #000000;\">2)Reportagens Em Jornais (RJ)<\/span><\/p><p style=\"font-weight: 400;\"><span style=\"color: #000000;\">\u00a0<strong>SUBS\u00c9RIE E \u2014 HIST\u00d3RICO DA FACULDADE DE FARM\u00c1CIA<\/strong><\/span><\/p><p style=\"font-weight: 400;\"><span style=\"color: #000000;\"><strong>\u00a0<\/strong>1)Dossi\u00ea Hist\u00f3rico (DH)<\/span><\/p><p style=\"font-weight: 400;\"><span style=\"color: #000000;\">\u00a0<strong>SUBS\u00c9RIE F \u2014 POL\u00cdTICAS E METAS<\/strong><\/span><\/p><p style=\"font-weight: 400;\"><span style=\"color: #000000;\">\u00a01)Ante Projeto da Reforma do Ensino Superior (APR)<\/span><\/p><p style=\"font-weight: 400;\"><span style=\"color: #000000;\">\u00a02)Curr\u00edculo do Ensino Farmac\u00eautico (CEn)<\/span><\/p><p style=\"font-weight: 400;\"><span style=\"color: #000000;\">\u00a03)Relat\u00f3rio de Atividades (RA)<\/span><\/p><h3><span style=\"color: #000000;\">S\u00c9RIE 3 \u2014 RELA\u00c7\u00d5ES INSTITUCIONAIS<\/span><\/h3><p style=\"font-weight: 400;\"><span style=\"color: #000000;\"><strong>SUBS\u00c9RIE A \u2014 COMUNICA\u00c7\u00d5ES INTERNAS E EXTERNAS<\/strong><\/span><\/p><p style=\"font-weight: 400;\"><span style=\"color: #000000;\">1)Avisos (Av)<\/span><\/p><p style=\"font-weight: 400;\"><span style=\"color: #000000;\">2)Cartas (Ca)<\/span><\/p><p style=\"font-weight: 400;\"><span style=\"color: #000000;\">3)Circulares (Ci)<\/span><\/p><p style=\"font-weight: 400;\"><span style=\"color: #000000;\">4)Comunica\u00e7\u00f5es (Cm)<\/span><\/p><p style=\"font-weight: 400;\"><span style=\"color: #000000;\">5)Correspond\u00eancias (Co)<\/span><\/p><p style=\"font-weight: 400;\"><span style=\"color: #000000;\">6)Telegramas (Te)<\/span><\/p><p style=\"font-weight: 400;\"><span style=\"color: #000000;\"><strong>S\u00c9RIE 4 \u2014 APOIO FINANCEIRO<\/strong><\/span><\/p><p style=\"font-weight: 400;\"><span style=\"color: #000000;\"><strong>SUBS\u00c9RIE A \u2014 CONTROLE DOS RECURSOS FINANCEIROS<\/strong><\/span><\/p><p style=\"font-weight: 400;\"><span style=\"color: #000000;\">1)Balan\u00e7o (Ba)<\/span><\/p><p style=\"font-weight: 400;\"><span style=\"color: #000000;\">2)Cadernetas De Conta Corrente Da Faculdade (CCo)<\/span><\/p><p style=\"font-weight: 400;\"><span style=\"color: #000000;\">3)Cadernos De Conta Corrente Dos Alunos (CaC)<\/span><\/p><p style=\"font-weight: 400;\"><span style=\"color: #000000;\">4)Demonstrativos De Receita E Despesa (DRD)<\/span><\/p><p style=\"font-weight: 400;\"><span style=\"color: #000000;\">5)Livro-Caixa Di\u00e1rio Financeiro (LCF)<\/span><\/p><p style=\"font-weight: 400;\"><span style=\"color: #000000;\">6)Livro Raz\u00e3o (LR)<\/span><\/p><p style=\"font-weight: 400;\"><span style=\"color: #000000;\">7)Notas Fiscais (NFi)<\/span><\/p><p style=\"font-weight: 400;\"><span style=\"color: #000000;\">8)Of\u00edcios De Presta\u00e7\u00e3o De Contas (OfP)<\/span><\/p><p style=\"font-weight: 400;\"><span style=\"color: #000000;\">9)Of\u00edcios De Solicita\u00e7\u00e3o E Recebimento De Aux\u00edlio Financeiro (OfA)<\/span><\/p><p style=\"font-weight: 400;\"><span style=\"color: #000000;\">10)Parecer De Aux\u00edlio Financeiro (PAF)<\/span><\/p><p style=\"font-weight: 400;\"><span style=\"color: #000000;\">11)Processos De Presta\u00e7\u00e3o De Contas ( PPC )<\/span><\/p><p style=\"font-weight: 400;\"><span style=\"color: #000000;\">12)Processos De Solicita\u00e7\u00e3o De Abertura De Cr\u00e9dito ( PAC\u00a0 )<\/span><\/p><p style=\"font-weight: 400;\"><span style=\"color: #000000;\">13)Termo De Quita\u00e7\u00e3o Judicial (TQJ)<\/span><\/p><p style=\"font-weight: 400;\"><span style=\"color: #000000;\"><strong>SUBS\u00c9RIE B: MOVIMENTA\u00c7\u00c3O OR\u00c7AMENT\u00c1RIA<\/strong><\/span><\/p><p style=\"font-weight: 400;\"><span style=\"color: #000000;\">1)Of\u00edcios de Suplementa\u00e7\u00e3o de Verbas Or\u00e7ament\u00e1rias (OfS)<\/span><\/p><p style=\"font-weight: 400;\"><span style=\"color: #000000;\">2)Processo de Proposta Or\u00e7ament\u00e1ria (PPO)<\/span><\/p><p style=\"font-weight: 400;\"><span style=\"color: #000000;\">3)Quadro de Previs\u00e3o Or\u00e7ament\u00e1ria (QPO)<\/span><\/p><p style=\"font-weight: 400;\"><span style=\"color: #000000;\"><strong>S\u00c9RIE 5 \u2014 CONTROLE DE MATERIAL E PATRIM\u00d4NIO<\/strong><\/span><\/p><p style=\"font-weight: 400;\"><span style=\"color: #000000;\"><strong>SUBS\u00c9RIE A \u2014 CONTROLE E AQUISI\u00c7\u00c3O DE MATERIAL<\/strong><\/span><\/p><p style=\"font-weight: 400;\"><span style=\"color: #000000;\">\u00a01)Cat\u00e1logos de Materiais (CM)<\/span><\/p><p style=\"font-weight: 400;\"><span style=\"color: #000000;\">2)Or\u00e7amentos para Aquisi\u00e7\u00e3o de Materiais (OrM)<\/span><\/p><p style=\"font-weight: 400;\"><span style=\"color: #000000;\">3)Plano Trienal das Necessidades de Materiais (PTM)<\/span><\/p><p style=\"font-weight: 400;\"><span style=\"color: #000000;\">4)Rela\u00e7\u00e3o de Material (RM)<\/span><\/p><p style=\"font-weight: 400;\"><span style=\"color: #000000;\">\u00a0<strong>SUBS\u00c9RIE B \u2014 CONTRATO E LOCA\u00c7\u00c3O DE SERVI\u00c7OS<\/strong><\/span><\/p><p style=\"font-weight: 400;\"><span style=\"color: #000000;\">\u00a01)Escritura P\u00fablica de Loca\u00e7\u00e3o de Servi\u00e7os Prestados (EPS)<\/span><\/p><p style=\"font-weight: 400;\"><span style=\"color: #000000;\">\u00a0<strong>SUBS\u00c9RIE C \u2014 SEGURAN\u00c7A PATRIMONIAL<\/strong><\/span><\/p><p style=\"font-weight: 400;\"><span style=\"color: #000000;\">\u00a01)Dossi\u00ea Seguro de Bens Im\u00f3veis (DSB)<\/span><\/p><p style=\"font-weight: 400;\"><span style=\"color: #000000;\">\u00a0<strong>S\u00c9RIE 6 \u2014 COORDENA\u00c7\u00c3O DE RECURSOS HUMANOS<\/strong><\/span><\/p><p style=\"font-weight: 400;\"><span style=\"color: #000000;\">\u00a0<strong>SUBS\u00c9RIE A \u2014 ELABORA\u00c7\u00c3O DA FOLHA DE PAGAMENTO<\/strong><\/span><\/p><p style=\"font-weight: 400;\"><span style=\"color: #000000;\">\u00a01)Atestados de Contribui\u00e7\u00e3o do Ipase (ACI)<\/span><\/p><p style=\"font-weight: 400;\"><span style=\"color: #000000;\">2)Folhas de Pagamento (FPg)<\/span><\/p><p style=\"font-weight: 400;\"><span style=\"color: #000000;\">3)Guia de Recolhimento do Imposto Sindical (GRI)<\/span><\/p><p style=\"font-weight: 400;\"><span style=\"color: #000000;\">\u00a0<strong>SUBS\u00c9RIE B \u2014 REGISTROS E ASSENTAMENTOS FUNCIONAIS<\/strong><\/span><\/p><p style=\"font-weight: 400;\"><span style=\"color: #000000;\">1)Atestados de\u00a0 Docentes (AD)<\/span><\/p><p style=\"font-weight: 400;\"><span style=\"color: #000000;\">2)Curr\u00edculo de Docentes (CD)<\/span><\/p><p style=\"font-weight: 400;\"><span style=\"color: #000000;\">3)Dossi\u00ea de Ex-Professores ( DEP\u00a0 )<\/span><\/p><p style=\"font-weight: 400;\"><span style=\"color: #000000;\">4)Dossi\u00ea Funcional de Docentes ( DFD\u00a0 )<\/span><\/p><p style=\"font-weight: 400;\"><span style=\"color: #000000;\">5)Dossi\u00ea de Ex-Servidores (DES\u00a0 )<\/span><\/p><p style=\"font-weight: 400;\"><span style=\"color: #000000;\">6)Dossi\u00ea de Servidores (DS)<\/span><\/p><p style=\"font-weight: 400;\"><span style=\"color: #000000;\">7)Livro de Registro de T\u00edtulos Diversos (LRT)<\/span><\/p><p style=\"font-weight: 400;\"><span style=\"color: #000000;\">8)Livro de Registro de T\u00edtulos de Livre Doc\u00eancia e Doutor (LRL)<\/span><\/p><p style=\"font-weight: 400;\"><span style=\"color: #000000;\">9)Rela\u00e7\u00e3o de Pessoal Efetivo (RPE)<\/span><\/p><p style=\"font-weight: 400;\"><span style=\"color: #000000;\">10)Rela\u00e7\u00e3o de Servidores (RSe)<\/span><\/p><p style=\"font-weight: 400;\"><span style=\"color: #000000;\"><strong>SUBS\u00c9RIE C \u2014 CONTROLE DE F\u00c9RIAS<\/strong><\/span><\/p><p style=\"font-weight: 400;\"><span style=\"color: #000000;\">1)Escala de F\u00e9rias (EF)<\/span><\/p><p style=\"font-weight: 400;\"><span style=\"color: #000000;\">2)Of\u00edcio de Comunica\u00e7\u00e3o de F\u00e9rias (OfF)<\/span><\/p><p style=\"font-weight: 400;\"><span style=\"color: #000000;\"><strong>SUBS\u00c9RIE D \u2014 CONTROLE DA EFETIVIDADE DE SERVIDORES<\/strong><\/span><\/p><p style=\"font-weight: 400;\"><span style=\"color: #000000;\">1)Boletim de Freq\u00fc\u00eancia (BF)<\/span><\/p><p style=\"font-weight: 400;\"><span style=\"color: #000000;\">2)Livro-Ponto (LP)<\/span><\/p><p style=\"font-weight: 400;\"><span style=\"color: #000000;\">3)Livro de Registro de Horas de Trabalho (LRH)<\/span><\/p><p style=\"font-weight: 400;\"><span style=\"color: #000000;\"><strong>SUBS\u00c9RIE E \u2014 INGRESSO DE SERVIDORES<\/strong><\/span><\/p><p style=\"font-weight: 400;\"><span style=\"color: #000000;\">\u00a01)Livro de Registro de Contrato de Pessoal (LRP)<\/span><\/p><p style=\"font-weight: 400;\"><span style=\"color: #000000;\">2)Livro de Termos de Posse (LTP)<\/span><\/p><p style=\"font-weight: 400;\"><span style=\"color: #000000;\">3)Portarias de Nomea\u00e7\u00e3o (PoN)<\/span><\/p><p style=\"font-weight: 400;\"><span style=\"color: #000000;\"><strong>SUBS\u00c9RIE F \u2014 REALIZA\u00c7\u00c3O DE CONCURSO DE DOCENTES<\/strong><\/span><\/p><p style=\"font-weight: 400;\"><span style=\"color: #000000;\">1)Dossi\u00ea Concurso Prof. Catedr\u00e1tico Zoologia e Parasitologia ( DCC\u00a0 )<\/span><\/p><p style=\"font-weight: 400;\"><span style=\"color: #000000;\">2)Dossi\u00ea Concurso Professor Catedr\u00e1tico Qu\u00edmica Industrial Farmac\u00eautica<\/span><\/p><p style=\"font-weight: 400;\"><span style=\"color: #000000;\">\u00a0( DCQ )<\/span><\/p><p style=\"font-weight: 400;\"><span style=\"color: #000000;\">3)Livro de Atas Registro do Concurso do Corpo Docente ( LAD )<\/span><\/p><p style=\"font-weight: 400;\"><span style=\"color: #000000;\">4)Relat\u00f3rio do Concurso de Prof. Catedr\u00e1tico e de Livre Doc\u00eancia ( RCC\u00a0 )<\/span><\/p>\t\t\t\t\t\t<\/div>\n\t\t\t\t<\/div>\n\t\t\t\t\t<\/div>\n\t\t<\/div>\n\t\t\t\t\t<\/div>\n\t\t<\/section>\n\t\t\t\t<\/div>\n\t\t","protected":false},"excerpt":{"rendered":"<p>Quadro de Arranjo I \u2014 IDENTIFICA\u00c7\u00c3O DAS S\u00c9RIES, SUBS\u00c9RIES E TIPOS DOCUMENTAIS S\u00c9RIE 1 &#8211; ATIVIDADES DE ENSINO SUBS\u00c9RIE A \u2014 REALIZA\u00c7\u00c3O DO CONCURSO DE HABILITA\u00c7\u00c3O 1)\u00a0\u00a0\u00a0\u00a0\u00a0\u00a0Dossi\u00ea Concurso de Habilita\u00e7\u00e3o ( DCH ) 2)\u00a0\u00a0\u00a0\u00a0Editais ( Ed) 3) Ficha de Inscri\u00e7\u00e3o ( FI ) 4) Livro de Atas ( LA ) 5) Livro de Inscri\u00e7\u00e3o ( [&hellip;]<\/p>\n","protected":false},"author":201,"featured_media":0,"parent":0,"menu_order":0,"comment_status":"closed","ping_status":"closed","template":"","meta":{"footnotes":""},"categories":[],"tags":[],"class_list":["post-505","page","type-page","status-publish","hentry"],"acf":[],"_links":{"self":[{"href":"https:\/\/www.ufsm.br\/orgaos-suplementares\/dag\/wp-json\/wp\/v2\/pages\/505","targetHints":{"allow":["GET"]}}],"collection":[{"href":"https:\/\/www.ufsm.br\/orgaos-suplementares\/dag\/wp-json\/wp\/v2\/pages"}],"about":[{"href":"https:\/\/www.ufsm.br\/orgaos-suplementares\/dag\/wp-json\/wp\/v2\/types\/page"}],"author":[{"embeddable":true,"href":"https:\/\/www.ufsm.br\/orgaos-suplementares\/dag\/wp-json\/wp\/v2\/users\/201"}],"replies":[{"embeddable":true,"href":"https:\/\/www.ufsm.br\/orgaos-suplementares\/dag\/wp-json\/wp\/v2\/comments?post=505"}],"version-history":[{"count":0,"href":"https:\/\/www.ufsm.br\/orgaos-suplementares\/dag\/wp-json\/wp\/v2\/pages\/505\/revisions"}],"wp:attachment":[{"href":"https:\/\/www.ufsm.br\/orgaos-suplementares\/dag\/wp-json\/wp\/v2\/media?parent=505"}],"wp:term":[{"taxonomy":"category","embeddable":true,"href":"https:\/\/www.ufsm.br\/orgaos-suplementares\/dag\/wp-json\/wp\/v2\/categories?post=505"},{"taxonomy":"post_tag","embeddable":true,"href":"https:\/\/www.ufsm.br\/orgaos-suplementares\/dag\/wp-json\/wp\/v2\/tags?post=505"}],"curies":[{"name":"wp","href":"https:\/\/api.w.org\/{rel}","templated":true}]}}