{"id":506,"date":"2018-10-22T12:27:13","date_gmt":"2018-10-22T15:27:13","guid":{"rendered":"https:\/\/www.ufsm.br\/orgaos-suplementares\/dag\/?page_id=506"},"modified":"2018-10-22T12:34:41","modified_gmt":"2018-10-22T15:34:41","slug":"exposicao-itinerante-o-passado-em-construcao","status":"publish","type":"page","link":"https:\/\/www.ufsm.br\/orgaos-suplementares\/dag\/exposicao-itinerante-o-passado-em-construcao","title":{"rendered":"Exposi\u00e7\u00e3o itinerante &#8220;O Passado em Constru\u00e7\u00e3o&#8221;"},"content":{"rendered":"\t\t<div data-elementor-type=\"wp-post\" data-elementor-id=\"506\" class=\"elementor elementor-506 elementor-bc-flex-widget\">\n\t\t\t\t\t\t<section class=\"elementor-section elementor-top-section elementor-element elementor-element-ad7b6f9 elementor-section-boxed elementor-section-height-default elementor-section-height-default\" data-id=\"ad7b6f9\" data-element_type=\"section\">\n\t\t\t\t\t\t<div class=\"elementor-container elementor-column-gap-default\">\n\t\t\t\t\t<div class=\"elementor-column elementor-col-100 elementor-top-column elementor-element elementor-element-c74ffd4\" data-id=\"c74ffd4\" data-element_type=\"column\">\n\t\t\t<div class=\"elementor-widget-wrap elementor-element-populated\">\n\t\t\t\t\t\t<div class=\"elementor-element elementor-element-e7f021f elementor-widget elementor-widget-text-editor\" data-id=\"e7f021f\" data-element_type=\"widget\" data-widget_type=\"text-editor.default\">\n\t\t\t\t<div class=\"elementor-widget-container\">\n\t\t\t\t\t\t\t<p>A exposi\u00e7\u00e3o \u201cO Passado em Constru\u00e7\u00e3o\u201d com abertura oficial em 12 de junho de 2012, no hall do Pr\u00e9dio da Reitoria apresenta 28 imagens representativas da constru\u00e7\u00e3o da UFSM no per\u00edodo de 1960 a 1973.<\/p><p>Neste evento foram homenageados os fot\u00f3grafos respons\u00e1veis pelo registro das imagens e tamb\u00e9m aconteceu o lan\u00e7amento do livro \u201cConcretizando um Ideal: a Cidade Universit\u00e1ria da UFSM de 1960 a 1973\u201d, da arquivista Neiva Pavezi, servidora t\u00e9cnica-administrativa lotada no Departamento de Arquivo Geral. O livro \u00e9 resultado da disserta\u00e7\u00e3o de mestrado realizada no Programa de P\u00f3s-Gradua\u00e7\u00e3o Profissionalizante em Patrim\u00f4nio Cultural sob a orienta\u00e7\u00e3o do Prof.Dr. Daniel Flores.<\/p><p>Durante o ano de 2012, a exposi\u00e7\u00e3o itinerante foi recebida tamb\u00e9m pelo Museu Educativo Gama D\u2019E\u00e7a, Centro de Ci\u00eancias Rurais (CCR), Museu Treze de Maio, Arquivo Hist\u00f3rico Municipal de Santa Maria, Col\u00e9gio T\u00e9cnico Industrial de Santa Maria (CTISM), Centro de Ci\u00eancias Sociais e Humanas (CCSH), Centro de Educa\u00e7\u00e3o (CE), Col\u00e9gio Agr\u00edcola de Frederico Westphalen, Centro de Educa\u00e7\u00e3o Superior Norte do RS (CESNORS) nos campus de Frederico Westphalen e Palmeira das Miss\u00f5es, Centro de Educa\u00e7\u00e3o F\u00edsica e Desportos (CEFD), Centro de Ci\u00eancias Naturais e Exatas (CCNE), Centro de Tecnologia (CT), Col\u00e9gio Polit\u00e9cnico da UFSM, Centro de Artes e Letras (CAL), Centro de Ci\u00eancias Rurais (CCR), Pr\u00e9dio da Antiga Reitoria, C\u00e2mara de Vereadores de Santa Maria.<\/p><p><a href=\"http:\/\/dag.ufsm.br\/index.php\/component\/content\/8-paginas\/17-atendimento-a-pesquisa?Itemid=117\">\u00a0<\/a>Atualmente a exposi\u00e7\u00e3o est\u00e1 dispon\u00edvel na Divis\u00e3o de Arquivo Permanente e poder\u00e1 ser requisita mediante agendamento pr\u00e9vio (Ramal 6121 ou 9493).<\/p><p><a href=\"http:\/\/dag.ufsm.br\/index.php\/component\/content\/8-paginas\/17-atendimento-a-pesquisa?Itemid=117\">\u00a0<\/a>Clique nos links abaixo para visualizar o convite e o Flyer da Exposi\u00e7\u00e3o<\/p><p>Veja os Banners da Exposi\u00e7\u00e3o:<\/p>\t\t\t\t\t\t<\/div>\n\t\t\t\t<\/div>\n\t\t\t\t\t<\/div>\n\t\t<\/div>\n\t\t\t\t\t<\/div>\n\t\t<\/section>\n\t\t\t\t<section class=\"elementor-section elementor-top-section elementor-element elementor-element-a814412 elementor-section-boxed elementor-section-height-default elementor-section-height-default\" data-id=\"a814412\" data-element_type=\"section\">\n\t\t\t\t\t\t<div class=\"elementor-container elementor-column-gap-default\">\n\t\t\t\t\t<div class=\"elementor-column elementor-col-100 elementor-top-column elementor-element elementor-element-761d858\" data-id=\"761d858\" data-element_type=\"column\">\n\t\t\t<div class=\"elementor-widget-wrap elementor-element-populated\">\n\t\t\t\t\t\t<div class=\"elementor-element elementor-element-75ca8e7 elementor-arrows-position-inside elementor-pagination-position-outside elementor-widget elementor-widget-image-carousel\" data-id=\"75ca8e7\" data-element_type=\"widget\" data-settings=\"{&quot;slides_to_show&quot;:&quot;2&quot;,&quot;slides_to_scroll&quot;:&quot;1&quot;,&quot;image_spacing_custom&quot;:{&quot;unit&quot;:&quot;px&quot;,&quot;size&quot;:73,&quot;sizes&quot;:[]},&quot;navigation&quot;:&quot;both&quot;,&quot;autoplay&quot;:&quot;yes&quot;,&quot;pause_on_hover&quot;:&quot;yes&quot;,&quot;pause_on_interaction&quot;:&quot;yes&quot;,&quot;autoplay_speed&quot;:5000,&quot;infinite&quot;:&quot;yes&quot;,&quot;speed&quot;:500,&quot;image_spacing_custom_tablet&quot;:{&quot;unit&quot;:&quot;px&quot;,&quot;size&quot;:&quot;&quot;,&quot;sizes&quot;:[]},&quot;image_spacing_custom_mobile&quot;:{&quot;unit&quot;:&quot;px&quot;,&quot;size&quot;:&quot;&quot;,&quot;sizes&quot;:[]}}\" data-widget_type=\"image-carousel.default\">\n\t\t\t\t<div class=\"elementor-widget-container\">\n\t\t\t\t\t<div class=\"elementor-image-carousel-wrapper swiper\" dir=\"ltr\">\n\t\t\t<div class=\"elementor-image-carousel swiper-wrapper\" aria-live=\"off\">\n\t\t\t\t\t\t\t\t<div class=\"swiper-slide\" role=\"group\" aria-roledescription=\"slide\" aria-label=\"1 of 16\"><figure class=\"swiper-slide-inner\"><img decoding=\"async\" class=\"swiper-slide-image\" src=\"https:\/\/www.ufsm.br\/app\/uploads\/sites\/400\/2018\/10\/pilar-1-01-768x1681.jpg\" alt=\"pilar 1-01\" \/><\/figure><\/div><div class=\"swiper-slide\" role=\"group\" aria-roledescription=\"slide\" aria-label=\"2 of 16\"><figure class=\"swiper-slide-inner\"><img decoding=\"async\" class=\"swiper-slide-image\" src=\"https:\/\/www.ufsm.br\/app\/uploads\/sites\/400\/2018\/10\/pilar-1-02-768x1677.jpg\" alt=\"pilar 1-02\" \/><\/figure><\/div><div class=\"swiper-slide\" role=\"group\" aria-roledescription=\"slide\" aria-label=\"3 of 16\"><figure class=\"swiper-slide-inner\"><img decoding=\"async\" class=\"swiper-slide-image\" src=\"https:\/\/www.ufsm.br\/app\/uploads\/sites\/400\/2018\/10\/pilar-1-03-768x1677.jpg\" alt=\"pilar 1-03\" \/><\/figure><\/div><div class=\"swiper-slide\" role=\"group\" aria-roledescription=\"slide\" aria-label=\"4 of 16\"><figure class=\"swiper-slide-inner\"><img decoding=\"async\" class=\"swiper-slide-image\" src=\"https:\/\/www.ufsm.br\/app\/uploads\/sites\/400\/2018\/10\/pilar-1-04-768x1677.jpg\" alt=\"pilar 1-04\" \/><\/figure><\/div><div class=\"swiper-slide\" role=\"group\" aria-roledescription=\"slide\" aria-label=\"5 of 16\"><figure class=\"swiper-slide-inner\"><img decoding=\"async\" class=\"swiper-slide-image\" src=\"https:\/\/www.ufsm.br\/app\/uploads\/sites\/400\/2018\/10\/pilar-2-01-768x1677.jpg\" alt=\"pilar 2-01\" \/><\/figure><\/div><div class=\"swiper-slide\" role=\"group\" aria-roledescription=\"slide\" aria-label=\"6 of 16\"><figure class=\"swiper-slide-inner\"><img decoding=\"async\" class=\"swiper-slide-image\" src=\"https:\/\/www.ufsm.br\/app\/uploads\/sites\/400\/2018\/10\/pilar-2-02-768x1677.jpg\" alt=\"pilar 2-02\" \/><\/figure><\/div><div class=\"swiper-slide\" role=\"group\" aria-roledescription=\"slide\" aria-label=\"7 of 16\"><figure class=\"swiper-slide-inner\"><img decoding=\"async\" class=\"swiper-slide-image\" src=\"https:\/\/www.ufsm.br\/app\/uploads\/sites\/400\/2018\/10\/pilar-2-03-768x1677.jpg\" alt=\"pilar 2-03\" \/><\/figure><\/div><div class=\"swiper-slide\" role=\"group\" aria-roledescription=\"slide\" aria-label=\"8 of 16\"><figure class=\"swiper-slide-inner\"><img decoding=\"async\" class=\"swiper-slide-image\" src=\"https:\/\/www.ufsm.br\/app\/uploads\/sites\/400\/2018\/10\/pilar-2-04-768x1677.jpg\" alt=\"pilar 2-04\" \/><\/figure><\/div><div class=\"swiper-slide\" role=\"group\" aria-roledescription=\"slide\" aria-label=\"9 of 16\"><figure class=\"swiper-slide-inner\"><img decoding=\"async\" class=\"swiper-slide-image\" src=\"https:\/\/www.ufsm.br\/app\/uploads\/sites\/400\/2018\/10\/pilar-3-01-768x1677.jpg\" alt=\"pilar 3-01\" \/><\/figure><\/div><div class=\"swiper-slide\" role=\"group\" aria-roledescription=\"slide\" aria-label=\"10 of 16\"><figure class=\"swiper-slide-inner\"><img decoding=\"async\" class=\"swiper-slide-image\" src=\"https:\/\/www.ufsm.br\/app\/uploads\/sites\/400\/2018\/10\/pilar-3-02-768x1677.jpg\" alt=\"pilar 3-02\" \/><\/figure><\/div><div class=\"swiper-slide\" role=\"group\" aria-roledescription=\"slide\" aria-label=\"11 of 16\"><figure class=\"swiper-slide-inner\"><img decoding=\"async\" class=\"swiper-slide-image\" src=\"https:\/\/www.ufsm.br\/app\/uploads\/sites\/400\/2018\/10\/pilar-3-03-768x1677.jpg\" alt=\"pilar 3-03\" \/><\/figure><\/div><div class=\"swiper-slide\" role=\"group\" aria-roledescription=\"slide\" aria-label=\"12 of 16\"><figure class=\"swiper-slide-inner\"><img decoding=\"async\" class=\"swiper-slide-image\" src=\"https:\/\/www.ufsm.br\/app\/uploads\/sites\/400\/2018\/10\/pilar-3-04-768x1677.jpg\" alt=\"pilar 3-04\" \/><\/figure><\/div><div class=\"swiper-slide\" role=\"group\" aria-roledescription=\"slide\" aria-label=\"13 of 16\"><figure class=\"swiper-slide-inner\"><img decoding=\"async\" class=\"swiper-slide-image\" src=\"https:\/\/www.ufsm.br\/app\/uploads\/sites\/400\/2018\/10\/pilar-4-01-768x1677.jpg\" alt=\"pilar 4-01\" \/><\/figure><\/div><div class=\"swiper-slide\" role=\"group\" aria-roledescription=\"slide\" aria-label=\"14 of 16\"><figure class=\"swiper-slide-inner\"><img decoding=\"async\" class=\"swiper-slide-image\" src=\"https:\/\/www.ufsm.br\/app\/uploads\/sites\/400\/2018\/10\/pilar-4-02-768x1677.jpg\" alt=\"pilar 4-02\" \/><\/figure><\/div><div class=\"swiper-slide\" role=\"group\" aria-roledescription=\"slide\" aria-label=\"15 of 16\"><figure class=\"swiper-slide-inner\"><img decoding=\"async\" class=\"swiper-slide-image\" src=\"https:\/\/www.ufsm.br\/app\/uploads\/sites\/400\/2018\/10\/pilar-4-03-768x1677.jpg\" alt=\"pilar 4-03\" \/><\/figure><\/div><div class=\"swiper-slide\" role=\"group\" aria-roledescription=\"slide\" aria-label=\"16 of 16\"><figure class=\"swiper-slide-inner\"><img decoding=\"async\" class=\"swiper-slide-image\" src=\"https:\/\/www.ufsm.br\/app\/uploads\/sites\/400\/2018\/10\/pilar-4-04-768x1677.jpg\" alt=\"pilar 4-04\" \/><\/figure><\/div>\t\t\t<\/div>\n\t\t\t\t\t\t\t\t\t\t\t\t<div class=\"elementor-swiper-button elementor-swiper-button-prev\" role=\"button\" tabindex=\"0\">\n\t\t\t\t\t\t<i aria-hidden=\"true\" class=\"eicon-chevron-left\"><\/i>\t\t\t\t\t<\/div>\n\t\t\t\t\t<div class=\"elementor-swiper-button elementor-swiper-button-next\" role=\"button\" tabindex=\"0\">\n\t\t\t\t\t\t<i aria-hidden=\"true\" class=\"eicon-chevron-right\"><\/i>\t\t\t\t\t<\/div>\n\t\t\t\t\n\t\t\t\t\t\t\t\t\t<div class=\"swiper-pagination\"><\/div>\n\t\t\t\t\t\t\t\t\t<\/div>\n\t\t\t\t<\/div>\n\t\t\t\t<\/div>\n\t\t\t\t\t<\/div>\n\t\t<\/div>\n\t\t\t\t\t<\/div>\n\t\t<\/section>\n\t\t\t\t<\/div>\n\t\t","protected":false},"excerpt":{"rendered":"<p>A exposi\u00e7\u00e3o \u201cO Passado em Constru\u00e7\u00e3o\u201d com abertura oficial em 12 de junho de 2012, no hall do Pr\u00e9dio da Reitoria apresenta 28 imagens representativas da constru\u00e7\u00e3o da UFSM no per\u00edodo de 1960 a 1973. Neste evento foram homenageados os fot\u00f3grafos respons\u00e1veis pelo registro das imagens e tamb\u00e9m aconteceu o lan\u00e7amento do livro \u201cConcretizando um [&hellip;]<\/p>\n","protected":false},"author":201,"featured_media":0,"parent":0,"menu_order":0,"comment_status":"closed","ping_status":"closed","template":"","meta":{"footnotes":""},"categories":[],"tags":[],"class_list":["post-506","page","type-page","status-publish","hentry"],"acf":[],"_links":{"self":[{"href":"https:\/\/www.ufsm.br\/orgaos-suplementares\/dag\/wp-json\/wp\/v2\/pages\/506","targetHints":{"allow":["GET"]}}],"collection":[{"href":"https:\/\/www.ufsm.br\/orgaos-suplementares\/dag\/wp-json\/wp\/v2\/pages"}],"about":[{"href":"https:\/\/www.ufsm.br\/orgaos-suplementares\/dag\/wp-json\/wp\/v2\/types\/page"}],"author":[{"embeddable":true,"href":"https:\/\/www.ufsm.br\/orgaos-suplementares\/dag\/wp-json\/wp\/v2\/users\/201"}],"replies":[{"embeddable":true,"href":"https:\/\/www.ufsm.br\/orgaos-suplementares\/dag\/wp-json\/wp\/v2\/comments?post=506"}],"version-history":[{"count":0,"href":"https:\/\/www.ufsm.br\/orgaos-suplementares\/dag\/wp-json\/wp\/v2\/pages\/506\/revisions"}],"wp:attachment":[{"href":"https:\/\/www.ufsm.br\/orgaos-suplementares\/dag\/wp-json\/wp\/v2\/media?parent=506"}],"wp:term":[{"taxonomy":"category","embeddable":true,"href":"https:\/\/www.ufsm.br\/orgaos-suplementares\/dag\/wp-json\/wp\/v2\/categories?post=506"},{"taxonomy":"post_tag","embeddable":true,"href":"https:\/\/www.ufsm.br\/orgaos-suplementares\/dag\/wp-json\/wp\/v2\/tags?post=506"}],"curies":[{"name":"wp","href":"https:\/\/api.w.org\/{rel}","templated":true}]}}