{"id":692,"date":"2019-01-30T13:30:50","date_gmt":"2019-01-30T15:30:50","guid":{"rendered":"https:\/\/www.ufsm.br\/orgaos-suplementares\/dag\/?page_id=692"},"modified":"2023-06-29T13:39:44","modified_gmt":"2023-06-29T16:39:44","slug":"projeto-fotografia-e-gestao-o-arquivo-digital-da-agencia-de-noticias-da-ufsm","status":"publish","type":"page","link":"https:\/\/www.ufsm.br\/orgaos-suplementares\/dag\/projeto-fotografia-e-gestao-o-arquivo-digital-da-agencia-de-noticias-da-ufsm","title":{"rendered":"Projeto Fotografia e Gest\u00e3o: o Arquivo Digital da Ag\u00eancia de Not\u00edcias da UFSM"},"content":{"rendered":"\t\t<div data-elementor-type=\"wp-post\" data-elementor-id=\"692\" class=\"elementor elementor-692\">\n\t\t\t\t\t\t<section class=\"elementor-section elementor-top-section elementor-element elementor-element-b46b86e elementor-section-boxed elementor-section-height-default elementor-section-height-default\" data-id=\"b46b86e\" data-element_type=\"section\">\n\t\t\t\t\t\t<div class=\"elementor-container elementor-column-gap-default\">\n\t\t\t\t\t<div class=\"elementor-column elementor-col-100 elementor-top-column elementor-element elementor-element-bc71b3b\" data-id=\"bc71b3b\" data-element_type=\"column\">\n\t\t\t<div class=\"elementor-widget-wrap elementor-element-populated\">\n\t\t\t\t\t\t<div class=\"elementor-element elementor-element-21db5e5 elementor-widget elementor-widget-text-editor\" data-id=\"21db5e5\" data-element_type=\"widget\" data-widget_type=\"text-editor.default\">\n\t\t\t\t<div class=\"elementor-widget-container\">\n\t\t\t\t\t\t\t<p><span style=\"font-family: 'trebuchet ms', geneva, sans-serif;font-size: 12pt\">Per\u00edodo de execu\u00e7\u00e3o: agosto de 2016 a agosto de 2021<\/span><\/p><p><span style=\"font-family: 'trebuchet ms', geneva, sans-serif;font-size: 12pt\">O projeto de extens\u00e3o &#8220;Fotografia e Gest\u00e3o: o Acervo Digital da Ag\u00eancia de Not\u00edcias da UFSM&#8221;, <a href=\"https:\/\/portal.ufsm.br\/projetos\/publico\/projetos\/view.html?idProjeto=54654\" target=\"_blank\" rel=\"noopener\">registro PROPLAN n. 044211<\/a> realizou realizou suas atividades entre agosto de 2016 e agosto de 2021 sob coordena\u00e7\u00e3o do Departamento de Arquivo Geral UFSM.<\/span><\/p><p><span style=\"font-family: 'trebuchet ms', geneva, sans-serif;font-size: 12pt\">Durante o per\u00edodo compreendido realizou-se a gest\u00e3o, preserva\u00e7\u00e3o e acesso do <strong>arquivo fotogr\u00e1fico nato-digital<\/strong> produzido pelo N\u00facleo de Ag\u00eancia de Not\u00edcias (AN) da Coordenadoria de Comunica\u00e7\u00e3o Social da UFSM.<\/span><\/p><p><span style=\"font-family: 'trebuchet ms', geneva, sans-serif;font-size: 12pt\">O projeto serviu como modelo para o estabelecimento de um formato padr\u00e3o de gest\u00e3o arquiv\u00edstica das fotografias digitais da UFSM. Esta gest\u00e3o engloba as sete fun\u00e7\u00f5es arquiv\u00edsticas (segundo ROUSSEAU e COUTURE, 1998): produ\u00e7\u00e3o\/cria\u00e7\u00e3o, avalia\u00e7\u00e3o\/sele\u00e7\u00e3o, aquisi\u00e7\u00e3o, conserva\u00e7\u00e3o, classifica\u00e7\u00e3o, descri\u00e7\u00e3o e difus\u00e3o.<\/span><\/p><p><span style=\"font-family: 'trebuchet ms', geneva, sans-serif;font-size: 12pt\">As etapas previstas foram realizadas nesta ordem: organiza\u00e7\u00e3o cronol\u00f3gica das fotografias digitais; an\u00e1lise\/sele\u00e7\u00e3o das fotografias (exclu\u00eddas fotografias sem qualidade ou duplicadas), classifica\u00e7\u00e3o arquiv\u00edstica, pesquisa bibliogr\u00e1fica e documental sobre o evento, descri\u00e7\u00e3o arquiv\u00edstica e publica\u00e7\u00e3o\/difus\u00e3o na Plataforma Institucional Fonte (ICA-Atom) .<\/span><\/p><p><span style=\"font-family: 'trebuchet ms', geneva, sans-serif;font-size: 12pt\">Inicialmente foram arquivadas as <u>mais de 36 mil fotografias<\/u> nato digitais, produzidas de 2016 a 2010 e armazenadas em HDs externos. No segundo momento foram organizadas as fotografias de 2002 a 2009, as quais foram enviadas ao DAG em CDS por Jair Alan Siqueira Cortes, jornalista da R\u00e1dio Universidade.<\/span><\/p><p><div id='gallery-1' class='gallery galleryid-692 gallery-columns-1 gallery-size-large'><figure class='gallery-item'>\n\t\t\t<div class='gallery-icon landscape'>\n\t\t\t\t<a href='https:\/\/www.ufsm.br\/orgaos-suplementares\/dag\/cd-15-2003-fotos-natodigitais'><img fetchpriority=\"high\" decoding=\"async\" width=\"1024\" height=\"768\" src=\"https:\/\/www.ufsm.br\/app\/uploads\/sites\/400\/2023\/05\/CD-15-2003-fotos-natodigitais-1024x768.jpg\" class=\"attachment-large size-large\" alt=\"\" aria-describedby=\"gallery-1-4088\" srcset=\"https:\/\/www.ufsm.br\/app\/uploads\/sites\/400\/2023\/05\/CD-15-2003-fotos-natodigitais-1024x768.jpg 1024w, https:\/\/www.ufsm.br\/app\/uploads\/sites\/400\/2023\/05\/CD-15-2003-fotos-natodigitais-300x225.jpg 300w, https:\/\/www.ufsm.br\/app\/uploads\/sites\/400\/2023\/05\/CD-15-2003-fotos-natodigitais-768x576.jpg 768w, https:\/\/www.ufsm.br\/app\/uploads\/sites\/400\/2023\/05\/CD-15-2003-fotos-natodigitais-1536x1152.jpg 1536w, https:\/\/www.ufsm.br\/app\/uploads\/sites\/400\/2023\/05\/CD-15-2003-fotos-natodigitais.jpg 1920w\" sizes=\"(max-width: 1024px) 100vw, 1024px\" \/><\/a>\n\t\t\t<\/div>\n\t\t\t\t<figcaption class='wp-caption-text gallery-caption' id='gallery-1-4088'>\n\t\t\t\tCD com fotografias produzidas para reportagens de 2003 da AN\n\t\t\t\t<\/figcaption><\/figure>\n\t\t<\/div>\n<\/p><figure id=\"attachment_4089\" aria-describedby=\"caption-attachment-4089\" style=\"width: 450px\" class=\"wp-caption aligncenter\"><img decoding=\"async\" class=\"wp-image-4089 size-full\" src=\"https:\/\/www.ufsm.br\/app\/uploads\/sites\/400\/2023\/05\/Tabela-fotografias-AN.jpg\" alt=\"\" width=\"450\" height=\"762\" srcset=\"https:\/\/www.ufsm.br\/app\/uploads\/sites\/400\/2023\/05\/Tabela-fotografias-AN.jpg 450w, https:\/\/www.ufsm.br\/app\/uploads\/sites\/400\/2023\/05\/Tabela-fotografias-AN-177x300.jpg 177w\" sizes=\"(max-width: 450px) 100vw, 450px\" \/><figcaption id=\"caption-attachment-4089\" class=\"wp-caption-text\"><span style=\"font-size: 10pt;font-family: 'trebuchet ms', geneva, sans-serif\">Volume de fotografias e eventos do arquivo fotogr\u00e1fico AN<\/span><\/figcaption><\/figure><p><span style=\"font-family: 'trebuchet ms', geneva, sans-serif\">As fotografias est\u00e3o dispon\u00edveis para pesquisa no <strong><a href=\"https:\/\/fonte.ufsm.br\/index.php\/informationobject\/browse?showAdvanced=1&amp;sort=identifier&amp;sq0=AN&amp;sf0=referenceCode&amp;topLod=0&amp;rangeType=inclusive\" target=\"_blank\" rel=\"noopener\">Reposit\u00f3rio Institucional Fonte<\/a><\/strong><\/span><\/p><p><span style=\"font-family: 'trebuchet ms', geneva, sans-serif\">Para facilitar o acesso foi produzido um <strong><a href=\"https:\/\/www.ufsm.br\/app\/uploads\/sites\/400\/2023\/05\/UFSM-AgNoticias-ArqFotografico-1998-a-2021-indice.pdf\" target=\"_blank\" rel=\"noopener\">\u00edndice com os links dos registros de eventos de 1998 a 2021<\/a><\/strong>.<\/span><\/p><p><span style=\"font-family: 'trebuchet ms', geneva, sans-serif\">O acervo fotogr\u00e1fico organizado e descrito possibilitou a realiza\u00e7\u00e3o de a\u00e7\u00f5es de extens\u00e3o.<\/span><\/p><p><span style=\"font-family: 'trebuchet ms', geneva, sans-serif\">Em junho de 2019 foi realizada uma Gincana Fotogr\u00e1fica para 51 alunos do 6\u00ba, 7\u00ba, 8\u00ba e 9\u00ba ano da Escola Estadual de Ensino Fundamental Padre Rafael Iop localizada em Vale V\u00eaneto, 2\u00ba distrito de S\u00e3o Jo\u00e3o do Pol\u00easine, evento inserido no Projeto de Extens\u00e3o DAG na 3\u00aa Semana Nacional de Arquivos, <a href=\"https:\/\/portal.ufsm.br\/projetos\/publico\/projetos\/view.html?idProjeto=63932\" target=\"_blank\" rel=\"noopener\"><strong>registro PROPLAN n. 051918\u00a0<\/strong><\/a><\/span><\/p><p><span style=\"font-family: 'trebuchet ms', geneva, sans-serif\">A a\u00e7\u00e3o foi desenvolvida na disciplina de Educa\u00e7\u00e3o Art\u00edstica e foram usadas as fotografias do Festival Internacional de Inverno produzidas pela NA nos anos de 1986, 1987, 1991, 1992, 1996 e 1997.<\/span><\/p><p><div id='gallery-2' class='gallery galleryid-692 gallery-columns-1 gallery-size-full'><figure class='gallery-item'>\n\t\t\t<div class='gallery-icon landscape'>\n\t\t\t\t<a href='https:\/\/www.ufsm.br\/orgaos-suplementares\/dag\/ufsm-2019-014-035-dag'><img decoding=\"async\" width=\"1920\" height=\"1440\" src=\"https:\/\/www.ufsm.br\/app\/uploads\/sites\/400\/2023\/05\/UFSM.2019.014.035.DAG_.jpg\" class=\"attachment-full size-full\" alt=\"\" aria-describedby=\"gallery-2-4090\" srcset=\"https:\/\/www.ufsm.br\/app\/uploads\/sites\/400\/2023\/05\/UFSM.2019.014.035.DAG_.jpg 1920w, https:\/\/www.ufsm.br\/app\/uploads\/sites\/400\/2023\/05\/UFSM.2019.014.035.DAG_-300x225.jpg 300w, https:\/\/www.ufsm.br\/app\/uploads\/sites\/400\/2023\/05\/UFSM.2019.014.035.DAG_-1024x768.jpg 1024w, https:\/\/www.ufsm.br\/app\/uploads\/sites\/400\/2023\/05\/UFSM.2019.014.035.DAG_-768x576.jpg 768w, https:\/\/www.ufsm.br\/app\/uploads\/sites\/400\/2023\/05\/UFSM.2019.014.035.DAG_-1536x1152.jpg 1536w\" sizes=\"(max-width: 1920px) 100vw, 1920px\" \/><\/a>\n\t\t\t<\/div>\n\t\t\t\t<figcaption class='wp-caption-text gallery-caption' id='gallery-2-4090'>\n\t\t\t\tUFSM.2019.014.035 e 080 Fot\u00f3grafo: Marcos Machado Paulo\n\t\t\t\t<\/figcaption><\/figure><figure class='gallery-item'>\n\t\t\t<div class='gallery-icon landscape'>\n\t\t\t\t<a href='https:\/\/www.ufsm.br\/orgaos-suplementares\/dag\/ufsm-2019-014-080-dag'><img loading=\"lazy\" decoding=\"async\" width=\"1920\" height=\"1440\" src=\"https:\/\/www.ufsm.br\/app\/uploads\/sites\/400\/2023\/05\/UFSM.2019.014.080.DAG_.jpg\" class=\"attachment-full size-full\" alt=\"\" srcset=\"https:\/\/www.ufsm.br\/app\/uploads\/sites\/400\/2023\/05\/UFSM.2019.014.080.DAG_.jpg 1920w, https:\/\/www.ufsm.br\/app\/uploads\/sites\/400\/2023\/05\/UFSM.2019.014.080.DAG_-300x225.jpg 300w, https:\/\/www.ufsm.br\/app\/uploads\/sites\/400\/2023\/05\/UFSM.2019.014.080.DAG_-1024x768.jpg 1024w, https:\/\/www.ufsm.br\/app\/uploads\/sites\/400\/2023\/05\/UFSM.2019.014.080.DAG_-768x576.jpg 768w, https:\/\/www.ufsm.br\/app\/uploads\/sites\/400\/2023\/05\/UFSM.2019.014.080.DAG_-1536x1152.jpg 1536w\" sizes=\"(max-width: 1920px) 100vw, 1920px\" \/><\/a>\n\t\t\t<\/div><\/figure>\n\t\t<\/div>\n<\/p><p><span style=\"font-size: 12pt\">Em setembro de 2020, a coordenadora do projeto foi convidada a gravar o<\/span> <a style=\"font-family: 'trebuchet ms', geneva, sans-serif;font-size: 14px\" href=\"https:\/\/open.spotify.com\/show\/7he6KKMY2yzXb2GcPEqhM8\" target=\"_blank\" rel=\"noopener\"><strong>primeiro podcast do projeto \u201cInvent\u00e1rios Fotogr\u00e1ficos e Preserva\u00e7\u00e3o Digital de Cole\u00e7\u00f5es Antropol\u00f3gicas na Para\u00edba e no Rio Grande do Sul<\/strong><\/a><span style=\"font-family: 'trebuchet ms', geneva, sans-serif;font-size: 14px\">\u201d, o qual tem por horizonte tem\u00e1tico a inventarian\u00e7a e a preserva\u00e7\u00e3o de acervos fotogr\u00e1ficos digitais de interesse antropol\u00f3gico. Sob coordena\u00e7\u00e3o de Yuri Sch\u00f6nardie Rapkiewicz e Jos\u00e9 Muniz Falc\u00e3o Neto, o projeto foi contemplado no Edital Bolsa Funarte de Est\u00edmulo \u00e0 Conserva\u00e7\u00e3o Fotogr\u00e1fica Solange Z\u00fa\u00f1iga \u2013 2020.<\/span><\/p><p><img loading=\"lazy\" decoding=\"async\" class=\"aligncenter wp-image-4085 size-large\" src=\"https:\/\/www.ufsm.br\/app\/uploads\/sites\/400\/2023\/05\/PAVI-Podcast-Cristina-5-1024x1024.jpeg\" alt=\"\" width=\"1024\" height=\"1024\" srcset=\"https:\/\/www.ufsm.br\/app\/uploads\/sites\/400\/2023\/05\/PAVI-Podcast-Cristina-5-1024x1024.jpeg 1024w, https:\/\/www.ufsm.br\/app\/uploads\/sites\/400\/2023\/05\/PAVI-Podcast-Cristina-5-300x300.jpeg 300w, https:\/\/www.ufsm.br\/app\/uploads\/sites\/400\/2023\/05\/PAVI-Podcast-Cristina-5-150x150.jpeg 150w, https:\/\/www.ufsm.br\/app\/uploads\/sites\/400\/2023\/05\/PAVI-Podcast-Cristina-5-768x768.jpeg 768w, https:\/\/www.ufsm.br\/app\/uploads\/sites\/400\/2023\/05\/PAVI-Podcast-Cristina-5.jpeg 1080w\" sizes=\"(max-width: 1024px) 100vw, 1024px\" \/> <img loading=\"lazy\" decoding=\"async\" class=\"size-medium wp-image-4086 aligncenter\" src=\"https:\/\/www.ufsm.br\/app\/uploads\/sites\/400\/2023\/05\/PAVI-Podcast-Cristina-3-300x300.jpeg\" alt=\"\" width=\"300\" height=\"300\" srcset=\"https:\/\/www.ufsm.br\/app\/uploads\/sites\/400\/2023\/05\/PAVI-Podcast-Cristina-3-300x300.jpeg 300w, https:\/\/www.ufsm.br\/app\/uploads\/sites\/400\/2023\/05\/PAVI-Podcast-Cristina-3-1024x1024.jpeg 1024w, https:\/\/www.ufsm.br\/app\/uploads\/sites\/400\/2023\/05\/PAVI-Podcast-Cristina-3-150x150.jpeg 150w, https:\/\/www.ufsm.br\/app\/uploads\/sites\/400\/2023\/05\/PAVI-Podcast-Cristina-3-768x768.jpeg 768w, https:\/\/www.ufsm.br\/app\/uploads\/sites\/400\/2023\/05\/PAVI-Podcast-Cristina-3.jpeg 1080w\" sizes=\"(max-width: 300px) 100vw, 300px\" \/> <img loading=\"lazy\" decoding=\"async\" class=\"aligncenter wp-image-4087 size-large\" src=\"https:\/\/www.ufsm.br\/app\/uploads\/sites\/400\/2023\/05\/PAVi-pod-cast-Cristina-spotfy-1024x268.jpg\" alt=\"\" width=\"1024\" height=\"268\" srcset=\"https:\/\/www.ufsm.br\/app\/uploads\/sites\/400\/2023\/05\/PAVi-pod-cast-Cristina-spotfy-1024x268.jpg 1024w, https:\/\/www.ufsm.br\/app\/uploads\/sites\/400\/2023\/05\/PAVi-pod-cast-Cristina-spotfy-300x79.jpg 300w, https:\/\/www.ufsm.br\/app\/uploads\/sites\/400\/2023\/05\/PAVi-pod-cast-Cristina-spotfy-768x201.jpg 768w, https:\/\/www.ufsm.br\/app\/uploads\/sites\/400\/2023\/05\/PAVi-pod-cast-Cristina-spotfy-1536x402.jpg 1536w, https:\/\/www.ufsm.br\/app\/uploads\/sites\/400\/2023\/05\/PAVi-pod-cast-Cristina-spotfy.jpg 1563w\" sizes=\"(max-width: 1024px) 100vw, 1024px\" \/><\/p><p><span style=\"font-family: 'trebuchet ms', geneva, sans-serif;font-size: 12pt\">Al\u00e9m disso, foi publicado o <a href=\"http:\/\/arquivologiauepb.com.br\/racin\/edicoes\/v6_nesp\/racin_v6_nesp_RE_GT02_0813-0826.pdf\" target=\"_blank\" rel=\"noopener\"><strong>artigo \u201cGest\u00e3o Arquiv\u00edstica de Fotografias Digitais na UFSM<\/strong>\u201d <strong>sobre o case na <em>Revista Analisando em Ci\u00eancia da Informa\u00e7\u00e3o &#8211; RACIn, v. 6, n. especial, p. 813-826, out. 2018.<\/em><\/strong><\/a><\/span><span style=\"font-family: 'trebuchet ms', geneva, sans-serif;font-size: 12pt\">O artigo \u00e9 resultante da comunica\u00e7\u00e3o no VIII Congresso Nacional de Arquivologia realizado em Jo\u00e3o Pessoa-PB em 2018, comunica\u00e7\u00e3o esta que foi premiada.<\/span><\/p><p><span style=\"font-family: 'trebuchet ms', geneva, sans-serif\"><u>Equipe do Projeto<\/u><\/span><\/p><p><span style=\"font-family: 'trebuchet ms', geneva, sans-serif\">Cristina Strohschoen dos Santos, arquivista DAG, coordenadora do projeto<\/span><\/p><p><span style=\"font-family: 'trebuchet ms', geneva, sans-serif\">Neiva Pavezi, arquivista DAG (ago.\/2016 a ago.\/2018)<\/span><\/p><p><span style=\"font-family: 'trebuchet ms', geneva, sans-serif\">Graziela Maria Braga da Silva, jornalista, Chefe da Coordenadoria de Comunica\u00e7\u00e3o Social (mai.\/2017 a dez.\/2017)<\/span><\/p><p><span style=\"font-family: 'trebuchet ms', geneva, sans-serif\">Carine Felkl Prevedello, jornalista, Chefe da Coordenadoria de Comunica\u00e7\u00e3o Social (mai.\/2017 a ago.\/2018)<\/span><\/p><p><span style=\"font-family: 'trebuchet ms', geneva, sans-serif\">Mauricio Dias Souza, jornalista, Chefe da Ag\u00eancia de Not\u00edcias e Chefe da Coordenadoria de Comunica\u00e7\u00e3o Social (ago.\/2016\u00a0 a ago.\/2021)<\/span><\/p><p><span style=\"font-family: 'trebuchet ms', geneva, sans-serif\">Carla Isa Costa, jornalista, Chefe da Ag\u00eancia de Not\u00edcias (ago.\/2016 a ago.\/2020)<\/span><\/p><p><span style=\"font-family: 'trebuchet ms', geneva, sans-serif\">Jo\u00e3o Ricardo Gazzeano Schmitt, jornalista, Chefe da Ag\u00eancia de Not\u00edcias (mar.\/2017 a ago.\/2018)<\/span><\/p><p><span style=\"font-family: 'trebuchet ms', geneva, sans-serif\">Laura Beatriz Hartmann, jornalista da Ag\u00eancia de Not\u00edcias (ago.\/2016 a ago.\/2018)<\/span><\/p><p><span style=\"font-family: 'trebuchet ms', geneva, sans-serif\">Lucas Carneiro Casali, jornalista da Ag\u00eancia de Not\u00edcias (ago.\/2016 a ago.\/2020)<\/span><\/p><p><span style=\"font-family: 'trebuchet ms', geneva, sans-serif\">Luciane Treulieb, jornalista da Ag\u00eancia de Not\u00edcias (jan.\/2017 a fev.\/2019)<\/span><\/p><p><span style=\"font-family: 'trebuchet ms', geneva, sans-serif\">Ricardo Bonfanti, jornalista da Ag\u00eancia de Not\u00edcias (ago.\/2016 a ago.\/2020)<\/span><\/p><p><span style=\"font-family: 'trebuchet ms', geneva, sans-serif\">Rafael Happke, servidor da Revista Arco (jan.\/2017 a ago.\/2018 e ago.\/2020 a ago.\/2021)<\/span><\/p><p><span style=\"font-family: 'trebuchet ms', geneva, sans-serif\">Marcos Machado Paulo, bolsista, acad\u00eamico de Arquivologia (mar.\/2016 a fev.\/2017)<\/span><\/p><p><span style=\"font-family: 'trebuchet ms', geneva, sans-serif\">Danielle Godoy Esp\u00edndola, bolsista, acad\u00eamica de Arquivologia (mar.\/2017 a fev.\/2019)<\/span><\/p><p><span style=\"font-family: 'trebuchet ms', geneva, sans-serif\">Alexandre Campanholo, bolsista, acad\u00eamico de Desenho Industrial (mar. a jul.\/2019)<\/span><\/p><p><span style=\"font-family: 'trebuchet ms', geneva, sans-serif\">Isadora Barduil Pedroso, bolsista, acad\u00eamica de Rela\u00e7\u00f5es P\u00fablicas (set.\/2019 a ago.\/2021)<\/span><\/p>\t\t\t\t\t\t<\/div>\n\t\t\t\t<\/div>\n\t\t\t\t\t<\/div>\n\t\t<\/div>\n\t\t\t\t\t<\/div>\n\t\t<\/section>\n\t\t\t\t<section class=\"elementor-section elementor-top-section elementor-element elementor-element-2f678fb elementor-section-boxed elementor-section-height-default elementor-section-height-default\" data-id=\"2f678fb\" data-element_type=\"section\">\n\t\t\t\t\t\t<div class=\"elementor-container elementor-column-gap-default\">\n\t\t\t\t\t<div class=\"elementor-column elementor-col-100 elementor-top-column elementor-element elementor-element-c90fa1a\" data-id=\"c90fa1a\" data-element_type=\"column\">\n\t\t\t<div class=\"elementor-widget-wrap elementor-element-populated\">\n\t\t\t\t\t\t\t<\/div>\n\t\t<\/div>\n\t\t\t\t\t<\/div>\n\t\t<\/section>\n\t\t\t\t<section class=\"elementor-section elementor-top-section elementor-element elementor-element-305af5b elementor-section-boxed elementor-section-height-default elementor-section-height-default\" data-id=\"305af5b\" data-element_type=\"section\">\n\t\t\t\t\t\t<div class=\"elementor-container elementor-column-gap-default\">\n\t\t\t\t\t<div class=\"elementor-column elementor-col-100 elementor-top-column elementor-element elementor-element-e2e4538\" data-id=\"e2e4538\" data-element_type=\"column\">\n\t\t\t<div class=\"elementor-widget-wrap elementor-element-populated\">\n\t\t\t\t\t\t<div class=\"elementor-element elementor-element-3945b3d elementor-widget elementor-widget-text-editor\" data-id=\"3945b3d\" data-element_type=\"widget\" data-widget_type=\"text-editor.default\">\n\t\t\t\t<div class=\"elementor-widget-container\">\n\t\t\t\t\t\t\t<p><strong>\u00a0<\/strong><\/p>\t\t\t\t\t\t<\/div>\n\t\t\t\t<\/div>\n\t\t\t\t\t<\/div>\n\t\t<\/div>\n\t\t\t\t\t<\/div>\n\t\t<\/section>\n\t\t\t\t<\/div>\n\t\t","protected":false},"excerpt":{"rendered":"<p>Per\u00edodo de execu\u00e7\u00e3o: agosto de 2016 a agosto de 2021 O projeto de extens\u00e3o &#8220;Fotografia e Gest\u00e3o: o Acervo Digital da Ag\u00eancia de Not\u00edcias da UFSM&#8221;, registro PROPLAN n. 044211 realizou realizou suas atividades entre agosto de 2016 e agosto de 2021 sob coordena\u00e7\u00e3o do Departamento de Arquivo Geral UFSM. Durante o per\u00edodo compreendido realizou-se [&hellip;]<\/p>\n","protected":false},"author":117,"featured_media":0,"parent":0,"menu_order":0,"comment_status":"closed","ping_status":"closed","template":"","meta":{"footnotes":""},"categories":[],"tags":[],"class_list":["post-692","page","type-page","status-publish","hentry"],"acf":[],"_links":{"self":[{"href":"https:\/\/www.ufsm.br\/orgaos-suplementares\/dag\/wp-json\/wp\/v2\/pages\/692","targetHints":{"allow":["GET"]}}],"collection":[{"href":"https:\/\/www.ufsm.br\/orgaos-suplementares\/dag\/wp-json\/wp\/v2\/pages"}],"about":[{"href":"https:\/\/www.ufsm.br\/orgaos-suplementares\/dag\/wp-json\/wp\/v2\/types\/page"}],"author":[{"embeddable":true,"href":"https:\/\/www.ufsm.br\/orgaos-suplementares\/dag\/wp-json\/wp\/v2\/users\/117"}],"replies":[{"embeddable":true,"href":"https:\/\/www.ufsm.br\/orgaos-suplementares\/dag\/wp-json\/wp\/v2\/comments?post=692"}],"version-history":[{"count":0,"href":"https:\/\/www.ufsm.br\/orgaos-suplementares\/dag\/wp-json\/wp\/v2\/pages\/692\/revisions"}],"wp:attachment":[{"href":"https:\/\/www.ufsm.br\/orgaos-suplementares\/dag\/wp-json\/wp\/v2\/media?parent=692"}],"wp:term":[{"taxonomy":"category","embeddable":true,"href":"https:\/\/www.ufsm.br\/orgaos-suplementares\/dag\/wp-json\/wp\/v2\/categories?post=692"},{"taxonomy":"post_tag","embeddable":true,"href":"https:\/\/www.ufsm.br\/orgaos-suplementares\/dag\/wp-json\/wp\/v2\/tags?post=692"}],"curies":[{"name":"wp","href":"https:\/\/api.w.org\/{rel}","templated":true}]}}