{"id":23,"date":"2026-04-08T08:44:26","date_gmt":"2026-04-08T11:44:26","guid":{"rendered":"https:\/\/www.ufsm.br\/orgaos-suplementares\/dga\/?page_id=23"},"modified":"2026-04-08T08:44:48","modified_gmt":"2026-04-08T11:44:48","slug":"contatos","status":"publish","type":"page","link":"https:\/\/www.ufsm.br\/orgaos-suplementares\/dga\/contatos","title":{"rendered":"Contatos"},"content":{"rendered":"\t\t<div data-elementor-type=\"wp-page\" data-elementor-id=\"23\" class=\"elementor elementor-23\">\n\t\t\t\t\t\t<section class=\"elementor-section elementor-top-section elementor-element elementor-element-8996df0 elementor-section-boxed elementor-section-height-default elementor-section-height-default\" data-id=\"8996df0\" data-element_type=\"section\">\n\t\t\t\t\t\t<div class=\"elementor-container elementor-column-gap-default\">\n\t\t\t\t\t<div class=\"elementor-column elementor-col-100 elementor-top-column elementor-element elementor-element-dbd9c7c\" data-id=\"dbd9c7c\" data-element_type=\"column\">\n\t\t\t<div class=\"elementor-widget-wrap elementor-element-populated\">\n\t\t\t\t\t\t<div class=\"elementor-element elementor-element-9edd89b elementor-widget elementor-widget-text-editor\" data-id=\"9edd89b\" data-element_type=\"widget\" data-widget_type=\"text-editor.default\">\n\t\t\t\t<div class=\"elementor-widget-container\">\n\t\t\t\t\t\t\t<div class=\"elementor-element elementor-element-11ce9be elementor-widget elementor-widget-heading\" data-id=\"11ce9be\" data-element_type=\"widget\" data-widget_type=\"heading.default\">\u00a0<\/div><div class=\"elementor-element elementor-element-956eccc elementor-widget elementor-widget-text-editor\" data-id=\"956eccc\" data-element_type=\"widget\" data-widget_type=\"text-editor.default\"><div class=\"elementor-widget-container\"><ul><li>Diretoria de Gest\u00e3o ambiental (DGA): <a class=\"notranslate\" href=\"mailto:diretoria.ambiental@ufsm.br\">diretoria.ambiental@ufsm.br<\/a><\/li><li dir=\"ltr\" role=\"presentation\">Setor de Acompanhamento Administrativo e Or\u00e7ament\u00e1rio (SAAO\/DGA): <a class=\"notranslate\" href=\"mailto:diretoria.ambiental@ufsm.br\">diretoria.ambiental@ufsm.br<\/a><\/li><li dir=\"ltr\" role=\"presentation\">N\u00facleo de Licenciamento Ambiental e Saneamento (NLAS\/DGA): <a class=\"notranslate\" href=\"mailto:licenciamentodga@ufsm.br\">licenciamentodga@ufsm.br<\/a><\/li><li dir=\"ltr\" role=\"presentation\">Setor de Res\u00edduos e Produtos Qu\u00edmicos (SRPQ\/DGA): <a class=\"notranslate\" href=\"mailto:residuosdga@ufsm.br\">residuosdga@ufsm.br<\/a>. Sala 854 (Ramal 8498)<\/li><li dir=\"ltr\" role=\"presentation\">Salas: 860 e 854, 8\u00ba andar da Reitoria.<\/li><li dir=\"ltr\" role=\"presentation\">Fone: (55) 3178-0708 (Ramal 708)<\/li><\/ul><\/div><\/div>\t\t\t\t\t\t<\/div>\n\t\t\t\t<\/div>\n\t\t\t\t\t<\/div>\n\t\t<\/div>\n\t\t\t\t\t<\/div>\n\t\t<\/section>\n\t\t\t\t<\/div>\n\t\t","protected":false},"excerpt":{"rendered":"<p>\u00a0 Diretoria de Gest\u00e3o ambiental (DGA): diretoria.ambiental@ufsm.br Setor de Acompanhamento Administrativo e Or\u00e7ament\u00e1rio (SAAO\/DGA): diretoria.ambiental@ufsm.br N\u00facleo de Licenciamento Ambiental e Saneamento (NLAS\/DGA): licenciamentodga@ufsm.br Setor de Res\u00edduos e Produtos Qu\u00edmicos (SRPQ\/DGA): residuosdga@ufsm.br. Sala 854 (Ramal 8498) Salas: 860 e 854, 8\u00ba andar da Reitoria. Fone: (55) 3178-0708 (Ramal 708)<\/p>\n","protected":false},"author":278,"featured_media":0,"parent":0,"menu_order":0,"comment_status":"closed","ping_status":"closed","template":"","meta":{"footnotes":""},"categories":[],"tags":[],"class_list":["post-23","page","type-page","status-publish","hentry"],"acf":[],"_links":{"self":[{"href":"https:\/\/www.ufsm.br\/orgaos-suplementares\/dga\/wp-json\/wp\/v2\/pages\/23","targetHints":{"allow":["GET"]}}],"collection":[{"href":"https:\/\/www.ufsm.br\/orgaos-suplementares\/dga\/wp-json\/wp\/v2\/pages"}],"about":[{"href":"https:\/\/www.ufsm.br\/orgaos-suplementares\/dga\/wp-json\/wp\/v2\/types\/page"}],"author":[{"embeddable":true,"href":"https:\/\/www.ufsm.br\/orgaos-suplementares\/dga\/wp-json\/wp\/v2\/users\/278"}],"replies":[{"embeddable":true,"href":"https:\/\/www.ufsm.br\/orgaos-suplementares\/dga\/wp-json\/wp\/v2\/comments?post=23"}],"version-history":[{"count":0,"href":"https:\/\/www.ufsm.br\/orgaos-suplementares\/dga\/wp-json\/wp\/v2\/pages\/23\/revisions"}],"wp:attachment":[{"href":"https:\/\/www.ufsm.br\/orgaos-suplementares\/dga\/wp-json\/wp\/v2\/media?parent=23"}],"wp:term":[{"taxonomy":"category","embeddable":true,"href":"https:\/\/www.ufsm.br\/orgaos-suplementares\/dga\/wp-json\/wp\/v2\/categories?post=23"},{"taxonomy":"post_tag","embeddable":true,"href":"https:\/\/www.ufsm.br\/orgaos-suplementares\/dga\/wp-json\/wp\/v2\/tags?post=23"}],"curies":[{"name":"wp","href":"https:\/\/api.w.org\/{rel}","templated":true}]}}