{"id":984,"date":"2018-07-19T16:55:09","date_gmt":"2018-07-19T19:55:09","guid":{"rendered":"https:\/\/www.ufsm.br\/orgaos-executivos\/sai\/?page_id=984"},"modified":"2026-01-07T13:35:00","modified_gmt":"2026-01-07T16:35:00","slug":"amigo-internacional","status":"publish","type":"page","link":"https:\/\/www.ufsm.br\/orgaos-suplementares\/dri\/amigo-internacional","title":{"rendered":"Amigo Internacional"},"content":{"rendered":"\t\t<div data-elementor-type=\"wp-page\" data-elementor-id=\"984\" class=\"elementor elementor-984\">\n\t\t\t\t\t\t<section class=\"elementor-section elementor-top-section elementor-element elementor-element-0e55e02 elementor-section-boxed elementor-section-height-default elementor-section-height-default\" data-id=\"0e55e02\" data-element_type=\"section\">\n\t\t\t\t\t\t<div class=\"elementor-container elementor-column-gap-default\">\n\t\t\t\t\t<div class=\"elementor-column elementor-col-100 elementor-top-column elementor-element elementor-element-15d9b25\" data-id=\"15d9b25\" data-element_type=\"column\">\n\t\t\t<div class=\"elementor-widget-wrap elementor-element-populated\">\n\t\t\t\t\t\t<div class=\"elementor-element elementor-element-2244e25 elementor-widget elementor-widget-image\" data-id=\"2244e25\" data-element_type=\"widget\" data-widget_type=\"image.default\">\n\t\t\t\t<div class=\"elementor-widget-container\">\n\t\t\t\t\t\t\t\t\t\t\t\t\t<img fetchpriority=\"high\" decoding=\"async\" width=\"1536\" height=\"410\" src=\"https:\/\/www.ufsm.br\/app\/uploads\/sites\/402\/2024\/09\/Banner-do-site-Amigo-Internacional.jpg\" class=\"attachment-full size-full wp-image-4849\" alt=\"\" srcset=\"https:\/\/www.ufsm.br\/app\/uploads\/sites\/402\/2024\/09\/Banner-do-site-Amigo-Internacional.jpg 1536w, https:\/\/www.ufsm.br\/app\/uploads\/sites\/402\/2024\/09\/Banner-do-site-Amigo-Internacional-300x80.jpg 300w, https:\/\/www.ufsm.br\/app\/uploads\/sites\/402\/2024\/09\/Banner-do-site-Amigo-Internacional-1024x273.jpg 1024w, https:\/\/www.ufsm.br\/app\/uploads\/sites\/402\/2024\/09\/Banner-do-site-Amigo-Internacional-768x205.jpg 768w\" sizes=\"(max-width: 1536px) 100vw, 1536px\" \/>\t\t\t\t\t\t\t\t\t\t\t\t\t<\/div>\n\t\t\t\t<\/div>\n\t\t\t\t\t<\/div>\n\t\t<\/div>\n\t\t\t\t\t<\/div>\n\t\t<\/section>\n\t\t\t\t<section class=\"elementor-section elementor-top-section elementor-element elementor-element-1d4af906 elementor-section-boxed elementor-section-height-default elementor-section-height-default\" data-id=\"1d4af906\" data-element_type=\"section\">\n\t\t\t\t\t\t<div class=\"elementor-container elementor-column-gap-default\">\n\t\t\t\t\t<div class=\"elementor-column elementor-col-100 elementor-top-column elementor-element elementor-element-1e433cd\" data-id=\"1e433cd\" data-element_type=\"column\">\n\t\t\t<div class=\"elementor-widget-wrap elementor-element-populated\">\n\t\t\t\t\t\t<div class=\"elementor-element elementor-element-129a920 elementor-widget elementor-widget-text-editor\" data-id=\"129a920\" data-element_type=\"widget\" data-widget_type=\"text-editor.default\">\n\t\t\t\t<div class=\"elementor-widget-container\">\n\t\t\t\t\t\t\t<p><span style=\"font-weight: 400\">Convidamos toda a comunidade acad\u00eamica da UFSM a participar <\/span><span style=\"font-weight: 400\">do Programa Amigo Internacional da DRI e fazer a diferen\u00e7a na vida de estudantes estrangeiros na UFSM! O programa tem como objetivo promover a integra\u00e7\u00e3o entre alunos internacionais e a comunidade acad\u00eamica da UFSM, incluindo estudantes, TAEs e docentes.<\/span><\/p><p><span style=\"font-weight: 400\">\u00a0<\/span><\/p><h5><b>Como Amigo ou Amiga Internacional volunt\u00e1rio(a), suas atribui\u00e7\u00f5es ser\u00e3o:<\/b><\/h5><ul><li style=\"font-weight: 400\"><span style=\"font-weight: 400\">Realizar contato pr\u00e9vio com o aluno estrangeiro para saber a data e o hor\u00e1rio de chegada, fornecendo informa\u00e7\u00f5es sobre Santa Maria e sobre a UFSM;<\/span><\/li><li style=\"font-weight: 400\"><span style=\"font-weight: 400\">Receber o intercambista no dia de sua chegada, buscando-o na rodovi\u00e1ria ou no aeroporto;\u00a0<\/span><\/li><li style=\"font-weight: 400\"><span style=\"font-weight: 400\">Auxili\u00e1-lo a encontrar um lugar para ficar em seus primeiros dias, caso isso seja necess\u00e1rio;<\/span><\/li><li style=\"font-weight: 400\"><span style=\"font-weight: 400\">Informar a localiza\u00e7\u00e3o da UFSM, do curso do estudante internacional, das Bibliotecas, do RU e da DRI;\u00a0<\/span><\/li><li style=\"font-weight: 400\"><span style=\"font-weight: 400\">Auxili\u00e1-lo no contato com o Coordenador de Curso e com os processos na PROGRAD;\u00a0<\/span><\/li><li style=\"font-weight: 400\"><span style=\"font-weight: 400\">Auxili\u00e1-lo nas primeiras compras, como chip de celular e mantimentos;<\/span><\/li><li style=\"font-weight: 400\"><span style=\"font-weight: 400\">Acompanh\u00e1-lo \u00e0 Pol\u00edcia Federal com as documenta\u00e7\u00f5es necess\u00e1rias para solicitar o RNM (Registro Nacional Migrat\u00f3rio);<\/span><\/li><li style=\"font-weight: 400\"><span style=\"font-weight: 400\">Auxili\u00e1-lo a abrir uma conta banc\u00e1ria;\u00a0<\/span><\/li><li style=\"font-weight: 400\"><span style=\"font-weight: 400\">Manter contato constante com a DRI, informando como est\u00e1 sendo a adapta\u00e7\u00e3o do intercambista e sobre qualquer dificuldade existente.<\/span><\/li><\/ul><p><span style=\"font-weight: 400\">Voc\u00ea encontra os primeiros passos que dever\u00e1 realizar com os alunos internacionais na <a href=\"https:\/\/www.ufsm.br\/app\/uploads\/sites\/402\/2025\/09\/Carta-aos-Amigos-Internacionais-2.25.pdf\" target=\"_blank\" rel=\"noopener\">Carta aos Amigos<\/a><\/span><span style=\"font-weight: 400\">;<\/span><\/p><p><span style=\"font-weight: 400\">\u00a0<\/span><\/p><h5><b>Benef\u00edcios de Ser um Amigo(a) Internacional:<\/b><\/h5><ul><li style=\"font-weight: 400\"><span style=\"font-weight: 400\">Conhe\u00e7a diferentes culturas e expanda sua compreens\u00e3o global, aprendendo diretamente com estudantes de diversas partes do mundo.<\/span><\/li><li style=\"font-weight: 400\"><span style=\"font-weight: 400\">Melhore suas habilidades de comunica\u00e7\u00e3o, empatia e resolu\u00e7\u00e3o de problemas ao ajudar algu\u00e9m a se adaptar a um novo ambiente.<\/span><\/li><li style=\"font-weight: 400\"><span style=\"font-weight: 400\">Estabele\u00e7a conex\u00f5es com pessoas de diferentes pa\u00edses, potencialmente criando amizades duradouras.<\/span><\/li><\/ul><div>\u00a0<\/div><h5><b>Para se cadastrar no programa de Amigo Internacional:<\/b><\/h5><ol><li><span style=\"font-weight: 400\"> Preencha o <\/span><a href=\"https:\/\/docs.google.com\/forms\/d\/e\/1FAIpQLSeOkWHCsp7o4IH2cwvQz8RwmTY06loKkeQ_PsiPhVJP2KYPJw\/viewform?usp=sharing&amp;ouid=100867116447491893140\"><span style=\"font-weight: 400\">Formul\u00e1rio Amigo Internacional;<\/span><\/a><\/li><li><span style=\"font-weight: 400\"> Aguarde contato da DRI, que deve ocorrer perto do in\u00edcio do semestre;\u00a0<\/span><\/li><li><span style=\"font-weight: 400\"> Caso voc\u00ea seja selecionado, confirme o interesse pela indica\u00e7\u00e3o e entre em contato com o seu novo(a) amigo(a).<\/span><\/li><\/ol><p><span style=\"font-weight: 400\">Sendo um Amigo(a) Internacional,<\/span> <span style=\"font-weight: 400\">voc\u00ea desempenha um papel importante na cria\u00e7\u00e3o de um ambiente acolhedor e inclusivo na UFSM, contribuindo para a cria\u00e7\u00e3o de uma comunidade universit\u00e1ria mais integrada e internacionalizada.<\/span><\/p><p><span style=\"font-weight: 400\">Caso tenha d\u00favidas, envie um e-mail para <\/span><a href=\"mailto:sai.acolhimento@ufsm.br\"><span style=\"font-weight: 400\">dri.acolhe@ufsm.br<\/span><\/a><span style=\"font-weight: 400\">.<\/span><\/p>\t\t\t\t\t\t<\/div>\n\t\t\t\t<\/div>\n\t\t\t\t\t<\/div>\n\t\t<\/div>\n\t\t\t\t\t<\/div>\n\t\t<\/section>\n\t\t\t\t<\/div>\n\t\t","protected":false},"excerpt":{"rendered":"<p>Convidamos toda a comunidade acad\u00eamica da UFSM a participar do Programa Amigo Internacional da DRI e fazer a diferen\u00e7a na vida de estudantes estrangeiros na UFSM! O programa tem como objetivo promover a integra\u00e7\u00e3o entre alunos internacionais e a comunidade acad\u00eamica da UFSM, incluindo estudantes, TAEs e docentes. \u00a0 Como Amigo ou Amiga Internacional volunt\u00e1rio(a), [&hellip;]<\/p>\n","protected":false},"author":124,"featured_media":0,"parent":0,"menu_order":0,"comment_status":"closed","ping_status":"closed","template":"","meta":{"footnotes":""},"categories":[208,212],"tags":[],"class_list":["post-984","page","type-page","status-publish","hentry","category-acolhimento","category-internacionalizacao"],"acf":[],"_links":{"self":[{"href":"https:\/\/www.ufsm.br\/orgaos-suplementares\/dri\/wp-json\/wp\/v2\/pages\/984","targetHints":{"allow":["GET"]}}],"collection":[{"href":"https:\/\/www.ufsm.br\/orgaos-suplementares\/dri\/wp-json\/wp\/v2\/pages"}],"about":[{"href":"https:\/\/www.ufsm.br\/orgaos-suplementares\/dri\/wp-json\/wp\/v2\/types\/page"}],"author":[{"embeddable":true,"href":"https:\/\/www.ufsm.br\/orgaos-suplementares\/dri\/wp-json\/wp\/v2\/users\/124"}],"replies":[{"embeddable":true,"href":"https:\/\/www.ufsm.br\/orgaos-suplementares\/dri\/wp-json\/wp\/v2\/comments?post=984"}],"version-history":[{"count":0,"href":"https:\/\/www.ufsm.br\/orgaos-suplementares\/dri\/wp-json\/wp\/v2\/pages\/984\/revisions"}],"wp:attachment":[{"href":"https:\/\/www.ufsm.br\/orgaos-suplementares\/dri\/wp-json\/wp\/v2\/media?parent=984"}],"wp:term":[{"taxonomy":"category","embeddable":true,"href":"https:\/\/www.ufsm.br\/orgaos-suplementares\/dri\/wp-json\/wp\/v2\/categories?post=984"},{"taxonomy":"post_tag","embeddable":true,"href":"https:\/\/www.ufsm.br\/orgaos-suplementares\/dri\/wp-json\/wp\/v2\/tags?post=984"}],"curies":[{"name":"wp","href":"https:\/\/api.w.org\/{rel}","templated":true}]}}