{"id":944,"date":"2019-03-29T16:44:08","date_gmt":"2019-03-29T19:44:08","guid":{"rendered":"https:\/\/www.ufsm.br\/orgaos-suplementares\/cpd\/?page_id=944"},"modified":"2019-03-29T16:46:33","modified_gmt":"2019-03-29T19:46:33","slug":"inicial-2","status":"publish","type":"page","link":"https:\/\/www.ufsm.br\/orgaos-suplementares\/dti\/inicial-2","title":{"rendered":"Inicial 2"},"content":{"rendered":"\t\t<div data-elementor-type=\"wp-post\" data-elementor-id=\"944\" class=\"elementor elementor-944\">\n\t\t\t\t\t\t<section class=\"elementor-section elementor-top-section elementor-element elementor-element-f464f03 elementor-section-boxed elementor-section-height-default elementor-section-height-default\" data-id=\"f464f03\" data-element_type=\"section\">\n\t\t\t\t\t\t<div class=\"elementor-container elementor-column-gap-default\">\n\t\t\t\t\t<div class=\"elementor-column elementor-col-100 elementor-top-column elementor-element elementor-element-adb1afe\" data-id=\"adb1afe\" data-element_type=\"column\">\n\t\t\t<div class=\"elementor-widget-wrap elementor-element-populated\">\n\t\t\t\t\t\t<div class=\"elementor-element elementor-element-385bd2c elementor-widget elementor-widget-wp-widget-ufsm_noticias_widget\" data-id=\"385bd2c\" data-element_type=\"widget\" data-widget_type=\"wp-widget-ufsm_noticias_widget.default\">\n\t\t\t\t<div class=\"elementor-widget-container\">\n\t\t\t<div id='ufsm-carousel-1788293980-1023126037' class='carousel slide carousel-ufsm' data-bs-ride='carousel' aria-hidden='true'>\n    <div class='carousel-inner'>\n                    \n\n            <div class='carousel-item active' data-bs-interval='4000'>\n                                    <!-- Link && Slider Image -->\n                    <a href='https:\/\/www.ufsm.br\/orgaos-suplementares\/dti\/2024\/10\/29\/a-partir-de-dezembro-ufsm-adotara-autenticacao-de-dois-fatores-para-e-mails-administrativos'>\n                        <img class='w-100' style='max-height:250px; object-fit:cover;' alt=\"Medida visa refor\u00e7ar a prote\u00e7\u00e3o dos dados institucionais e pessoais, garantindo maior seguran\u00e7a no acesso \u00e0s contas de e-mail da universidade.\" srcset=\"https:\/\/www.ufsm.br\/app\/uploads\/sites\/350\/2024\/10\/BANNERS-300x79.jpg 300w, https:\/\/www.ufsm.br\/app\/uploads\/sites\/350\/2024\/10\/BANNERS-1024x270.jpg 1024w, https:\/\/www.ufsm.br\/app\/uploads\/sites\/350\/2024\/10\/BANNERS-768x203.jpg 768w, https:\/\/www.ufsm.br\/app\/uploads\/sites\/350\/2024\/10\/BANNERS.jpg 1536w\">\n                    <\/a>\n                \n                \n                                                            <\/div>\n                    \n\n            <div class='carousel-item ' data-bs-interval='4000'>\n                                    <!-- Link && Slider Image -->\n                    <a href='https:\/\/www.ufsm.br\/orgaos-suplementares\/dti\/2024\/03\/20\/nova-versao-do-aplicativo-institucional-ufsm-digital-esta-disponivel-para-download'>\n                        <img class='w-100' style='max-height:250px; object-fit:cover;' alt=\"O Centro de Processamento de Dados (CPD) da UFSM lan\u00e7ou esta semana a mais recente atualiza\u00e7\u00e3o do aplicativo institucional UFSM Digital, ap\u00f3s uma fase intensiva de reformula\u00e7\u00e3o na sua estrutura. Esta nova vers\u00e3o, oferece melhorias significativas em suas funcionalidades, visando&hellip;\" srcset=\"https:\/\/www.ufsm.br\/app\/uploads\/sites\/350\/2024\/03\/BANNER_UFSM_DIGITAL-2-300x79.jpg 300w, https:\/\/www.ufsm.br\/app\/uploads\/sites\/350\/2024\/03\/BANNER_UFSM_DIGITAL-2-1024x270.jpg 1024w, https:\/\/www.ufsm.br\/app\/uploads\/sites\/350\/2024\/03\/BANNER_UFSM_DIGITAL-2-768x202.jpg 768w, https:\/\/www.ufsm.br\/app\/uploads\/sites\/350\/2024\/03\/BANNER_UFSM_DIGITAL-2-1536x405.jpg 1536w, https:\/\/www.ufsm.br\/app\/uploads\/sites\/350\/2024\/03\/BANNER_UFSM_DIGITAL-2.jpg 1920w\">\n                    <\/a>\n                \n                \n                                                            <\/div>\n                    \n\n            <div class='carousel-item ' data-bs-interval='4000'>\n                                    <!-- Link && Slider Image -->\n                    <a href='https:\/\/www.ufsm.br\/orgaos-suplementares\/dti\/2020\/03\/06\/cpd-oferece-rede-de-wi-fi-aberta-ao-publico'>\n                        <img class='w-100' style='max-height:250px; object-fit:cover;' alt=\"A partir do dia 4 de outubro, o CPD passou a disponibilizar uma nova forma de acessar a rede WiFi institucional (rede UFSM), utilizando o login \u00fanico (gov.br).\u00a0 \u201cO Decreto n\u00b0 8.936, de 19 de dezembro de 2016 permitiu o&hellip;\" srcset=\"https:\/\/www.ufsm.br\/app\/uploads\/sites\/350\/2020\/03\/output1-300x79.jpg 300w, https:\/\/www.ufsm.br\/app\/uploads\/sites\/350\/2020\/03\/output1-1024x270.jpg 1024w, https:\/\/www.ufsm.br\/app\/uploads\/sites\/350\/2020\/03\/output1-768x202.jpg 768w, https:\/\/www.ufsm.br\/app\/uploads\/sites\/350\/2020\/03\/output1-1536x405.jpg 1536w, https:\/\/www.ufsm.br\/app\/uploads\/sites\/350\/2020\/03\/output1.jpg 1920w\">\n                    <\/a>\n                \n                \n                                                            <\/div>\n                    <!-- Exibi Indicadores -->\n                    <ol class='carousel-indicators carousel-indicators-numbers d-none d-md-flex align-self-end m-0'>\n                <li data-bs-target='#ufsm-carousel-1788293980-1023126037' data-bs-slide-to='0' class='d-flex rounded-circle active'><span class='m-auto fw-bold'>1<\/span><\/li><li data-bs-target='#ufsm-carousel-1788293980-1023126037' data-bs-slide-to='1' class='d-flex rounded-circle '><span class='m-auto fw-bold'>2<\/span><\/li><li data-bs-target='#ufsm-carousel-1788293980-1023126037' data-bs-slide-to='2' class='d-flex rounded-circle '><span class='m-auto fw-bold'>3<\/span><\/li>            <\/ol>\n            <a class='carousel-control-prev' href='#ufsm-carousel-1788293980-1023126037' role='button' data-bs-slide='prev'>\n                <span class='carousel-control-prev-icon' aria-hidden='true'><\/span>\n                <span class='visually-hidden'>Previous<\/span>\n            <\/a>\n            <a class='carousel-control-next' href='#ufsm-carousel-1788293980-1023126037' role='button' data-bs-slide='next'>\n                <span class='carousel-control-next-icon' aria-hidden='true'><\/span>\n                <span class='visually-hidden'>Next<\/span>\n            <\/a>\n            <\/div>\n<\/div>\n<!-- Acessibilidade, apenas leitor de tela -->\n<ul class='visually-hidden'>\n    <li><a href='https:\/\/www.ufsm.br\/orgaos-suplementares\/dti\/2024\/10\/29\/a-partir-de-dezembro-ufsm-adotara-autenticacao-de-dois-fatores-para-e-mails-administrativos'>A partir de dezembro, UFSM adotar\u00e1 Autentica\u00e7\u00e3o de Dois Fatores para e-mails administrativos<\/a><\/li><li><a href='https:\/\/www.ufsm.br\/orgaos-suplementares\/dti\/2024\/03\/20\/nova-versao-do-aplicativo-institucional-ufsm-digital-esta-disponivel-para-download'>Nova vers\u00e3o do aplicativo institucional UFSM Digital est\u00e1 dispon\u00edvel para download<\/a><\/li><li><a href='https:\/\/www.ufsm.br\/orgaos-suplementares\/dti\/2020\/03\/06\/cpd-oferece-rede-de-wi-fi-aberta-ao-publico'>CPD oferece rede de Wi-fi aberta ao p\u00fablico<\/a><\/li><\/ul>\n\t\t<\/div>\n\t\t\t\t<\/div>\n\t\t\t\t\t<\/div>\n\t\t<\/div>\n\t\t\t\t\t<\/div>\n\t\t<\/section>\n\t\t\t\t<section class=\"elementor-section elementor-top-section elementor-element elementor-element-effebcd elementor-section-boxed elementor-section-height-default elementor-section-height-default\" data-id=\"effebcd\" data-element_type=\"section\">\n\t\t\t\t\t\t<div class=\"elementor-container elementor-column-gap-default\">\n\t\t\t\t\t<div class=\"elementor-column elementor-col-100 elementor-top-column elementor-element elementor-element-84c64e2\" data-id=\"84c64e2\" data-element_type=\"column\">\n\t\t\t<div class=\"elementor-widget-wrap\">\n\t\t\t\t\t\t\t<\/div>\n\t\t<\/div>\n\t\t\t\t\t<\/div>\n\t\t<\/section>\n\t\t\t\t<section class=\"elementor-section elementor-top-section elementor-element elementor-element-0913e98 elementor-section-boxed elementor-section-height-default elementor-section-height-default\" data-id=\"0913e98\" data-element_type=\"section\">\n\t\t\t\t\t\t<div class=\"elementor-container elementor-column-gap-default\">\n\t\t\t\t\t<div class=\"elementor-column elementor-col-100 elementor-top-column elementor-element elementor-element-a16b511\" data-id=\"a16b511\" data-element_type=\"column\">\n\t\t\t<div class=\"elementor-widget-wrap elementor-element-populated\">\n\t\t\t\t\t\t<div class=\"elementor-element elementor-element-84d8fa5 elementor-widget elementor-widget-heading\" data-id=\"84d8fa5\" data-element_type=\"widget\" data-widget_type=\"heading.default\">\n\t\t\t\t<div class=\"elementor-widget-container\">\n\t\t\t<h5 class=\"elementor-heading-title elementor-size-default\">Apresenta\u00e7\u00e3o<\/h5>\t\t<\/div>\n\t\t\t\t<\/div>\n\t\t\t\t<div class=\"elementor-element elementor-element-5bab84f elementor-widget elementor-widget-text-editor\" data-id=\"5bab84f\" data-element_type=\"widget\" data-widget_type=\"text-editor.default\">\n\t\t\t\t<div class=\"elementor-widget-container\">\n\t\t\t\t\t\t\t<p>O Centro de Processamento de Dados da Universidade Federal de Santa Maria \u00e9 onde se concentra toda estrutura computacional, sendo assim respons\u00e1vel por planejar, projetar, implementar e coordenar o desenvolvimento de Sistemas de Informa\u00e7\u00e3o, provendo servi\u00e7os, seguran\u00e7a e solu\u00e7\u00f5es de qualidade na \u00e1rea de Tecnologia de Informa\u00e7\u00e3o. Com servi\u00e7os que percorrem uma vasta gama de atividades de TI, sempre priorizando os usu\u00e1rios e visando a facilidade no dia-a-dia de quem faz uso dos sistemas, s\u00edtios e portais sob dom\u00ednio da UFSM.<\/p>\t\t\t\t\t\t<\/div>\n\t\t\t\t<\/div>\n\t\t\t\t\t<\/div>\n\t\t<\/div>\n\t\t\t\t\t<\/div>\n\t\t<\/section>\n\t\t\t\t<\/div>\n\t\t","protected":false},"excerpt":{"rendered":"<p>Apresenta\u00e7\u00e3o O Centro de Processamento de Dados da Universidade Federal de Santa Maria \u00e9 onde se concentra toda estrutura computacional, sendo assim respons\u00e1vel por planejar, projetar, implementar e coordenar o desenvolvimento de Sistemas de Informa\u00e7\u00e3o, provendo servi\u00e7os, seguran\u00e7a e solu\u00e7\u00f5es de qualidade na \u00e1rea de Tecnologia de Informa\u00e7\u00e3o. Com servi\u00e7os que percorrem uma vasta gama [&hellip;]<\/p>\n","protected":false},"author":25,"featured_media":0,"parent":0,"menu_order":0,"comment_status":"closed","ping_status":"closed","template":"","meta":{"footnotes":""},"categories":[],"tags":[],"class_list":["post-944","page","type-page","status-publish","hentry"],"acf":[],"_links":{"self":[{"href":"https:\/\/www.ufsm.br\/orgaos-suplementares\/dti\/wp-json\/wp\/v2\/pages\/944","targetHints":{"allow":["GET"]}}],"collection":[{"href":"https:\/\/www.ufsm.br\/orgaos-suplementares\/dti\/wp-json\/wp\/v2\/pages"}],"about":[{"href":"https:\/\/www.ufsm.br\/orgaos-suplementares\/dti\/wp-json\/wp\/v2\/types\/page"}],"author":[{"embeddable":true,"href":"https:\/\/www.ufsm.br\/orgaos-suplementares\/dti\/wp-json\/wp\/v2\/users\/25"}],"replies":[{"embeddable":true,"href":"https:\/\/www.ufsm.br\/orgaos-suplementares\/dti\/wp-json\/wp\/v2\/comments?post=944"}],"version-history":[{"count":0,"href":"https:\/\/www.ufsm.br\/orgaos-suplementares\/dti\/wp-json\/wp\/v2\/pages\/944\/revisions"}],"wp:attachment":[{"href":"https:\/\/www.ufsm.br\/orgaos-suplementares\/dti\/wp-json\/wp\/v2\/media?parent=944"}],"wp:term":[{"taxonomy":"category","embeddable":true,"href":"https:\/\/www.ufsm.br\/orgaos-suplementares\/dti\/wp-json\/wp\/v2\/categories?post=944"},{"taxonomy":"post_tag","embeddable":true,"href":"https:\/\/www.ufsm.br\/orgaos-suplementares\/dti\/wp-json\/wp\/v2\/tags?post=944"}],"curies":[{"name":"wp","href":"https:\/\/api.w.org\/{rel}","templated":true}]}}

<div data-elementor-type="wp-post" data-elementor-id="944" class="elementor elementor-944">
						<section class="elementor-section elementor-top-section elementor-element elementor-element-f464f03 elementor-section-boxed elementor-section-height-default elementor-section-height-default" data-id="f464f03" data-element_type="section">
						<div class="elementor-container elementor-column-gap-default">
					<div class="elementor-column elementor-col-100 elementor-top-column elementor-element elementor-element-adb1afe" data-id="adb1afe" data-element_type="column">
			<div class="elementor-widget-wrap elementor-element-populated">
						<div class="elementor-element elementor-element-385bd2c elementor-widget elementor-widget-wp-widget-ufsm_noticias_widget" data-id="385bd2c" data-element_type="widget" data-widget_type="wp-widget-ufsm_noticias_widget.default">
				<div class="elementor-widget-container">
			<div id='ufsm-carousel-1788293980-1023126037' class='carousel slide carousel-ufsm' data-bs-ride='carousel' aria-hidden='true'>
    <div class='carousel-inner'>
                    

            <div class='carousel-item active' data-bs-interval='4000'>
                                    <!-- Link && Slider Image -->
                    <a href='https://www.ufsm.br/orgaos-suplementares/dti/2024/10/29/a-partir-de-dezembro-ufsm-adotara-autenticacao-de-dois-fatores-para-e-mails-administrativos'>
                        <img class='w-100' style='max-height:250px; object-fit:cover;' alt="Medida visa reforçar a proteção dos dados institucionais e pessoais, garantindo maior segurança no acesso às contas de e-mail da universidade." srcset="https://www.ufsm.br/app/uploads/sites/350/2024/10/BANNERS-300x79.jpg 300w, https://www.ufsm.br/app/uploads/sites/350/2024/10/BANNERS-1024x270.jpg 1024w, https://www.ufsm.br/app/uploads/sites/350/2024/10/BANNERS-768x203.jpg 768w, https://www.ufsm.br/app/uploads/sites/350/2024/10/BANNERS.jpg 1536w">
                    </a>
                
                
                                                            </div>
                    

            <div class='carousel-item ' data-bs-interval='4000'>
                                    <!-- Link && Slider Image -->
                    <a href='https://www.ufsm.br/orgaos-suplementares/dti/2024/03/20/nova-versao-do-aplicativo-institucional-ufsm-digital-esta-disponivel-para-download'>
                        <img class='w-100' style='max-height:250px; object-fit:cover;' alt="O Centro de Processamento de Dados (CPD) da UFSM lançou esta semana a mais recente atualização do aplicativo institucional UFSM Digital, após uma fase intensiva de reformulação na sua estrutura. Esta nova versão, oferece melhorias significativas em suas funcionalidades, visando&hellip;" srcset="https://www.ufsm.br/app/uploads/sites/350/2024/03/BANNER_UFSM_DIGITAL-2-300x79.jpg 300w, https://www.ufsm.br/app/uploads/sites/350/2024/03/BANNER_UFSM_DIGITAL-2-1024x270.jpg 1024w, https://www.ufsm.br/app/uploads/sites/350/2024/03/BANNER_UFSM_DIGITAL-2-768x202.jpg 768w, https://www.ufsm.br/app/uploads/sites/350/2024/03/BANNER_UFSM_DIGITAL-2-1536x405.jpg 1536w, https://www.ufsm.br/app/uploads/sites/350/2024/03/BANNER_UFSM_DIGITAL-2.jpg 1920w">
                    </a>
                
                
                                                            </div>
                    

            <div class='carousel-item ' data-bs-interval='4000'>
                                    <!-- Link && Slider Image -->
                    <a href='https://www.ufsm.br/orgaos-suplementares/dti/2020/03/06/cpd-oferece-rede-de-wi-fi-aberta-ao-publico'>
                        <img class='w-100' style='max-height:250px; object-fit:cover;' alt="A partir do dia 4 de outubro, o CPD passou a disponibilizar uma nova forma de acessar a rede WiFi institucional (rede UFSM), utilizando o login único (gov.br).  “O Decreto n° 8.936, de 19 de dezembro de 2016 permitiu o&hellip;" srcset="https://www.ufsm.br/app/uploads/sites/350/2020/03/output1-300x79.jpg 300w, https://www.ufsm.br/app/uploads/sites/350/2020/03/output1-1024x270.jpg 1024w, https://www.ufsm.br/app/uploads/sites/350/2020/03/output1-768x202.jpg 768w, https://www.ufsm.br/app/uploads/sites/350/2020/03/output1-1536x405.jpg 1536w, https://www.ufsm.br/app/uploads/sites/350/2020/03/output1.jpg 1920w">
                    </a>
                
                
                                                            </div>
                    <!-- Exibi Indicadores -->
                    <ol class='carousel-indicators carousel-indicators-numbers d-none d-md-flex align-self-end m-0'>
                <li data-bs-target='#ufsm-carousel-1788293980-1023126037' data-bs-slide-to='0' class='d-flex rounded-circle active'><span class='m-auto fw-bold'>1</span></li><li data-bs-target='#ufsm-carousel-1788293980-1023126037' data-bs-slide-to='1' class='d-flex rounded-circle '><span class='m-auto fw-bold'>2</span></li><li data-bs-target='#ufsm-carousel-1788293980-1023126037' data-bs-slide-to='2' class='d-flex rounded-circle '><span class='m-auto fw-bold'>3</span></li>            </ol>
            <a class='carousel-control-prev' href='#ufsm-carousel-1788293980-1023126037' role='button' data-bs-slide='prev'>
                <span class='carousel-control-prev-icon' aria-hidden='true'></span>
                <span class='visually-hidden'>Previous</span>
            </a>
            <a class='carousel-control-next' href='#ufsm-carousel-1788293980-1023126037' role='button' data-bs-slide='next'>
                <span class='carousel-control-next-icon' aria-hidden='true'></span>
                <span class='visually-hidden'>Next</span>
            </a>
            </div>
</div>
<!-- Acessibilidade, apenas leitor de tela -->
<ul class='visually-hidden'>
    <li><a href='https://www.ufsm.br/orgaos-suplementares/dti/2024/10/29/a-partir-de-dezembro-ufsm-adotara-autenticacao-de-dois-fatores-para-e-mails-administrativos'>A partir de dezembro, UFSM adotará Autenticação de Dois Fatores para e-mails administrativos</a></li><li><a href='https://www.ufsm.br/orgaos-suplementares/dti/2024/03/20/nova-versao-do-aplicativo-institucional-ufsm-digital-esta-disponivel-para-download'>Nova versão do aplicativo institucional UFSM Digital está disponível para download</a></li><li><a href='https://www.ufsm.br/orgaos-suplementares/dti/2020/03/06/cpd-oferece-rede-de-wi-fi-aberta-ao-publico'>CPD oferece rede de Wi-fi aberta ao público</a></li></ul>
		</div>
				</div>
					</div>
		</div>
					</div>
		</section>
				<section class="elementor-section elementor-top-section elementor-element elementor-element-effebcd elementor-section-boxed elementor-section-height-default elementor-section-height-default" data-id="effebcd" data-element_type="section">
						<div class="elementor-container elementor-column-gap-default">
					<div class="elementor-column elementor-col-100 elementor-top-column elementor-element elementor-element-84c64e2" data-id="84c64e2" data-element_type="column">
			<div class="elementor-widget-wrap">
							</div>
		</div>
					</div>
		</section>
				<section class="elementor-section elementor-top-section elementor-element elementor-element-0913e98 elementor-section-boxed elementor-section-height-default elementor-section-height-default" data-id="0913e98" data-element_type="section">
						<div class="elementor-container elementor-column-gap-default">
					<div class="elementor-column elementor-col-100 elementor-top-column elementor-element elementor-element-a16b511" data-id="a16b511" data-element_type="column">
			<div class="elementor-widget-wrap elementor-element-populated">
						<div class="elementor-element elementor-element-84d8fa5 elementor-widget elementor-widget-heading" data-id="84d8fa5" data-element_type="widget" data-widget_type="heading.default">
				<div class="elementor-widget-container">
			<h5 class="elementor-heading-title elementor-size-default">Apresentação</h5>		</div>
				</div>
				<div class="elementor-element elementor-element-5bab84f elementor-widget elementor-widget-text-editor" data-id="5bab84f" data-element_type="widget" data-widget_type="text-editor.default">
				<div class="elementor-widget-container">
							<p>O Centro de Processamento de Dados da Universidade Federal de Santa Maria é onde se concentra toda estrutura computacional, sendo assim responsável por planejar, projetar, implementar e coordenar o desenvolvimento de Sistemas de Informação, provendo serviços, segurança e soluções de qualidade na área de Tecnologia de Informação. Com serviços que percorrem uma vasta gama de atividades de TI, sempre priorizando os usuários e visando a facilidade no dia-a-dia de quem faz uso dos sistemas, sítios e portais sob domínio da UFSM.</p>						</div>
				</div>
					</div>
		</div>
					</div>
		</section>
				</div>

<p>Apresentação O Centro de Processamento de Dados da Universidade Federal de Santa Maria é onde se concentra toda estrutura computacional, sendo assim responsável por planejar, projetar, implementar e coordenar o desenvolvimento de Sistemas de Informação, provendo serviços, segurança e soluções de qualidade na área de Tecnologia de Informação. Com serviços que percorrem uma vasta gama [&hellip;]</p>
