{"id":17,"date":"2018-10-17T09:12:20","date_gmt":"2018-10-17T12:12:20","guid":{"rendered":"https:\/\/www.ufsm.br\/orgaos-suplementares\/hvu\/?page_id=17"},"modified":"2026-03-26T15:39:23","modified_gmt":"2026-03-26T18:39:23","slug":"estagios","status":"publish","type":"page","link":"https:\/\/www.ufsm.br\/orgaos-suplementares\/hvu\/estagios","title":{"rendered":"Est\u00e1gios"},"content":{"rendered":"\n<p>Consideram-se est\u00e1gios acad\u00eamicos as atividades previstas no Projeto pedag\u00f3gico do Curso, desenvolvidas com orienta\u00e7\u00e3o docente e sob supervis\u00e3o e avalia\u00e7\u00e3o de profissionais habilitados, que proporcionam ao acad\u00eamico a aprendizagem profissional por meio da sua participa\u00e7\u00e3o em situa\u00e7\u00f5es reais de vida e trabalho na \u00e1rea f\u00edsica do Hospital Veterin\u00e1rio Universit\u00e1rio (HVU) da Universidade Federal de Santa Maria.<\/p>\n\n\n\n<p>O HVU da UFSM oferece Est\u00e1gio Curricular Obrigat\u00f3rio Supervisionado a alunos regularmente matriculados no Curso de Medicina Veterin\u00e1ria da UFSM, bem como a alunos de Cursos de Medicina Veterin\u00e1ria de outras institui\u00e7\u00f5es de ensino p\u00fablicas ou privadas.<\/p>\n\n\n\n\n\n\n\n<p><strong>INSCRI\u00c7\u00d5ES<\/strong><\/p>\n\n\n\n<p style=\"font-weight: 400\">O HVU\/UFSM torna p\u00fablica a abertura do processo seletivo para preenchimento de vagas destinadas \u00e0 realiza\u00e7\u00e3o de Est\u00e1gio Curricular Obrigat\u00f3rio Supervisionado em Medicina Veterin\u00e1ria no semestre 2026\/2, <strong>destinado \u00e0s institui\u00e7\u00f5es externas<\/strong>, com base na Lei Federal n\u00b0 11.788, de 25 de setembro 2008, o qual ser\u00e1 realizado nos termos do edital abaixo:<\/p>\n<p style=\"font-weight: 400\"><strong><a href=\"https:\/\/www.ufsm.br\/app\/uploads\/sites\/401\/2026\/03\/Edital-estagio-curricular-obrigatorio-2026_2-3.pdf\">EDITAL N.1\/2026 &#8211; PROCESSO SELETIVO PARA REALIZA\u00c7\u00c3O DE EST\u00c1GIO CURRICULAR OBRIGAT\u00d3RIO SUPERVISIONADO EM MEDICINA VETERIN\u00c1RIA 2026\/2 \u2013 INSTITUI\u00c7\u00d5ES EXTERNAS<\/a><\/strong><\/p>\n<p style=\"font-weight: 400\"><strong>Cronograma:<\/strong><\/p>\n<ul>\n<li>Per\u00edodo de inscri\u00e7\u00e3o: 26 de mar\u00e7o a 08 de maio de 2026.<\/li>\n<li>Publica\u00e7\u00e3o da lista preliminar das inscri\u00e7\u00f5es homologadas: 12 de maio de 2026.<\/li>\n<li>Publica\u00e7\u00e3o da lista de classifica\u00e7\u00e3o dos candidatos selecionados: 18 de maio de 2026.<\/li>\n<li>Per\u00edodo limite para confirma\u00e7\u00e3o de interesse na vaga: 25 de maio de 2026.<\/li>\n<\/ul>\n<p>\u00a0<\/p>\n\n\n\n<p><strong>DOCUMENTOS NECESS\u00c1RIOS PARA SOLICITA\u00c7\u00c3O DE EST\u00c1GIO CURRICULAR SUPERVISIONADO<\/strong><\/p>\n\n\n\n<p>Preenchimento do <strong><a href=\"https:\/\/docs.google.com\/forms\/d\/1yJQEaU4BDjA51561Naw6JMP-aAdMGlj7qBMkr9bOW_w\/edit\">Formul\u00e1rio de Solicita\u00e7\u00e3o de Est\u00e1gio Curricular 2026\/2<\/a><\/strong>. Nesse formul\u00e1rio dever\u00e3o ser anexados os seguintes documentos (PDF, um \u00fanico arquivo):<\/p>\n\n\n\n<ul class=\"wp-block-list\">\n<li>Carta de solicita\u00e7\u00e3o de est\u00e1gio assinada pelo Coordenador do Curso de Origem;<\/li>\n\n\n\n<li>Hist\u00f3rico Escolar&nbsp;emitido pela Universidade de origem;<\/li>\n\n\n\n<li>Curr\u00edculo simplificado, contendo as atividades extracurriculares desenvolvidas durante o curso de gradua\u00e7\u00e3o, com a devida comprova\u00e7\u00e3o documental;<\/li>\n\n\n\n<li>Comprovante de Vacina\u00e7\u00e3o Antitet\u00e2nica e Antirr\u00e1bica recente&nbsp;ou Sorologia da Raiva;<\/li>\n\n\n\n<li>Ap\u00f3lice de seguro contra acidentes pessoais.&nbsp;<\/li>\n<\/ul>\n\n\n\n\n\n\n<div class=\"one_half\">\n<p><\/p>\n<p>\u00a0<\/p>\n<p><strong>TERMO DE CONFIRMA\u00c7\u00c3O DE REALIZA\u00c7\u00c3O DE EST\u00c1GIO CURRICULAR NO HVU\/UFSM<\/strong><\/p>\n<p> <\/p>\n<p>Os candidatos classificados dever\u00e3o confirmar o interesse na vaga, por meio do envio do <strong><a href=\"https:\/\/www.ufsm.br\/app\/uploads\/sites\/401\/2026\/03\/Termo-de-Confirmacao-de-Realizacao-de-Estagio-Curricular-no-HVUUFSM-2.pdf\">Termo de Confirma\u00e7\u00e3o de Realiza\u00e7\u00e3o de Est\u00e1gio Curricular no HVU\/UFSM<\/a>,<\/strong> devidamente preenchido e assinado<strong>,<\/strong> ao e-mail <strong><a href=\"mailto:estagioscurriculareshvu@ufsm.br\">estagioscurriculareshvu@ufsm.br<\/a><\/strong>.<\/p>\n<p>\u00a0<\/p>\n<p><\/p>\n<p><strong style=\"font-size: revert\">TERMO DE COMPROMISSO DE EST\u00c1GIO<\/strong><\/p>\n<p>Antes do in\u00edcio das atividades pr\u00e1ticas, os alunos selecionados dever\u00e3o preencher e assinar <strong><a href=\"https:\/\/www.ufsm.br\/app\/uploads\/sites\/401\/2026\/03\/TERMO-DE-COMPROMISSO-DE-ESTAGIO-MODELO.docx\">Termo de Compromisso de Est\u00e1gio<\/a><\/strong>, modelo UFSM, e apresentar \u00e0 Coordena\u00e7\u00e3o de est\u00e1gio do HVU\/UFSM.<\/p>\n<p>\u00a0<\/p>\n<p><strong>CONTATO<\/strong><\/p>\n<p>Universidade Federal de Santa Maria, Comiss\u00e3o de Est\u00e1gios do Hospital Veterin\u00e1rio Universit\u00e1rio &#8211; Pr\u00e9dio 97, CEP 97105-900, Santa Maria &#8211; RS,\u00a0ou pelo e-mail: <strong><a href=\"mailto:estagioscurriculareshvu@ufsm.br\">estagioscurriculareshvu@ufsm.br<\/a><\/strong><\/p>\n<p>Se houver necessidade de\u00a0<strong>conv\u00eanio\u00a0<\/strong>entre Universidades, ser\u00e1 necess\u00e1rio entrar em contato com a<strong>\u00a0Coordenadoria de Projetos e Conv\u00eanios da Pr\u00f3-Reitoria de Planejamento,<\/strong>\u00a0pelo e-mail:\u00a0<strong><span id=\"cloak7303cf7968d3f1789dcd2a6d3d6f878f\"><a href=\"mailto:coproc@ufsm.br\">coproc@ufsm.br<\/a><\/span><\/strong> ou pelo fone: (55) 3220-8492.<\/p>\n<p>OBS: O Hospital Veterin\u00e1rio<strong> N\u00c3O OFERECE EST\u00c1GIO EXTRACURRICULAR DE F\u00c9RIAS<\/strong> em virtude da lei n\u00ba 11.788 (confira a\u00a0<strong><a href=\"https:\/\/www.ufsm.br\/orgaos-suplementares\/hvu\/wp-content\/uploads\/sites\/401\/2018\/10\/9-Lei-do-Estagio.pdf\">Lei do Est\u00e1gio clicando aqui).<\/a><\/strong><\/p>\n<\/div>\n\n\n\n\n\n","protected":false},"excerpt":{"rendered":"<p>Consideram-se est\u00e1gios acad\u00eamicos as atividades previstas no Projeto pedag\u00f3gico do Curso, desenvolvidas com orienta\u00e7\u00e3o docente e sob supervis\u00e3o e avalia\u00e7\u00e3o de profissionais habilitados, que proporcionam ao acad\u00eamico a aprendizagem profissional por meio da sua participa\u00e7\u00e3o em situa\u00e7\u00f5es reais de vida e trabalho na \u00e1rea f\u00edsica do Hospital Veterin\u00e1rio Universit\u00e1rio (HVU) da Universidade Federal de Santa [&hellip;]<\/p>\n","protected":false},"author":194,"featured_media":0,"parent":0,"menu_order":0,"comment_status":"closed","ping_status":"closed","template":"","meta":{"footnotes":""},"categories":[],"tags":[],"class_list":["post-17","page","type-page","status-publish","hentry"],"acf":[],"_links":{"self":[{"href":"https:\/\/www.ufsm.br\/orgaos-suplementares\/hvu\/wp-json\/wp\/v2\/pages\/17","targetHints":{"allow":["GET"]}}],"collection":[{"href":"https:\/\/www.ufsm.br\/orgaos-suplementares\/hvu\/wp-json\/wp\/v2\/pages"}],"about":[{"href":"https:\/\/www.ufsm.br\/orgaos-suplementares\/hvu\/wp-json\/wp\/v2\/types\/page"}],"author":[{"embeddable":true,"href":"https:\/\/www.ufsm.br\/orgaos-suplementares\/hvu\/wp-json\/wp\/v2\/users\/194"}],"replies":[{"embeddable":true,"href":"https:\/\/www.ufsm.br\/orgaos-suplementares\/hvu\/wp-json\/wp\/v2\/comments?post=17"}],"version-history":[{"count":0,"href":"https:\/\/www.ufsm.br\/orgaos-suplementares\/hvu\/wp-json\/wp\/v2\/pages\/17\/revisions"}],"wp:attachment":[{"href":"https:\/\/www.ufsm.br\/orgaos-suplementares\/hvu\/wp-json\/wp\/v2\/media?parent=17"}],"wp:term":[{"taxonomy":"category","embeddable":true,"href":"https:\/\/www.ufsm.br\/orgaos-suplementares\/hvu\/wp-json\/wp\/v2\/categories?post=17"},{"taxonomy":"post_tag","embeddable":true,"href":"https:\/\/www.ufsm.br\/orgaos-suplementares\/hvu\/wp-json\/wp\/v2\/tags?post=17"}],"curies":[{"name":"wp","href":"https:\/\/api.w.org\/{rel}","templated":true}]}}