{"id":74,"date":"2019-07-22T13:29:02","date_gmt":"2019-07-22T16:29:02","guid":{"rendered":"https:\/\/www.ufsm.br\/orgaos-suplementares\/imprensa-universitaria\/?page_id=74"},"modified":"2019-07-22T13:30:03","modified_gmt":"2019-07-22T16:30:03","slug":"equipe","status":"publish","type":"page","link":"https:\/\/www.ufsm.br\/orgaos-suplementares\/imprensa-universitaria\/equipe","title":{"rendered":"Equipe"},"content":{"rendered":"\t\t<div data-elementor-type=\"wp-post\" data-elementor-id=\"74\" class=\"elementor elementor-74\">\n\t\t\t\t\t\t<section class=\"elementor-section elementor-top-section elementor-element elementor-element-d1486ee elementor-section-boxed elementor-section-height-default elementor-section-height-default\" data-id=\"d1486ee\" data-element_type=\"section\">\n\t\t\t\t\t\t<div class=\"elementor-container elementor-column-gap-default\">\n\t\t\t\t\t<div class=\"elementor-column elementor-col-100 elementor-top-column elementor-element elementor-element-e113e64\" data-id=\"e113e64\" data-element_type=\"column\">\n\t\t\t<div class=\"elementor-widget-wrap elementor-element-populated\">\n\t\t\t\t\t\t<div class=\"elementor-element elementor-element-32c9468 elementor-widget elementor-widget-wp-widget-ufsm_pessoas_unidade_widget\" data-id=\"32c9468\" data-element_type=\"widget\" data-widget_type=\"wp-widget-ufsm_pessoas_unidade_widget.default\">\n\t\t\t\t<div class=\"elementor-widget-container\">\n\t\t\t    <ul class=\"list-unstyled\">\n                    <li class=\"mb-3\">\n                <h5>IMPRENSA UNIVERSIT\u00c1RIA<\/h5>\n                <ul class=\"list-unstyled\">\n                                    <li class=\"my-3\">\n                        <strong class='h4 mb-2 text-capitalize'>miguel cabreira de christo<\/strong>\n                        <ul class=\"list-unstyled\">\n                                                            <li>Diretor(a) de Departamento Executivo<\/li>                                \n                                                        <li class=\"text-capitalize\">linotipista<\/li>\n                        <\/ul>\n                    <\/li>\n                                    <li class=\"my-3\">\n                        <strong class='h4 mb-2 text-capitalize'>evandro fonseca da silva<\/strong>\n                        <ul class=\"list-unstyled\">\n                                                        <li class=\"text-capitalize\">t\u00e9cnico em artes gr\u00e1ficas<\/li>\n                        <\/ul>\n                    <\/li>\n                                    <li class=\"my-3\">\n                        <strong class='h4 mb-2 text-capitalize'>fernando sebasti\u00e3o moro<\/strong>\n                        <ul class=\"list-unstyled\">\n                                                        <li class=\"text-capitalize\">t\u00e9cnico de laborat\u00f3rio \u00e1rea<\/li>\n                        <\/ul>\n                    <\/li>\n                                    <li class=\"my-3\">\n                        <strong class='h4 mb-2 text-capitalize'>isaque dos reis neves<\/strong>\n                        <ul class=\"list-unstyled\">\n                                                        <li class=\"text-capitalize\">assistente em administra\u00e7\u00e3o<\/li>\n                        <\/ul>\n                    <\/li>\n                                    <li class=\"my-3\">\n                        <strong class='h4 mb-2 text-capitalize'>joel ramos rosin<\/strong>\n                        <ul class=\"list-unstyled\">\n                                                        <li class=\"text-capitalize\">t\u00e9cnico em artes gr\u00e1ficas<\/li>\n                        <\/ul>\n                    <\/li>\n                                    <li class=\"my-3\">\n                        <strong class='h4 mb-2 text-capitalize'>paulo ronaldo da silva martins<\/strong>\n                        <ul class=\"list-unstyled\">\n                                                        <li class=\"text-capitalize\">encadernador<\/li>\n                        <\/ul>\n                    <\/li>\n                                <\/ul>\n            <\/li>\n                    <li class=\"mb-3\">\n                <h5>SETOR DE ALMOXARIFADO - IU<\/h5>\n                <ul class=\"list-unstyled\">\n                                    <li class=\"my-3\">\n                        <strong class='h4 mb-2 text-capitalize'>adelar francisco de assis coelho pereira<\/strong>\n                        <ul class=\"list-unstyled\">\n                                                            <li>Chefe de Setor<\/li>                                \n                                                        <li class=\"text-capitalize\">t\u00e9cnico em artes gr\u00e1ficas<\/li>\n                        <\/ul>\n                    <\/li>\n                                <\/ul>\n            <\/li>\n            <\/ul>\n\t\t<\/div>\n\t\t\t\t<\/div>\n\t\t\t\t\t<\/div>\n\t\t<\/div>\n\t\t\t\t\t<\/div>\n\t\t<\/section>\n\t\t\t\t<\/div>\n\t\t","protected":false},"excerpt":{"rendered":"","protected":false},"author":25,"featured_media":0,"parent":0,"menu_order":0,"comment_status":"closed","ping_status":"closed","template":"","meta":{"footnotes":""},"categories":[],"tags":[],"class_list":["post-74","page","type-page","status-publish","hentry"],"acf":[],"_links":{"self":[{"href":"https:\/\/www.ufsm.br\/orgaos-suplementares\/imprensa-universitaria\/wp-json\/wp\/v2\/pages\/74","targetHints":{"allow":["GET"]}}],"collection":[{"href":"https:\/\/www.ufsm.br\/orgaos-suplementares\/imprensa-universitaria\/wp-json\/wp\/v2\/pages"}],"about":[{"href":"https:\/\/www.ufsm.br\/orgaos-suplementares\/imprensa-universitaria\/wp-json\/wp\/v2\/types\/page"}],"author":[{"embeddable":true,"href":"https:\/\/www.ufsm.br\/orgaos-suplementares\/imprensa-universitaria\/wp-json\/wp\/v2\/users\/25"}],"replies":[{"embeddable":true,"href":"https:\/\/www.ufsm.br\/orgaos-suplementares\/imprensa-universitaria\/wp-json\/wp\/v2\/comments?post=74"}],"version-history":[{"count":0,"href":"https:\/\/www.ufsm.br\/orgaos-suplementares\/imprensa-universitaria\/wp-json\/wp\/v2\/pages\/74\/revisions"}],"wp:attachment":[{"href":"https:\/\/www.ufsm.br\/orgaos-suplementares\/imprensa-universitaria\/wp-json\/wp\/v2\/media?parent=74"}],"wp:term":[{"taxonomy":"category","embeddable":true,"href":"https:\/\/www.ufsm.br\/orgaos-suplementares\/imprensa-universitaria\/wp-json\/wp\/v2\/categories?post=74"},{"taxonomy":"post_tag","embeddable":true,"href":"https:\/\/www.ufsm.br\/orgaos-suplementares\/imprensa-universitaria\/wp-json\/wp\/v2\/tags?post=74"}],"curies":[{"name":"wp","href":"https:\/\/api.w.org\/{rel}","templated":true}]}}