{"id":8,"date":"2018-07-16T15:40:21","date_gmt":"2018-07-16T18:40:21","guid":{"rendered":"https:\/\/www.ufsm.br\/orgaos-suplementares\/imprensa-universitaria\/?page_id=8"},"modified":"2018-11-19T08:08:47","modified_gmt":"2018-11-19T10:08:47","slug":"guia-do-cliente","status":"publish","type":"page","link":"https:\/\/www.ufsm.br\/orgaos-suplementares\/imprensa-universitaria\/guia-do-cliente","title":{"rendered":"Guia do Cliente"},"content":{"rendered":"<h3><strong>Roteiro de Encaminhamento de Trabalho<\/strong><\/h3>\n<p>1\u00ba passo &#8211; Com o arquivo finalizado e salvo em PDF ou Corel Draw. Dirija-se para efetuar o or\u00e7amento na gr\u00e1fica.<\/p>\n<p>2\u00ba passo &#8211; Ap\u00f3s verifica\u00e7\u00e3o do arquivo pelo t\u00e9cnico, ser\u00e1 realizado o or\u00e7amento. Observa\u00e7\u00e3o: o t\u00e9cnico n\u00e3o far\u00e1 altera\u00e7\u00f5es do mesmo, \u00e9 de inteira responsabilidade do requerente a sua elabora\u00e7\u00e3o.<\/p>\n<p>3\u00ba passo &#8211; Ap\u00f3s realizado o or\u00e7amento, o requerente deve pedir autoriza\u00e7\u00e3o de impress\u00e3o na sua unidade gestora e logo ap\u00f3s retornar \u00e0 gr\u00e1fica para dar in\u00edcio ao processo de confec\u00e7\u00e3o do material.<\/p>\n<h3>Prazo de Entrega<\/h3>\n<p>Os prazos variam conforme a quantidade. Ap\u00f3s aprova\u00e7\u00e3o do material inicia-se o prazo de entrega.<\/p>\n<p><strong>Banner: 3 dias \u00fateis<\/strong><\/p>\n<p><strong>Impress\u00e3o Digital: 2 dias \u00fateis<\/strong><\/p>\n<p><strong>Impress\u00e3o Off-Set: 7 dias \u00fateis<\/strong><\/p>\n<p>&nbsp;<\/p>\n","protected":false},"excerpt":{"rendered":"<p>Roteiro de Encaminhamento de Trabalho 1\u00ba passo &#8211; Com o arquivo finalizado e salvo em PDF ou Corel Draw. Dirija-se para efetuar o or\u00e7amento na gr\u00e1fica. 2\u00ba passo &#8211; Ap\u00f3s verifica\u00e7\u00e3o do arquivo pelo t\u00e9cnico, ser\u00e1 realizado o or\u00e7amento. Observa\u00e7\u00e3o: o t\u00e9cnico n\u00e3o far\u00e1 altera\u00e7\u00f5es do mesmo, \u00e9 de inteira responsabilidade do requerente a sua [&hellip;]<\/p>\n","protected":false},"author":46,"featured_media":0,"parent":0,"menu_order":0,"comment_status":"closed","ping_status":"closed","template":"","meta":{"footnotes":""},"categories":[],"tags":[],"class_list":["post-8","page","type-page","status-publish","hentry"],"acf":[],"_links":{"self":[{"href":"https:\/\/www.ufsm.br\/orgaos-suplementares\/imprensa-universitaria\/wp-json\/wp\/v2\/pages\/8","targetHints":{"allow":["GET"]}}],"collection":[{"href":"https:\/\/www.ufsm.br\/orgaos-suplementares\/imprensa-universitaria\/wp-json\/wp\/v2\/pages"}],"about":[{"href":"https:\/\/www.ufsm.br\/orgaos-suplementares\/imprensa-universitaria\/wp-json\/wp\/v2\/types\/page"}],"author":[{"embeddable":true,"href":"https:\/\/www.ufsm.br\/orgaos-suplementares\/imprensa-universitaria\/wp-json\/wp\/v2\/users\/46"}],"replies":[{"embeddable":true,"href":"https:\/\/www.ufsm.br\/orgaos-suplementares\/imprensa-universitaria\/wp-json\/wp\/v2\/comments?post=8"}],"version-history":[{"count":0,"href":"https:\/\/www.ufsm.br\/orgaos-suplementares\/imprensa-universitaria\/wp-json\/wp\/v2\/pages\/8\/revisions"}],"wp:attachment":[{"href":"https:\/\/www.ufsm.br\/orgaos-suplementares\/imprensa-universitaria\/wp-json\/wp\/v2\/media?parent=8"}],"wp:term":[{"taxonomy":"category","embeddable":true,"href":"https:\/\/www.ufsm.br\/orgaos-suplementares\/imprensa-universitaria\/wp-json\/wp\/v2\/categories?post=8"},{"taxonomy":"post_tag","embeddable":true,"href":"https:\/\/www.ufsm.br\/orgaos-suplementares\/imprensa-universitaria\/wp-json\/wp\/v2\/tags?post=8"}],"curies":[{"name":"wp","href":"https:\/\/api.w.org\/{rel}","templated":true}]}}