{"id":2119,"date":"2021-08-30T16:32:50","date_gmt":"2021-08-30T19:32:50","guid":{"rendered":"https:\/\/www.ufsm.br\/orgaos-suplementares\/jardim-botanico\/?page_id=2119"},"modified":"2025-04-24T19:14:58","modified_gmt":"2025-04-24T22:14:58","slug":"oficinas-virtuais","status":"publish","type":"page","link":"https:\/\/www.ufsm.br\/orgaos-suplementares\/jardim-botanico\/oficinas-virtuais","title":{"rendered":"Materiais did\u00e1ticos do Jardim Bot\u00e2nico"},"content":{"rendered":"\t\t<div data-elementor-type=\"wp-page\" data-elementor-id=\"2119\" class=\"elementor elementor-2119\">\n\t\t\t\t\t\t<section class=\"elementor-section elementor-top-section elementor-element elementor-element-6fd282f elementor-section-boxed elementor-section-height-default elementor-section-height-default\" data-id=\"6fd282f\" data-element_type=\"section\">\n\t\t\t\t\t\t<div class=\"elementor-container elementor-column-gap-default\">\n\t\t\t\t\t<div class=\"elementor-column elementor-col-100 elementor-top-column elementor-element elementor-element-c41a6db\" data-id=\"c41a6db\" data-element_type=\"column\">\n\t\t\t<div class=\"elementor-widget-wrap elementor-element-populated\">\n\t\t\t\t\t\t<div class=\"elementor-element elementor-element-8f582a4 elementor-widget elementor-widget-text-editor\" data-id=\"8f582a4\" data-element_type=\"widget\" data-widget_type=\"text-editor.default\">\n\t\t\t\t<div class=\"elementor-widget-container\">\n\t\t\t\t\t\t\t<p><span style=\"color: #000000;font-size: 16px;text-align: justify\">\u00a0O Jardim Bot\u00e2nico de Santa Maria (JBSM) <\/span><span style=\"color: #000000;font-size: 1rem;text-align: justify\">\u00e9 um espa\u00e7o educativo de extens\u00e3o universit\u00e1ria\u00a0<\/span><span style=\"color: #000000;font-size: 1rem;text-align: justify\">que recebe como p\u00fablico predominante professores e estudantes de\u00a0<\/span><span style=\"color: #000000;font-size: 1rem;text-align: justify\">escolas p\u00fablicas. Em fun\u00e7\u00e3o da pandemia do COVID-19, as visita\u00e7\u00f5es no\u00a0<\/span><span style=\"color: #000000;font-size: 1rem;text-align: justify\">jardim bot\u00e2nico ficaram suspensas. Em prol de n\u00e3o perder o contato\u00a0<\/span><span style=\"color: #000000;font-size: 1rem;text-align: justify\">com os professores e alunos da educa\u00e7\u00e3o b\u00e1sica e continuar com o\u00a0<\/span><span style=\"color: #000000;font-size: 1rem;text-align: justify\">trabalho extensionista, o JBSM iniciou a produ\u00e7\u00e3o de v\u00eddeos educativos\u00a0<\/span><span style=\"color: #000000;font-size: 1rem;text-align: justify\">em 2020 e oferece as oficinas virtuais\u00a0 gravadas. Os v\u00eddeos est\u00e3o dispon\u00edveis no<a href=\"https:\/\/www.youtube.com\/@JardimBotanicodaUFSM\"> YOUTUBE do Jardim Bot\u00e2nico.<\/a><\/span><\/p>\t\t\t\t\t\t<\/div>\n\t\t\t\t<\/div>\n\t\t\t\t<div class=\"elementor-element elementor-element-56fcbe0 elementor-widget elementor-widget-spacer\" data-id=\"56fcbe0\" data-element_type=\"widget\" data-widget_type=\"spacer.default\">\n\t\t\t\t<div class=\"elementor-widget-container\">\n\t\t\t\t\t<div class=\"elementor-spacer\">\n\t\t\t<div class=\"elementor-spacer-inner\"><\/div>\n\t\t<\/div>\n\t\t\t\t<\/div>\n\t\t\t\t<\/div>\n\t\t\t\t\t<\/div>\n\t\t<\/div>\n\t\t\t\t\t<\/div>\n\t\t<\/section>\n\t\t\t\t<section class=\"elementor-section elementor-top-section elementor-element elementor-element-7fe6b46 elementor-section-boxed elementor-section-height-default elementor-section-height-default\" data-id=\"7fe6b46\" data-element_type=\"section\">\n\t\t\t\t\t\t<div class=\"elementor-container elementor-column-gap-default\">\n\t\t\t\t\t<div class=\"elementor-column elementor-col-100 elementor-top-column elementor-element elementor-element-a878fa6\" data-id=\"a878fa6\" data-element_type=\"column\">\n\t\t\t<div class=\"elementor-widget-wrap elementor-element-populated\">\n\t\t\t\t\t\t<div class=\"elementor-element elementor-element-4625a88 elementor-widget elementor-widget-image\" data-id=\"4625a88\" data-element_type=\"widget\" data-widget_type=\"image.default\">\n\t\t\t\t<div class=\"elementor-widget-container\">\n\t\t\t\t\t\t\t\t\t\t\t\t\t<img fetchpriority=\"high\" decoding=\"async\" width=\"857\" height=\"559\" src=\"https:\/\/www.ufsm.br\/app\/uploads\/sites\/363\/2022\/11\/youtubejb.jpg\" class=\"attachment-large size-large wp-image-2130\" alt=\"\" srcset=\"https:\/\/www.ufsm.br\/app\/uploads\/sites\/363\/2022\/11\/youtubejb.jpg 857w, https:\/\/www.ufsm.br\/app\/uploads\/sites\/363\/2022\/11\/youtubejb-300x196.jpg 300w, https:\/\/www.ufsm.br\/app\/uploads\/sites\/363\/2022\/11\/youtubejb-768x501.jpg 768w\" sizes=\"(max-width: 857px) 100vw, 857px\" \/>\t\t\t\t\t\t\t\t\t\t\t\t\t<\/div>\n\t\t\t\t<\/div>\n\t\t\t\t\t<\/div>\n\t\t<\/div>\n\t\t\t\t\t<\/div>\n\t\t<\/section>\n\t\t\t\t<section class=\"elementor-section elementor-top-section elementor-element elementor-element-3d8dbba elementor-section-boxed elementor-section-height-default elementor-section-height-default\" data-id=\"3d8dbba\" data-element_type=\"section\">\n\t\t\t\t\t\t<div class=\"elementor-container elementor-column-gap-default\">\n\t\t\t\t\t<div class=\"elementor-column elementor-col-100 elementor-top-column elementor-element elementor-element-db62ba7\" data-id=\"db62ba7\" data-element_type=\"column\">\n\t\t\t<div class=\"elementor-widget-wrap elementor-element-populated\">\n\t\t\t\t\t\t<div class=\"elementor-element elementor-element-f8e713c elementor-widget elementor-widget-spacer\" data-id=\"f8e713c\" data-element_type=\"widget\" data-widget_type=\"spacer.default\">\n\t\t\t\t<div class=\"elementor-widget-container\">\n\t\t\t\t\t<div class=\"elementor-spacer\">\n\t\t\t<div class=\"elementor-spacer-inner\"><\/div>\n\t\t<\/div>\n\t\t\t\t<\/div>\n\t\t\t\t<\/div>\n\t\t\t\t\t<\/div>\n\t\t<\/div>\n\t\t\t\t\t<\/div>\n\t\t<\/section>\n\t\t\t\t<\/div>\n\t\t","protected":false},"excerpt":{"rendered":"<p>\u00a0O Jardim Bot\u00e2nico de Santa Maria (JBSM) \u00e9 um espa\u00e7o educativo de extens\u00e3o universit\u00e1ria\u00a0que recebe como p\u00fablico predominante professores e estudantes de\u00a0escolas p\u00fablicas. Em fun\u00e7\u00e3o da pandemia do COVID-19, as visita\u00e7\u00f5es no\u00a0jardim bot\u00e2nico ficaram suspensas. Em prol de n\u00e3o perder o contato\u00a0com os professores e alunos da educa\u00e7\u00e3o b\u00e1sica e continuar com o\u00a0trabalho extensionista, o [&hellip;]<\/p>\n","protected":false},"author":668,"featured_media":0,"parent":0,"menu_order":0,"comment_status":"closed","ping_status":"closed","template":"","meta":{"footnotes":""},"categories":[],"tags":[],"class_list":["post-2119","page","type-page","status-publish","hentry"],"acf":[],"_links":{"self":[{"href":"https:\/\/www.ufsm.br\/orgaos-suplementares\/jardim-botanico\/wp-json\/wp\/v2\/pages\/2119","targetHints":{"allow":["GET"]}}],"collection":[{"href":"https:\/\/www.ufsm.br\/orgaos-suplementares\/jardim-botanico\/wp-json\/wp\/v2\/pages"}],"about":[{"href":"https:\/\/www.ufsm.br\/orgaos-suplementares\/jardim-botanico\/wp-json\/wp\/v2\/types\/page"}],"author":[{"embeddable":true,"href":"https:\/\/www.ufsm.br\/orgaos-suplementares\/jardim-botanico\/wp-json\/wp\/v2\/users\/668"}],"replies":[{"embeddable":true,"href":"https:\/\/www.ufsm.br\/orgaos-suplementares\/jardim-botanico\/wp-json\/wp\/v2\/comments?post=2119"}],"version-history":[{"count":0,"href":"https:\/\/www.ufsm.br\/orgaos-suplementares\/jardim-botanico\/wp-json\/wp\/v2\/pages\/2119\/revisions"}],"wp:attachment":[{"href":"https:\/\/www.ufsm.br\/orgaos-suplementares\/jardim-botanico\/wp-json\/wp\/v2\/media?parent=2119"}],"wp:term":[{"taxonomy":"category","embeddable":true,"href":"https:\/\/www.ufsm.br\/orgaos-suplementares\/jardim-botanico\/wp-json\/wp\/v2\/categories?post=2119"},{"taxonomy":"post_tag","embeddable":true,"href":"https:\/\/www.ufsm.br\/orgaos-suplementares\/jardim-botanico\/wp-json\/wp\/v2\/tags?post=2119"}],"curies":[{"name":"wp","href":"https:\/\/api.w.org\/{rel}","templated":true}]}}