{"id":259,"date":"2018-12-03T10:55:45","date_gmt":"2018-12-03T12:55:45","guid":{"rendered":"https:\/\/www.ufsm.br\/orgaos-suplementares\/jardim-botanico\/?page_id=259"},"modified":"2019-03-29T20:44:44","modified_gmt":"2019-03-29T23:44:44","slug":"normas-do-herbario-smdb","status":"publish","type":"page","link":"https:\/\/www.ufsm.br\/orgaos-suplementares\/jardim-botanico\/normas-do-herbario-smdb","title":{"rendered":"Normas do Herb\u00e1rio SMDB"},"content":{"rendered":"\t\t<div data-elementor-type=\"wp-post\" data-elementor-id=\"259\" class=\"elementor elementor-259 elementor-bc-flex-widget\">\n\t\t\t\t\t\t<section class=\"elementor-section elementor-top-section elementor-element elementor-element-de547b9 elementor-section-boxed elementor-section-height-default elementor-section-height-default\" data-id=\"de547b9\" data-element_type=\"section\">\n\t\t\t\t\t\t<div class=\"elementor-container elementor-column-gap-default\">\n\t\t\t\t\t<div class=\"elementor-column elementor-col-100 elementor-top-column elementor-element elementor-element-ac1c7be\" data-id=\"ac1c7be\" data-element_type=\"column\">\n\t\t\t<div class=\"elementor-widget-wrap elementor-element-populated\">\n\t\t\t\t\t\t<div class=\"elementor-element elementor-element-cc938b4 elementor-widget elementor-widget-text-editor\" data-id=\"cc938b4\" data-element_type=\"widget\" data-widget_type=\"text-editor.default\">\n\t\t\t\t<div class=\"elementor-widget-container\">\n\t\t\t\t\t\t\t<p>Neste documento est\u00e3o descritas as normas de funcionamento do Herb\u00e1rio SMDB, cuja reda\u00e7\u00e3o foi feita com base nas Normas de funcionamento do Herb\u00e1rio ICN \u2013 UFRGS (impresso fornecido aos usu\u00e1rios), que tem sido seguida por v\u00e1rios outros herb\u00e1rios, ex. PEL, IFSR, entre outros. Foram feitas adapta\u00e7\u00f5es e modifica\u00e7\u00f5es, mediante a an\u00e1lise cr\u00edtica da equipe administrativa e de trabalho do herb\u00e1rio. Tamb\u00e9m foram agregadas informa\u00e7\u00f5es de outros herb\u00e1rios: Herb\u00e1rio CTES (informa\u00e7\u00f5es do s\u00edtio na web); regimento interno do Herb\u00e1rio RBR (informa\u00e7\u00f5es do s\u00edtio na web); regulamento do Herb\u00e1rio da Universidade Estadual de Campinas.<\/p>\t\t\t\t\t\t<\/div>\n\t\t\t\t<\/div>\n\t\t\t\t\t<\/div>\n\t\t<\/div>\n\t\t\t\t\t<\/div>\n\t\t<\/section>\n\t\t\t\t<\/div>\n\t\t","protected":false},"excerpt":{"rendered":"<p>Neste documento est\u00e3o descritas as normas de funcionamento do Herb\u00e1rio SMDB, cuja reda\u00e7\u00e3o foi feita com base nas Normas de funcionamento do Herb\u00e1rio ICN \u2013 UFRGS (impresso fornecido aos usu\u00e1rios), que tem sido seguida por v\u00e1rios outros herb\u00e1rios, ex. PEL, IFSR, entre outros. Foram feitas adapta\u00e7\u00f5es e modifica\u00e7\u00f5es, mediante a an\u00e1lise cr\u00edtica da equipe administrativa [&hellip;]<\/p>\n","protected":false},"author":94,"featured_media":0,"parent":0,"menu_order":0,"comment_status":"closed","ping_status":"closed","template":"","meta":{"footnotes":""},"categories":[],"tags":[],"class_list":["post-259","page","type-page","status-publish","hentry"],"acf":[],"_links":{"self":[{"href":"https:\/\/www.ufsm.br\/orgaos-suplementares\/jardim-botanico\/wp-json\/wp\/v2\/pages\/259","targetHints":{"allow":["GET"]}}],"collection":[{"href":"https:\/\/www.ufsm.br\/orgaos-suplementares\/jardim-botanico\/wp-json\/wp\/v2\/pages"}],"about":[{"href":"https:\/\/www.ufsm.br\/orgaos-suplementares\/jardim-botanico\/wp-json\/wp\/v2\/types\/page"}],"author":[{"embeddable":true,"href":"https:\/\/www.ufsm.br\/orgaos-suplementares\/jardim-botanico\/wp-json\/wp\/v2\/users\/94"}],"replies":[{"embeddable":true,"href":"https:\/\/www.ufsm.br\/orgaos-suplementares\/jardim-botanico\/wp-json\/wp\/v2\/comments?post=259"}],"version-history":[{"count":0,"href":"https:\/\/www.ufsm.br\/orgaos-suplementares\/jardim-botanico\/wp-json\/wp\/v2\/pages\/259\/revisions"}],"wp:attachment":[{"href":"https:\/\/www.ufsm.br\/orgaos-suplementares\/jardim-botanico\/wp-json\/wp\/v2\/media?parent=259"}],"wp:term":[{"taxonomy":"category","embeddable":true,"href":"https:\/\/www.ufsm.br\/orgaos-suplementares\/jardim-botanico\/wp-json\/wp\/v2\/categories?post=259"},{"taxonomy":"post_tag","embeddable":true,"href":"https:\/\/www.ufsm.br\/orgaos-suplementares\/jardim-botanico\/wp-json\/wp\/v2\/tags?post=259"}],"curies":[{"name":"wp","href":"https:\/\/api.w.org\/{rel}","templated":true}]}}