{"id":451,"date":"2024-09-12T16:11:53","date_gmt":"2024-09-12T19:11:53","guid":{"rendered":"https:\/\/www.ufsm.br\/orgaos-suplementares\/planetario\/?page_id=451"},"modified":"2026-03-02T08:57:32","modified_gmt":"2026-03-02T11:57:32","slug":"agendamento-planetario-ufsm","status":"publish","type":"page","link":"https:\/\/www.ufsm.br\/orgaos-suplementares\/planetario\/agendamento-planetario-ufsm","title":{"rendered":"<b>Agendamento Planet\u00e1rio UFSM<\/b>"},"content":{"rendered":"\t\t<div data-elementor-type=\"wp-page\" data-elementor-id=\"451\" class=\"elementor elementor-451\">\n\t\t\t\t\t\t<section class=\"elementor-section elementor-top-section elementor-element elementor-element-bc2989c elementor-section-boxed elementor-section-height-default elementor-section-height-default\" data-id=\"bc2989c\" data-element_type=\"section\">\n\t\t\t\t\t\t<div class=\"elementor-container elementor-column-gap-default\">\n\t\t\t\t\t<div class=\"elementor-column elementor-col-100 elementor-top-column elementor-element elementor-element-ab8bb68\" data-id=\"ab8bb68\" data-element_type=\"column\">\n\t\t\t<div class=\"elementor-widget-wrap elementor-element-populated\">\n\t\t\t\t\t\t<div class=\"elementor-element elementor-element-f555ff5 elementor-widget elementor-widget-text-editor\" data-id=\"f555ff5\" data-element_type=\"widget\" data-widget_type=\"text-editor.default\">\n\t\t\t\t<div class=\"elementor-widget-container\">\n\t\t\t\t\t\t\t<p>Seja bem-vindo(a) ao Agendamento do Planet\u00e1rio da UFSM.\u00a0<\/p><p>Abaixo est\u00e3o algumas orienta\u00e7\u00f5es e informa\u00e7\u00f5es importantes sobre o agendamento, Leia tudo atentamente e preencha corretamente o formul\u00e1rio de agendamento. Para casos especiais ou d\u00favidas que possam surgir, entre em contato atrav\u00e9s do e-mail: planetario.agendamento@ufsm.br (<i>apenas para\u00a0<\/i><i>d\u00favidas espec\u00edficas sobre o agendamento<\/i>)<\/p><hr \/><table style=\"border-collapse: collapse;width: 100%\"><tbody><tr><td style=\"width: 100%;background-color: #d70000\"><p style=\"text-align: center\"><span style=\"text-decoration: underline;color: #ffffff\"><strong>AVISO:<\/strong><\/span><\/p><p style=\"text-align: center\"><span style=\"color: #ffffff\">A partir de <strong>1\u00ba de dezembro de 2025<\/strong>, o Planet\u00e1rio da UFSM estar\u00e1 passando por obras de acessibilidade nos banheiros.<\/span><br \/><span style=\"color: #ffffff\">Portanto, <strong>n\u00e3o estar\u00e1 realizando sess\u00f5es de c\u00fapula, nem agendamentos<\/strong> at\u00e9 que as obras sejam conclu\u00eddas.\u00a0<\/span><\/p><\/td><\/tr><\/tbody><\/table>\t\t\t\t\t\t<\/div>\n\t\t\t\t<\/div>\n\t\t\t\t\t<\/div>\n\t\t<\/div>\n\t\t\t\t\t<\/div>\n\t\t<\/section>\n\t\t\t\t<section class=\"elementor-section elementor-top-section elementor-element elementor-element-1b9044d elementor-section-boxed elementor-section-height-default elementor-section-height-default\" data-id=\"1b9044d\" data-element_type=\"section\">\n\t\t\t\t\t\t<div class=\"elementor-container elementor-column-gap-default\">\n\t\t\t\t\t<div class=\"elementor-column elementor-col-33 elementor-top-column elementor-element elementor-element-255d114\" data-id=\"255d114\" data-element_type=\"column\">\n\t\t\t<div class=\"elementor-widget-wrap elementor-element-populated\">\n\t\t\t\t\t\t<div class=\"elementor-element elementor-element-f7b3641 elementor-widget elementor-widget-text-editor\" data-id=\"f7b3641\" data-element_type=\"widget\" data-widget_type=\"text-editor.default\">\n\t\t\t\t<div class=\"elementor-widget-container\">\n\t\t\t\t\t\t\t<h5 style=\"color: #202124;font-family: docs-Roboto;font-size: 14.6667px\"><b style=\"color: #202124;font-family: docs-Roboto;font-size: 14.6667px;text-align: var(--bs-body-text-align)\">ORIENTA\u00c7\u00d5ES:<\/b><\/h5>\n<ul style=\"margin-bottom: 0px;padding-top: 1em;padding-bottom: 1em;color: #202124;font-family: docs-Roboto;font-size: 14.6667px\">\n<li><span><span style=\"font-size: 11pt;font-family: Arial, sans-serif;background-color: transparent;vertical-align: baseline\">Os agendamentos s\u00e3o destinados para grupos, preferencialmente estudantis, de <b>no m\u00ednimo 15 pessoas<\/b>. <\/span><\/span><\/li>\n<li><span style=\"color: #202124;font-size: 14.6667px;font-weight: var( --e-global-typography-text-font-weight );text-align: var(--bs-body-text-align)\">Consulte previamente a disponibilidade de data e hor\u00e1rio no calend\u00e1rio ao lado.<\/span><\/li>\n<li>Para as&nbsp;<b>sess\u00f5es presenciais<\/b>, consulte previamente os filmes dispon\u00edveis na programa\u00e7\u00e3o (<a style=\"color: #1155cc\" href=\"https:\/\/www.ufsm.br\/orgaos-suplementares\/planetario\/programacao\" target=\"_blank\" rel=\"noopener\">CLIQUE AQUI<\/a>).<\/li>\n<li>Para as&nbsp;<b>sess\u00f5es virtuais<\/b>, consulte previamente os temas dispon\u00edveis (<a style=\"color: #1155cc\" href=\"https:\/\/www.ufsm.br\/orgaos-suplementares\/planetario\/pagina-inicial\/sessoes-virtuais\" target=\"_blank\" rel=\"noopener\">CLIQUE AQUI<\/a>).<\/li>\n<li>A lota\u00e7\u00e3o da sala de proje\u00e7\u00e3o \u00e9 de at\u00e9&nbsp;<b>100 lugares,&nbsp;<\/b>para mais do que isso \u00e9 necess\u00e1rio o agendamento de mais de um hor\u00e1rio.<\/li>\n<li>Para sess\u00f5es virtuais o limite de participantes \u00e9 de <b>50 pessoas<\/b>.<\/li>\n<li>O Agendamento \u00e9 feito seguindo a ordem de recebimento das solicita\u00e7\u00f5es enviadas mediante o preenchimento do formul\u00e1rio de agendamento. Salientamos que h\u00e1 um tempo de processamento das solicita\u00e7\u00f5es por parte da equipe do Planet\u00e1rio, o que pode gerar eventuais conflitos de hor\u00e1rio. Portanto, se poss\u00edvel, indique tamb\u00e9m ao menos uma segunda op\u00e7\u00e3o de hor\u00e1rio como garantia para realizarmos o encaixe na agenda.<\/li>\n<\/ul>\t\t\t\t\t\t<\/div>\n\t\t\t\t<\/div>\n\t\t\t\t\t<\/div>\n\t\t<\/div>\n\t\t\t\t<div class=\"elementor-column elementor-col-66 elementor-top-column elementor-element elementor-element-c9687d2\" data-id=\"c9687d2\" data-element_type=\"column\">\n\t\t\t<div class=\"elementor-widget-wrap elementor-element-populated\">\n\t\t\t\t\t\t<div class=\"elementor-element elementor-element-91e1bab elementor-align-justify elementor-button-success elementor-widget elementor-widget-button\" data-id=\"91e1bab\" data-element_type=\"widget\" data-widget_type=\"button.default\">\n\t\t\t\t<div class=\"elementor-widget-container\">\n\t\t\t\t\t\t\t<div class=\"elementor-button-wrapper\">\n\t\t\t\t\t<a class=\"elementor-button elementor-size-sm\" role=\"button\">\n\t\t\t\t\t\t<span class=\"elementor-button-content-wrapper\">\n\t\t\t\t\t\t\t\t\t<span class=\"elementor-button-text\">AGENDAMENTO TEMPORARIAMENTE SUSPENSO<\/span>\n\t\t\t\t\t<\/span>\n\t\t\t\t\t<\/a>\n\t\t\t\t<\/div>\n\t\t\t\t\t\t<\/div>\n\t\t\t\t<\/div>\n\t\t\t\t<div class=\"elementor-element elementor-element-2cdbe69 elementor-widget elementor-widget-text-editor\" data-id=\"2cdbe69\" data-element_type=\"widget\" data-widget_type=\"text-editor.default\">\n\t\t\t\t<div class=\"elementor-widget-container\">\n\t\t\t\t\t\t\t<h5><b>Aten\u00e7\u00e3o:<\/b> Utilize as <b>setas de navega\u00e7\u00e3o<\/b>, localizadas <b>na parte superior esquerda&nbsp;<\/b>do calend\u00e1rio abaixo para visualizar a disponibilidade de agendamento nas pr\u00f3ximas semanas.<\/h5>\n<p><iframe src=\"https:\/\/calendar.google.com\/calendar\/embed?height=650&amp;wkst=1&amp;ctz=America%2FSao_Paulo&amp;bgcolor=%23F09300&amp;title=Agenda%20PLANET%C3%81RIO%20UFSM&amp;showPrint=0&amp;showTabs=0&amp;showCalendars=0&amp;showTz=0&amp;mode=WEEK&amp;src=Yzc4YjYwZTc5NGMxNDk0ZGRkOWQ1ZWEyYWQzNmI2NzFkMTJmYjQ5Mzk5YzQ2NzNkZTUwN2VkNmNjMTFmNzBkYUBncm91cC5jYWxlbmRhci5nb29nbGUuY29t&amp;src=MzY3NDZlODBmZjU2MTliNjVlOGFiNTlkYmIxNmM4NGYxZDM3NzQ5ZjdmYmU5N2NhN2Q0ZjUzOWNhZDgyNjg0MkBncm91cC5jYWxlbmRhci5nb29nbGUuY29t&amp;src=ZjU1MDU2YjUyOWQzMmQ2MTg4MGE0MDczMjcwMzc1OGZiOTc0ZDZjYzEzNmJjMjJiMzM4ODM0NjM2NWIzMjczOEBncm91cC5jYWxlbmRhci5nb29nbGUuY29t&amp;src=MTBjNDM2ZTBhN2I1ZmQ0ZTk1MTE2NTk3ODM5YTJiNTRmMDUyMDNiN2ZmOGUxZDM2MjI4YWFiMzc2YmIxNWI0YkBncm91cC5jYWxlbmRhci5nb29nbGUuY29t&amp;color=%237CB342&amp;color=%23D50000&amp;color=%239E69AF&amp;color=%23039BE5\" width=\"650\" height=\"650\" frameborder=\"0\" scrolling=\"no\"><\/iframe><\/p>\t\t\t\t\t\t<\/div>\n\t\t\t\t<\/div>\n\t\t\t\t\t<\/div>\n\t\t<\/div>\n\t\t\t\t\t<\/div>\n\t\t<\/section>\n\t\t\t\t<section class=\"elementor-section elementor-top-section elementor-element elementor-element-d67e1d8 elementor-section-boxed elementor-section-height-default elementor-section-height-default\" data-id=\"d67e1d8\" data-element_type=\"section\">\n\t\t\t\t\t\t<div class=\"elementor-container elementor-column-gap-default\">\n\t\t\t\t\t<div class=\"elementor-column elementor-col-100 elementor-top-column elementor-element elementor-element-d40e17c\" data-id=\"d40e17c\" data-element_type=\"column\">\n\t\t\t<div class=\"elementor-widget-wrap elementor-element-populated\">\n\t\t\t\t\t\t<div class=\"elementor-element elementor-element-5f0dfe4 elementor-widget elementor-widget-text-editor\" data-id=\"5f0dfe4\" data-element_type=\"widget\" data-widget_type=\"text-editor.default\">\n\t\t\t\t<div class=\"elementor-widget-container\">\n\t\t\t\t\t\t\t<h5><b>INFORMA\u00c7\u00d5ES GERAIS:<\/b><\/h5><ul><li><b>Custo do ingresso<\/b>\u00a0(<i>para 1 sess\u00e3o<\/i>):<br \/>R$5,00 (estudantes\/crian\u00e7as)<br \/>R$10,00 (n\u00e3o estudantes \u2013 incluindo professores e demais pessoas que acompanhem a turma)<br \/><i>A cada 20 alunos, 1 professor(a)\/acompanhante \u00e9 isento(a).<\/i><\/li><li><b>IMPORTANTE<\/b>: As informa\u00e7\u00f5es para o pagamento ser\u00e3o enviadas no e-mail de confirma\u00e7\u00e3o.<br \/>(<i>N\u00e3o realize nenhum pagamento ou contrata\u00e7\u00e3o de transporte antes de receber a confima\u00e7\u00e3o de agendamento, pois outros pedidos podem j\u00e1 estar em an\u00e1lise para o mesmo hor\u00e1rio solicitado<\/i>).<\/li><\/ul><hr \/><h5>Para conhe\u00e7er outros\u00a0<strong>ESPA\u00c7OS MUSEAIS<\/strong>\u00a0da UFSM, acesse o portal da\u00a0<span style=\"text-decoration: underline\"><a href=\"https:\/\/www.ufsm.br\/pro-reitorias\/pre\/cca\/divisao-de-museus-ufsm\" target=\"_blank\" rel=\"noopener\"><strong>Divis\u00e3o de Museus.<\/strong><\/a><\/span><\/h5>\t\t\t\t\t\t<\/div>\n\t\t\t\t<\/div>\n\t\t\t\t\t<\/div>\n\t\t<\/div>\n\t\t\t\t\t<\/div>\n\t\t<\/section>\n\t\t\t\t<\/div>\n\t\t","protected":false},"excerpt":{"rendered":"<p>Seja bem-vindo(a) ao Agendamento do Planet\u00e1rio da UFSM.\u00a0 Abaixo est\u00e3o algumas orienta\u00e7\u00f5es e informa\u00e7\u00f5es importantes sobre o agendamento, Leia tudo atentamente e preencha corretamente o formul\u00e1rio de agendamento. Para casos especiais ou d\u00favidas que possam surgir, entre em contato atrav\u00e9s do e-mail: planetario.agendamento@ufsm.br (apenas para\u00a0d\u00favidas espec\u00edficas sobre o agendamento) AVISO: A partir de 1\u00ba de [&hellip;]<\/p>\n","protected":false},"author":243,"featured_media":0,"parent":0,"menu_order":0,"comment_status":"closed","ping_status":"closed","template":"","meta":{"footnotes":""},"categories":[],"tags":[],"class_list":["post-451","page","type-page","status-publish","hentry"],"acf":[],"_links":{"self":[{"href":"https:\/\/www.ufsm.br\/orgaos-suplementares\/planetario\/wp-json\/wp\/v2\/pages\/451","targetHints":{"allow":["GET"]}}],"collection":[{"href":"https:\/\/www.ufsm.br\/orgaos-suplementares\/planetario\/wp-json\/wp\/v2\/pages"}],"about":[{"href":"https:\/\/www.ufsm.br\/orgaos-suplementares\/planetario\/wp-json\/wp\/v2\/types\/page"}],"author":[{"embeddable":true,"href":"https:\/\/www.ufsm.br\/orgaos-suplementares\/planetario\/wp-json\/wp\/v2\/users\/243"}],"replies":[{"embeddable":true,"href":"https:\/\/www.ufsm.br\/orgaos-suplementares\/planetario\/wp-json\/wp\/v2\/comments?post=451"}],"version-history":[{"count":0,"href":"https:\/\/www.ufsm.br\/orgaos-suplementares\/planetario\/wp-json\/wp\/v2\/pages\/451\/revisions"}],"wp:attachment":[{"href":"https:\/\/www.ufsm.br\/orgaos-suplementares\/planetario\/wp-json\/wp\/v2\/media?parent=451"}],"wp:term":[{"taxonomy":"category","embeddable":true,"href":"https:\/\/www.ufsm.br\/orgaos-suplementares\/planetario\/wp-json\/wp\/v2\/categories?post=451"},{"taxonomy":"post_tag","embeddable":true,"href":"https:\/\/www.ufsm.br\/orgaos-suplementares\/planetario\/wp-json\/wp\/v2\/tags?post=451"}],"curies":[{"name":"wp","href":"https:\/\/api.w.org\/{rel}","templated":true}]}}