{"id":1145,"date":"2023-04-03T15:19:02","date_gmt":"2023-04-03T18:19:02","guid":{"rendered":"https:\/\/www.ufsm.br\/outros-orgaos\/cc\/?post_type=eventos&#038;p=1145"},"modified":"2023-04-03T15:19:03","modified_gmt":"2023-04-03T18:19:03","slug":"anavitoria-voz-violao-e-o-que-der-na-telha","status":"publish","type":"eventos","link":"https:\/\/www.ufsm.br\/outros-orgaos\/cc\/eventos\/anavitoria-voz-violao-e-o-que-der-na-telha","parent":0,"template":"","tags":[],"class_list":["post-1145","eventos","type-eventos","status-publish","hentry"],"acf":{"evento_nome":"Anavit\u00f3ria: voz, viol\u00e3o e o que der na telha","evento_inicio":"19\/05\/2023 21:00","evento_termino":"19\/05\/2023 23:00","evento_banner":null,"endereco_url":"anavitoria-voz-violao-e-o-que-der-na-telha","evento_categoria":"CULTURAIS","evento_descricao":"<p>O Centro de Conven\u00e7\u00f5es, recebe Anavit\u00f3ria, apresentando o Show Voz, viol\u00e3o e o que der na telha<\/p>\n","evento_programacao":null,"evento_inscricao":null,"evento_local":"Centro de Conven\u00e7\u00f5es","evento_contato":"<p>ingressodigital.com<\/p>\n"},"_links":{"self":[{"href":"https:\/\/www.ufsm.br\/outros-orgaos\/cc\/wp-json\/wp\/v2\/eventos\/1145","targetHints":{"allow":["GET"]}}],"collection":[{"href":"https:\/\/www.ufsm.br\/outros-orgaos\/cc\/wp-json\/wp\/v2\/eventos"}],"about":[{"href":"https:\/\/www.ufsm.br\/outros-orgaos\/cc\/wp-json\/wp\/v2\/types\/eventos"}],"wp:attachment":[{"href":"https:\/\/www.ufsm.br\/outros-orgaos\/cc\/wp-json\/wp\/v2\/media?parent=1145"}],"wp:term":[{"taxonomy":"post_tag","embeddable":true,"href":"https:\/\/www.ufsm.br\/outros-orgaos\/cc\/wp-json\/wp\/v2\/tags?post=1145"}],"curies":[{"name":"wp","href":"https:\/\/api.w.org\/{rel}","templated":true}]}}

Anavitória: voz, violão e o que der na telha

<p>O Centro de Convenções, recebe Anavitória, apresentando o Show Voz, violão e o que der na telha</p>

Centro de Convenções
