{"id":1985,"date":"2025-06-10T16:10:29","date_gmt":"2025-06-10T19:10:29","guid":{"rendered":"https:\/\/www.ufsm.br\/outros-orgaos\/cc\/?post_type=eventos&#038;p=1985"},"modified":"2025-06-16T10:09:39","modified_gmt":"2025-06-16T13:09:39","slug":"concerto-da-banda-sinfonica-da-ufsm-em-comemoracao-aos-55-anos-do-centro-de-ciencias-sociais-e-humanas-ccsh","status":"publish","type":"eventos","link":"https:\/\/www.ufsm.br\/outros-orgaos\/cc\/eventos\/concerto-da-banda-sinfonica-da-ufsm-em-comemoracao-aos-55-anos-do-centro-de-ciencias-sociais-e-humanas-ccsh","parent":0,"template":"","tags":[],"class_list":["post-1985","eventos","type-eventos","status-publish","has-post-thumbnail","hentry"],"acf":{"evento_nome":"Concerto da Banda Sinf\u00f4nica da UFSM - Em comemora\u00e7\u00e3o aos 55 anos do Centro de Ci\u00eancias Sociais e Humanas - CCSH","evento_inicio":"02\/07\/2025 20:00","evento_termino":"02\/07\/2025 21:00","evento_banner":{"ID":1991,"id":1991,"title":"WhatsApp Image 2025-06-13 at 10.48.03","filename":"WhatsApp-Image-2025-06-13-at-10.48.03.jpeg","filesize":132129,"url":"https:\/\/www.ufsm.br\/app\/uploads\/sites\/403\/2025\/06\/WhatsApp-Image-2025-06-13-at-10.48.03.jpeg","link":"https:\/\/www.ufsm.br\/outros-orgaos\/cc\/eventos\/concerto-da-banda-sinfonica-da-ufsm-em-comemoracao-aos-55-anos-do-centro-de-ciencias-sociais-e-humanas-ccsh\/whatsapp-image-2025-06-13-at-10-48-03","alt":"","author":"287","description":"","caption":"","name":"whatsapp-image-2025-06-13-at-10-48-03","status":"inherit","uploaded_to":1985,"date":"2025-06-16 13:09:22","modified":"2025-06-16 13:09:22","menu_order":0,"mime_type":"image\/jpeg","type":"image","subtype":"jpeg","icon":"https:\/\/www.ufsm.br\/outros-orgaos\/cc\/wp-includes\/images\/media\/default.png","width":1500,"height":400,"sizes":{"thumbnail":"https:\/\/www.ufsm.br\/app\/uploads\/sites\/403\/2025\/06\/WhatsApp-Image-2025-06-13-at-10.48.03-150x150.jpeg","thumbnail-width":150,"thumbnail-height":150,"medium":"https:\/\/www.ufsm.br\/app\/uploads\/sites\/403\/2025\/06\/WhatsApp-Image-2025-06-13-at-10.48.03-300x80.jpeg","medium-width":300,"medium-height":80,"medium_large":"https:\/\/www.ufsm.br\/app\/uploads\/sites\/403\/2025\/06\/WhatsApp-Image-2025-06-13-at-10.48.03-768x205.jpeg","medium_large-width":768,"medium_large-height":205,"large":"https:\/\/www.ufsm.br\/app\/uploads\/sites\/403\/2025\/06\/WhatsApp-Image-2025-06-13-at-10.48.03-1024x273.jpeg","large-width":1024,"large-height":273,"1536x1536":"https:\/\/www.ufsm.br\/app\/uploads\/sites\/403\/2025\/06\/WhatsApp-Image-2025-06-13-at-10.48.03.jpeg","1536x1536-width":1500,"1536x1536-height":400,"2048x2048":"https:\/\/www.ufsm.br\/app\/uploads\/sites\/403\/2025\/06\/WhatsApp-Image-2025-06-13-at-10.48.03.jpeg","2048x2048-width":1500,"2048x2048-height":400,"sow-carousel-default":"https:\/\/www.ufsm.br\/app\/uploads\/sites\/403\/2025\/06\/WhatsApp-Image-2025-06-13-at-10.48.03-272x182.jpeg","sow-carousel-default-width":272,"sow-carousel-default-height":182}},"endereco_url":"concerto-da-banda-sinfonica-da-ufsm-em-comemoracao-aos-55-anos-do-centro-de-ciencias-sociais-e-humanas-ccsh","evento_categoria":"ART\u00cdSTICOS","evento_descricao":"<p>Em comemora\u00e7\u00e3o aos 55 anos do Centro de Ci\u00eancias Sociais e Humanas da UFSM, a Banda Sinf\u00f4nica da UFSM convida a comunidade para um momento especial de arte e celebra\u00e7\u00e3o!<\/p>\n<p>Com reg\u00eancia de Clayton Miranda e Solistas: Kamilly Duarte, Rodrigo Dias e Joaquim Zimermann<\/p>\n<p>O evento \u00e9 gratuito e sem retirada de ingresso.<\/p>\n","evento_programacao":null,"evento_inscricao":null,"evento_local":"Centro de Conven\u00e7\u00f5es","evento_contato":"<p>Banda Sinf\u00f4nica da UFSM:<br \/>\n98122-3451<br \/>\n99919-7066<\/p>\n"},"_links":{"self":[{"href":"https:\/\/www.ufsm.br\/outros-orgaos\/cc\/wp-json\/wp\/v2\/eventos\/1985","targetHints":{"allow":["GET"]}}],"collection":[{"href":"https:\/\/www.ufsm.br\/outros-orgaos\/cc\/wp-json\/wp\/v2\/eventos"}],"about":[{"href":"https:\/\/www.ufsm.br\/outros-orgaos\/cc\/wp-json\/wp\/v2\/types\/eventos"}],"wp:featuredmedia":[{"embeddable":true,"href":"https:\/\/www.ufsm.br\/outros-orgaos\/cc\/wp-json\/wp\/v2\/media\/1991"}],"wp:attachment":[{"href":"https:\/\/www.ufsm.br\/outros-orgaos\/cc\/wp-json\/wp\/v2\/media?parent=1985"}],"wp:term":[{"taxonomy":"post_tag","embeddable":true,"href":"https:\/\/www.ufsm.br\/outros-orgaos\/cc\/wp-json\/wp\/v2\/tags?post=1985"}],"curies":[{"name":"wp","href":"https:\/\/api.w.org\/{rel}","templated":true}]}}

Concerto da Banda Sinfônica da UFSM - Em comemoração aos 55 anos do Centro de Ciências Sociais e Humanas - CCSH

ARTÍSTICOS

<p>Em comemoração aos 55 anos do Centro de Ciências Sociais e Humanas da UFSM, a Banda Sinfônica da UFSM convida a comunidade para um momento especial de arte e celebração!</p>
<p>Com regência de Clayton Miranda e Solistas: Kamilly Duarte, Rodrigo Dias e Joaquim Zimermann</p>
<p>O evento é gratuito e sem retirada de ingresso.</p>

Centro de Convenções

<p>Banda Sinfônica da UFSM:<br />
98122-3451<br />
99919-7066</p>
