{"id":2939,"date":"2026-09-02T11:15:15","date_gmt":"2026-09-02T14:15:15","guid":{"rendered":"https:\/\/www.ufsm.br\/outros-orgaos\/cc\/?post_type=eventos&#038;p=2939"},"modified":"2026-09-02T11:15:17","modified_gmt":"2026-09-02T14:15:17","slug":"concerto-da-orquestra-sinfonica-de-santa-maria-com-a-maestra-alba-bolfim","status":"publish","type":"eventos","link":"https:\/\/www.ufsm.br\/outros-orgaos\/cc\/eventos\/concerto-da-orquestra-sinfonica-de-santa-maria-com-a-maestra-alba-bolfim","parent":0,"template":"","tags":[],"class_list":["post-2939","eventos","type-eventos","status-publish","has-post-thumbnail","hentry"],"acf":{"evento_nome":"CONCERTO DA ORQUESTRA SINF\u00d4NICA DE SANTA MARIA COM A MAESTRA ALBA BOLFIM","evento_inicio":"03\/09\/2026 20:00","evento_termino":"03\/09\/2026 21:00","evento_banner":{"ID":2940,"id":2940,"title":"783608629_1710838801045766_3400656976725092386_n","filename":"783608629_1710838801045766_3400656976725092386_n.jpg","filesize":44403,"url":"https:\/\/www.ufsm.br\/app\/uploads\/sites\/403\/2026\/09\/783608629_1710838801045766_3400656976725092386_n.jpg","link":"https:\/\/www.ufsm.br\/outros-orgaos\/cc\/eventos\/concerto-da-orquestra-sinfonica-de-santa-maria-com-a-maestra-alba-bolfim\/783608629_1710838801045766_3400656976725092386_n","alt":"","author":"287","description":"","caption":"","name":"783608629_1710838801045766_3400656976725092386_n","status":"inherit","uploaded_to":2939,"date":"2026-09-02 14:14:34","modified":"2026-09-02 14:14:34","menu_order":0,"mime_type":"image\/jpeg","type":"image","subtype":"jpeg","icon":"http:\/\/www.ufsm.br\/outros-orgaos\/cc\/wp-includes\/images\/media\/default.png","width":960,"height":384,"sizes":{"thumbnail":"https:\/\/www.ufsm.br\/app\/uploads\/sites\/403\/2026\/09\/783608629_1710838801045766_3400656976725092386_n-150x150.jpg","thumbnail-width":150,"thumbnail-height":150,"medium":"https:\/\/www.ufsm.br\/app\/uploads\/sites\/403\/2026\/09\/783608629_1710838801045766_3400656976725092386_n-300x120.jpg","medium-width":300,"medium-height":120,"medium_large":"https:\/\/www.ufsm.br\/app\/uploads\/sites\/403\/2026\/09\/783608629_1710838801045766_3400656976725092386_n-768x307.jpg","medium_large-width":768,"medium_large-height":307,"large":"https:\/\/www.ufsm.br\/app\/uploads\/sites\/403\/2026\/09\/783608629_1710838801045766_3400656976725092386_n.jpg","large-width":960,"large-height":384,"1536x1536":"https:\/\/www.ufsm.br\/app\/uploads\/sites\/403\/2026\/09\/783608629_1710838801045766_3400656976725092386_n.jpg","1536x1536-width":960,"1536x1536-height":384,"2048x2048":"https:\/\/www.ufsm.br\/app\/uploads\/sites\/403\/2026\/09\/783608629_1710838801045766_3400656976725092386_n.jpg","2048x2048-width":960,"2048x2048-height":384,"sow-carousel-default":"https:\/\/www.ufsm.br\/app\/uploads\/sites\/403\/2026\/09\/783608629_1710838801045766_3400656976725092386_n-272x182.jpg","sow-carousel-default-width":272,"sow-carousel-default-height":182}},"endereco_url":"concerto-da-orquestra-sinfonica-de-santa-maria-com-a-maestra-alba-bolfim","evento_categoria":"ART\u00cdSTICOS","evento_descricao":"<div class=\"xdj266r x14z9mp xat24cr x1lziwak x1vvkbs x126k92a\">\n<div dir=\"auto\">OSSM recebe uma grande convidada!<\/div>\n<\/div>\n<div class=\"x14z9mp xat24cr x1lziwak x1vvkbs xtlvy1s x126k92a\">\n<div dir=\"auto\">No dia 3 de setembro, a Orquestra Sinf\u00f4nica de Santa Maria recebe a maestra Alba Bomfim para uma noite muito especial no Centro de Conven\u00e7\u00f5es da UFSM.<\/div>\n<\/div>\n<div class=\"x14z9mp xat24cr x1lziwak x1vvkbs xtlvy1s x126k92a\">\n<div dir=\"auto\">Doutora em Reg\u00eancia de Orquestra pela Universidade de Aveiro, em Portugal, Alba Bomfim \u00e9 um dos nomes de destaque da reg\u00eancia brasileira. Sua trajet\u00f3ria inclui apresenta\u00e7\u00f5es \u00e0 frente de importantes orquestras no Brasil, na Europa e nos Estados Unidos.<\/div>\n<\/div>\n<div class=\"x14z9mp xat24cr x1lziwak x1vvkbs xtlvy1s x126k92a\">\n<div dir=\"auto\"><span class=\"html-span xexx8yu xyri2b x18d9i69 x1c1uobl x1hl2dhg x16tdsg8 x1vvkbs x3nfvp2 x1j61x8r x1fcty0u xdj266r xat24cr xm2jcoa x1mpyi22 xxymvpz xlup9mm x1kky2od\"><img decoding=\"async\" class=\"xz74otr x15mokao x1ga7v0g x16uus16 xbiv7yw\" src=\"https:\/\/static.xx.fbcdn.net\/images\/emoji.php\/v9\/t7e\/1\/16\/1f4c5.png\" alt=\"\ud83d\udcc5\" width=\"16\" height=\"16\" \/><\/span> 03\/09\/2026<\/div>\n<div dir=\"auto\"><span class=\"html-span xexx8yu xyri2b x18d9i69 x1c1uobl x1hl2dhg x16tdsg8 x1vvkbs x3nfvp2 x1j61x8r x1fcty0u xdj266r xat24cr xm2jcoa x1mpyi22 xxymvpz xlup9mm x1kky2od\"><img decoding=\"async\" class=\"xz74otr x15mokao x1ga7v0g x16uus16 xbiv7yw\" src=\"https:\/\/static.xx.fbcdn.net\/images\/emoji.php\/v9\/t2f\/1\/16\/1f557.png\" alt=\"\ud83d\udd57\" width=\"16\" height=\"16\" \/><\/span> 20h<\/div>\n<div dir=\"auto\"><span class=\"html-span xexx8yu xyri2b x18d9i69 x1c1uobl x1hl2dhg x16tdsg8 x1vvkbs x3nfvp2 x1j61x8r x1fcty0u xdj266r xat24cr xm2jcoa x1mpyi22 xxymvpz xlup9mm x1kky2od\"><img decoding=\"async\" class=\"xz74otr x15mokao x1ga7v0g x16uus16 xbiv7yw\" src=\"https:\/\/static.xx.fbcdn.net\/images\/emoji.php\/v9\/t2d\/1\/16\/1f4cd.png\" alt=\"\ud83d\udccd\" width=\"16\" height=\"16\" \/><\/span> Centro de Conven\u00e7\u00f5es da UFSM<\/div>\n<div dir=\"auto\"><span class=\"html-span xexx8yu xyri2b x18d9i69 x1c1uobl x1hl2dhg x16tdsg8 x1vvkbs x3nfvp2 x1j61x8r x1fcty0u xdj266r xat24cr xm2jcoa x1mpyi22 xxymvpz xlup9mm x1kky2od\"><img loading=\"lazy\" decoding=\"async\" class=\"xz74otr x15mokao x1ga7v0g x16uus16 xbiv7yw\" src=\"https:\/\/static.xx.fbcdn.net\/images\/emoji.php\/v9\/td8\/1\/16\/1f39f.png\" alt=\"\ud83c\udf9f\ufe0f\" width=\"16\" height=\"16\" \/><\/span> INGRESSOS GRATUITOS<br \/>\n<img decoding=\"async\" src=\"https:\/\/scontent-poa1-1.xx.fbcdn.net\/v\/t51.82787-15\/782876189_18392711608206623_1300382416852926624_n.jpg?stp=dst-jpg_tt6&amp;cstp=mx1080x1350&amp;ctp=s590x590&amp;_nc_cat=102&amp;ccb=1-7&amp;_nc_sid=127cfc&amp;_nc_ohc=scLPi_LRAUQQ7kNvwFaJq5I&amp;_nc_oc=Adqao-TwZ8D7RIb_wHUXh1Kx1BC9TbU7LcjOaiNJ3KTDh44jyEPLLJZyzPy_JZnkf3ef18zqyrMSE0Nb0duT9eKO&amp;_nc_zt=23&amp;_nc_ht=scontent-poa1-1.xx&amp;_nc_gid=AHPKoitBGSJZvvUYrZ-vTQ&amp;_nc_ss=782a8&amp;oh=00_AQLClr83mBP0DqYsNJUmFCddu76bnQS9CfUQX6KZM778hg&amp;oe=6A9DFB1A\" \/><\/div>\n<\/div>\n","evento_programacao":null,"evento_inscricao":null,"evento_local":"Centro de Conven\u00e7\u00f5es","evento_contato":"<p>@orquestrasm<\/p>\n"},"_links":{"self":[{"href":"https:\/\/www.ufsm.br\/outros-orgaos\/cc\/wp-json\/wp\/v2\/eventos\/2939","targetHints":{"allow":["GET"]}}],"collection":[{"href":"https:\/\/www.ufsm.br\/outros-orgaos\/cc\/wp-json\/wp\/v2\/eventos"}],"about":[{"href":"https:\/\/www.ufsm.br\/outros-orgaos\/cc\/wp-json\/wp\/v2\/types\/eventos"}],"wp:featuredmedia":[{"embeddable":true,"href":"https:\/\/www.ufsm.br\/outros-orgaos\/cc\/wp-json\/wp\/v2\/media\/2940"}],"wp:attachment":[{"href":"https:\/\/www.ufsm.br\/outros-orgaos\/cc\/wp-json\/wp\/v2\/media?parent=2939"}],"wp:term":[{"taxonomy":"post_tag","embeddable":true,"href":"https:\/\/www.ufsm.br\/outros-orgaos\/cc\/wp-json\/wp\/v2\/tags?post=2939"}],"curies":[{"name":"wp","href":"https:\/\/api.w.org\/{rel}","templated":true}]}}

CONCERTO DA ORQUESTRA SINFÔNICA DE SANTA MARIA COM A MAESTRA ALBA BOLFIM

ARTÍSTICOS

<div class="xdj266r x14z9mp xat24cr x1lziwak x1vvkbs x126k92a">
<div dir="auto">OSSM recebe uma grande convidada!</div>
</div>
<div class="x14z9mp xat24cr x1lziwak x1vvkbs xtlvy1s x126k92a">
<div dir="auto">No dia 3 de setembro, a Orquestra Sinfônica de Santa Maria recebe a maestra Alba Bomfim para uma noite muito especial no Centro de Convenções da UFSM.</div>
</div>
<div class="x14z9mp xat24cr x1lziwak x1vvkbs xtlvy1s x126k92a">
<div dir="auto">Doutora em Regência de Orquestra pela Universidade de Aveiro, em Portugal, Alba Bomfim é um dos nomes de destaque da regência brasileira. Sua trajetória inclui apresentações à frente de importantes orquestras no Brasil, na Europa e nos Estados Unidos.</div>
</div>
<div class="x14z9mp xat24cr x1lziwak x1vvkbs xtlvy1s x126k92a">
<div dir="auto"><span class="html-span xexx8yu xyri2b x18d9i69 x1c1uobl x1hl2dhg x16tdsg8 x1vvkbs x3nfvp2 x1j61x8r x1fcty0u xdj266r xat24cr xm2jcoa x1mpyi22 xxymvpz xlup9mm x1kky2od"><img decoding="async" class="xz74otr x15mokao x1ga7v0g x16uus16 xbiv7yw" src="https://static.xx.fbcdn.net/images/emoji.php/v9/t7e/1/16/1f4c5.png" alt="📅" width="16" height="16" /></span> 03/09/2026</div>
<div dir="auto"><span class="html-span xexx8yu xyri2b x18d9i69 x1c1uobl x1hl2dhg x16tdsg8 x1vvkbs x3nfvp2 x1j61x8r x1fcty0u xdj266r xat24cr xm2jcoa x1mpyi22 xxymvpz xlup9mm x1kky2od"><img decoding="async" class="xz74otr x15mokao x1ga7v0g x16uus16 xbiv7yw" src="https://static.xx.fbcdn.net/images/emoji.php/v9/t2f/1/16/1f557.png" alt="🕗" width="16" height="16" /></span> 20h</div>
<div dir="auto"><span class="html-span xexx8yu xyri2b x18d9i69 x1c1uobl x1hl2dhg x16tdsg8 x1vvkbs x3nfvp2 x1j61x8r x1fcty0u xdj266r xat24cr xm2jcoa x1mpyi22 xxymvpz xlup9mm x1kky2od"><img decoding="async" class="xz74otr x15mokao x1ga7v0g x16uus16 xbiv7yw" src="https://static.xx.fbcdn.net/images/emoji.php/v9/t2d/1/16/1f4cd.png" alt="📍" width="16" height="16" /></span> Centro de Convenções da UFSM</div>
<div dir="auto"><span class="html-span xexx8yu xyri2b x18d9i69 x1c1uobl x1hl2dhg x16tdsg8 x1vvkbs x3nfvp2 x1j61x8r x1fcty0u xdj266r xat24cr xm2jcoa x1mpyi22 xxymvpz xlup9mm x1kky2od"><img loading="lazy" decoding="async" class="xz74otr x15mokao x1ga7v0g x16uus16 xbiv7yw" src="https://static.xx.fbcdn.net/images/emoji.php/v9/td8/1/16/1f39f.png" alt="🎟️" width="16" height="16" /></span> INGRESSOS GRATUITOS<br />
<img decoding="async" src="https://scontent-poa1-1.xx.fbcdn.net/v/t51.82787-15/782876189_18392711608206623_1300382416852926624_n.jpg?stp=dst-jpg_tt6&amp;cstp=mx1080x1350&amp;ctp=s590x590&amp;_nc_cat=102&amp;ccb=1-7&amp;_nc_sid=127cfc&amp;_nc_ohc=scLPi_LRAUQQ7kNvwFaJq5I&amp;_nc_oc=Adqao-TwZ8D7RIb_wHUXh1Kx1BC9TbU7LcjOaiNJ3KTDh44jyEPLLJZyzPy_JZnkf3ef18zqyrMSE0Nb0duT9eKO&amp;_nc_zt=23&amp;_nc_ht=scontent-poa1-1.xx&amp;_nc_gid=AHPKoitBGSJZvvUYrZ-vTQ&amp;_nc_ss=782a8&amp;oh=00_AQLClr83mBP0DqYsNJUmFCddu76bnQS9CfUQX6KZM778hg&amp;oe=6A9DFB1A" /></div>
</div>

Centro de Convenções
