{"id":2941,"date":"2026-09-02T11:26:38","date_gmt":"2026-09-02T14:26:38","guid":{"rendered":"https:\/\/www.ufsm.br\/outros-orgaos\/cc\/?post_type=eventos&#038;p=2941"},"modified":"2026-09-02T11:26:40","modified_gmt":"2026-09-02T14:26:40","slug":"os-grandes-classicos-do-rock-com-banda-rocksane","status":"publish","type":"eventos","link":"https:\/\/www.ufsm.br\/outros-orgaos\/cc\/eventos\/os-grandes-classicos-do-rock-com-banda-rocksane","parent":0,"template":"","tags":[],"class_list":["post-2941","eventos","type-eventos","status-publish","has-post-thumbnail","hentry"],"acf":{"evento_nome":"OS GRANDES CL\u00c1SSICOS DO ROCK COM BANDA ROCKSANE","evento_inicio":"10\/09\/2026 20:00","evento_termino":"10\/09\/2026 21:00","evento_banner":{"ID":2944,"id":2944,"title":"Banner site Os Grandes Cl\u00e1ssico do Rock (1080 x 400 mm) (1080 x 400 mm) (4) (1)_page-0001","filename":"Banner-site-Os-Grandes-Classico-do-Rock-1080-x-400-mm-1080-x-400-mm-4-1_page-0001.jpg","filesize":167267,"url":"https:\/\/www.ufsm.br\/app\/uploads\/sites\/403\/2026\/09\/Banner-site-Os-Grandes-Classico-do-Rock-1080-x-400-mm-1080-x-400-mm-4-1_page-0001.jpg","link":"https:\/\/www.ufsm.br\/outros-orgaos\/cc\/eventos\/os-grandes-classicos-do-rock-com-banda-rocksane\/banner-site-os-grandes-classico-do-rock-1080-x-400-mm-1080-x-400-mm-4-1_page-0001","alt":"","author":"287","description":"","caption":"","name":"banner-site-os-grandes-classico-do-rock-1080-x-400-mm-1080-x-400-mm-4-1_page-0001","status":"inherit","uploaded_to":2941,"date":"2026-09-02 14:26:01","modified":"2026-09-02 14:26:01","menu_order":0,"mime_type":"image\/jpeg","type":"image","subtype":"jpeg","icon":"http:\/\/www.ufsm.br\/outros-orgaos\/cc\/wp-includes\/images\/media\/default.png","width":1920,"height":711,"sizes":{"thumbnail":"https:\/\/www.ufsm.br\/app\/uploads\/sites\/403\/2026\/09\/Banner-site-Os-Grandes-Classico-do-Rock-1080-x-400-mm-1080-x-400-mm-4-1_page-0001-150x150.jpg","thumbnail-width":150,"thumbnail-height":150,"medium":"https:\/\/www.ufsm.br\/app\/uploads\/sites\/403\/2026\/09\/Banner-site-Os-Grandes-Classico-do-Rock-1080-x-400-mm-1080-x-400-mm-4-1_page-0001-300x111.jpg","medium-width":300,"medium-height":111,"medium_large":"https:\/\/www.ufsm.br\/app\/uploads\/sites\/403\/2026\/09\/Banner-site-Os-Grandes-Classico-do-Rock-1080-x-400-mm-1080-x-400-mm-4-1_page-0001-768x284.jpg","medium_large-width":768,"medium_large-height":284,"large":"https:\/\/www.ufsm.br\/app\/uploads\/sites\/403\/2026\/09\/Banner-site-Os-Grandes-Classico-do-Rock-1080-x-400-mm-1080-x-400-mm-4-1_page-0001-1024x379.jpg","large-width":1024,"large-height":379,"1536x1536":"https:\/\/www.ufsm.br\/app\/uploads\/sites\/403\/2026\/09\/Banner-site-Os-Grandes-Classico-do-Rock-1080-x-400-mm-1080-x-400-mm-4-1_page-0001-1536x569.jpg","1536x1536-width":1536,"1536x1536-height":569,"2048x2048":"https:\/\/www.ufsm.br\/app\/uploads\/sites\/403\/2026\/09\/Banner-site-Os-Grandes-Classico-do-Rock-1080-x-400-mm-1080-x-400-mm-4-1_page-0001.jpg","2048x2048-width":1920,"2048x2048-height":711,"sow-carousel-default":"https:\/\/www.ufsm.br\/app\/uploads\/sites\/403\/2026\/09\/Banner-site-Os-Grandes-Classico-do-Rock-1080-x-400-mm-1080-x-400-mm-4-1_page-0001-272x182.jpg","sow-carousel-default-width":272,"sow-carousel-default-height":182}},"endereco_url":"os-grandes-classicos-do-rock-com-banda-rocksane","evento_categoria":"ART\u00cdSTICOS","evento_descricao":"<div class=\"xdj266r x14z9mp xat24cr x1lziwak x1vvkbs x126k92a\">\n<div dir=\"auto\">Produzido e apresentado em junho, o evento Os Grandes Cl\u00e1ssicos do Rock teve seus ingressos esgotados em poucas horas e emocionou o p\u00fablico com grandes sucessos do rock nacional e internacional protagonizados pela Orquestra Sinf\u00f4nica de Santa Maria, Banda Rocksane e grandes cantores.<\/div>\n<\/div>\n<div class=\"x14z9mp xat24cr x1lziwak x1vvkbs xtlvy1s x126k92a\">\n<div dir=\"auto\">Reeditando um momento marcante da temporada 2026, no dia 10 de setembro, Os Grandes Cl\u00e1ssicos do Rock retornam ao palco do Centro de Conven\u00e7\u00f5es para mais uma apresenta\u00e7\u00e3o que promete encantar novamente o p\u00fablico, trazendo can\u00e7\u00f5es emblem\u00e1ticas e muito talento nas vozes de Daiane Diniz, Juliana Pires, Matheus Lopes e Zuli.<\/div>\n<\/div>\n<div class=\"x14z9mp xat24cr x1lziwak x1vvkbs xtlvy1s x126k92a\">\n<div dir=\"auto\">O espet\u00e1culo \u00e9 uma realiza\u00e7\u00e3o da Associa\u00e7\u00e3o Cultural Orquestra Sinf\u00f4nica de Santa Maria e conta com financiamento da Lei de Incentivo \u00e0 Cultura de Santa Maria, atrav\u00e9s do incentivo cultural da Funda\u00e7\u00e3o Eny e diversos contribuintes doadores de ITBVI, tem o patroc\u00ednio da Apusm e Grupo Felice, promo\u00e7\u00e3o da Orquestra Sinf\u00f4nica de Santa Maria e Pr\u00f3 Reitoria de Extens\u00e3o da UFSM e produ\u00e7\u00e3o cultural da Plano Comunica\u00e7\u00e3o e Eventos.<\/div>\n<\/div>\n<div class=\"x14z9mp xat24cr x1lziwak x1vvkbs xtlvy1s x126k92a\">\n<div dir=\"auto\">Os Grandes Cl\u00e1ssicos do Rock<\/div>\n<div dir=\"auto\"><span class=\"html-span xexx8yu xyri2b x18d9i69 x1c1uobl x1hl2dhg x16tdsg8 x1vvkbs x3nfvp2 x1j61x8r x1fcty0u xdj266r xat24cr xm2jcoa x1mpyi22 xxymvpz xlup9mm x1kky2od\"><img decoding=\"async\" class=\"xz74otr x15mokao x1ga7v0g x16uus16 xbiv7yw\" src=\"https:\/\/static.xx.fbcdn.net\/images\/emoji.php\/v9\/tff\/1\/16\/1f4c6.png\" alt=\"\ud83d\udcc6\" width=\"16\" height=\"16\" \/><\/span> Data: 10 de setembro de 2026 (quinta-feira)<\/div>\n<div dir=\"auto\"><span class=\"html-span xexx8yu xyri2b x18d9i69 x1c1uobl x1hl2dhg x16tdsg8 x1vvkbs x3nfvp2 x1j61x8r x1fcty0u xdj266r xat24cr xm2jcoa x1mpyi22 xxymvpz xlup9mm x1kky2od\"><img decoding=\"async\" class=\"xz74otr x15mokao x1ga7v0g x16uus16 xbiv7yw\" src=\"https:\/\/static.xx.fbcdn.net\/images\/emoji.php\/v9\/t49\/1\/16\/1f562.png\" alt=\"\ud83d\udd62\" width=\"16\" height=\"16\" \/><\/span> Hor\u00e1rio: 20h<\/div>\n<div dir=\"auto\"><span class=\"html-span xexx8yu xyri2b x18d9i69 x1c1uobl x1hl2dhg x16tdsg8 x1vvkbs x3nfvp2 x1j61x8r x1fcty0u xdj266r xat24cr xm2jcoa x1mpyi22 xxymvpz xlup9mm x1kky2od\"><img decoding=\"async\" class=\"xz74otr x15mokao x1ga7v0g x16uus16 xbiv7yw\" src=\"https:\/\/static.xx.fbcdn.net\/images\/emoji.php\/v9\/t2d\/1\/16\/1f4cd.png\" alt=\"\ud83d\udccd\" width=\"16\" height=\"16\" \/><\/span>Local: Centro de Conven\u00e7\u00f5es UFSM<\/div>\n<div dir=\"auto\"><span class=\"html-span xexx8yu xyri2b x18d9i69 x1c1uobl x1hl2dhg x16tdsg8 x1vvkbs x3nfvp2 x1j61x8r x1fcty0u xdj266r xat24cr xm2jcoa x1mpyi22 xxymvpz xlup9mm x1kky2od\"><img loading=\"lazy\" decoding=\"async\" class=\"xz74otr x15mokao x1ga7v0g x16uus16 xbiv7yw\" src=\"https:\/\/static.xx.fbcdn.net\/images\/emoji.php\/v9\/td8\/1\/16\/1f39f.png\" alt=\"\ud83c\udf9f\ufe0f\" width=\"16\" height=\"16\" \/><\/span> Ingressos online pela plataforma: <span class=\"html-span xdj266r x14z9mp xat24cr x1lziwak xexx8yu xyri2b x18d9i69 x1c1uobl x1hl2dhg x16tdsg8 x1vvkbs\"><a class=\"x1i10hfl xjbqb8w x1ejq31n x18oe1m7 x1sy0etr xstzfhl x972fbf x10w94by x1qhh985 x14e42zd x9f619 x1ypdohk xt0psk2 x3ct3a4 xdj266r x14z9mp xat24cr x1lziwak xexx8yu xyri2b x18d9i69 x1c1uobl x16tdsg8 x1hl2dhg xggy1nq x1a2a7pz xkrqix3 x1sur9pj x1fey0fg x1s688f\" role=\"link\" href=\"https:\/\/l.facebook.com\/l.php?u=http%3A%2F%2Fwww.antecipei.com.br%2F%3Ffbclid%3DIwcGRvZgFleHRuA2FlbQIxMABicmlkETFuT0VNU1NWNGJSbmpMaDJac3J0YwZhcHBfaWQQMjIyMDM5MTc4ODIwMDg5MgABHkNVQMEOEu5mn4cq-SiU2yITwDPmIWw7ya5eQ2XqgFMKO7HfRYjipjyElK7o_aem_oWcHjKytV7lnJGPme01B9w&amp;h=AUACskqpPmNfxBaTyYKcTuL-jenOeuSa4Rw5xAO7ZJIEcS1R-4MaJPgUT3UeS4w05j9JB-unfMl4MjX2PuCVmEmUZHDjZQ44_AXG8MIndXVYv0Fyn5HGoOyDdVKU2QcIQGkMwQiM8qkfPWstd1QwAc9oHQ3QBouW&amp;__tn__=-UK-R&amp;c[0]=AUBXy_Z2yMP3mLBA4XTuLoln0W-dSftePJmjzuEB_0GOjvfh_ljDjYXxQGUsZs5W6lxd5XwKWo-COW_uGqm7nQxJx-cTtYiU-D-P3K6XSFP0h4EmuTB0HstiSlv0FIdl1m_ybT0AY-ERAHecf82dtRPBxse2HTK4AIUyVjzy5ukGBSXzJ0fVJgYWAtfXv0FzFtxpYJATPv8sDbHFlMTBZOE5aQ\" target=\"_blank\" rel=\"nofollow noopener noreferrer\">www.antecipei.com.br<\/a><\/span><\/div>\n<div dir=\"auto\"><span class=\"html-span xexx8yu xyri2b x18d9i69 x1c1uobl x1hl2dhg x16tdsg8 x1vvkbs x3nfvp2 x1j61x8r x1fcty0u xdj266r xat24cr xm2jcoa x1mpyi22 xxymvpz xlup9mm x1kky2od\"><img loading=\"lazy\" decoding=\"async\" class=\"xz74otr x15mokao x1ga7v0g x16uus16 xbiv7yw\" src=\"https:\/\/static.xx.fbcdn.net\/images\/emoji.php\/v9\/t45\/1\/16\/1f6a8.png\" alt=\"\ud83d\udea8\" width=\"16\" height=\"16\" \/><\/span>Ingressos f\u00edsicos a partir do dia 04\/9, sexta-feira, na R\u00f3tula Papelaria<\/div>\n<\/div>\n<div class=\"x14z9mp xat24cr x1lziwak x1vvkbs xtlvy1s x126k92a\">\n<div dir=\"auto\">Investimento:<\/div>\n<div dir=\"auto\">R$ 60,00 (inteira)<\/div>\n<div dir=\"auto\">R$ 30,00 (meia entrada)<\/div>\n<\/div>\n","evento_programacao":null,"evento_inscricao":null,"evento_local":"Centro de Conven\u00e7\u00f5es","evento_contato":"<p>@orquestrasm<\/p>\n"},"_links":{"self":[{"href":"https:\/\/www.ufsm.br\/outros-orgaos\/cc\/wp-json\/wp\/v2\/eventos\/2941","targetHints":{"allow":["GET"]}}],"collection":[{"href":"https:\/\/www.ufsm.br\/outros-orgaos\/cc\/wp-json\/wp\/v2\/eventos"}],"about":[{"href":"https:\/\/www.ufsm.br\/outros-orgaos\/cc\/wp-json\/wp\/v2\/types\/eventos"}],"wp:featuredmedia":[{"embeddable":true,"href":"https:\/\/www.ufsm.br\/outros-orgaos\/cc\/wp-json\/wp\/v2\/media\/2944"}],"wp:attachment":[{"href":"https:\/\/www.ufsm.br\/outros-orgaos\/cc\/wp-json\/wp\/v2\/media?parent=2941"}],"wp:term":[{"taxonomy":"post_tag","embeddable":true,"href":"https:\/\/www.ufsm.br\/outros-orgaos\/cc\/wp-json\/wp\/v2\/tags?post=2941"}],"curies":[{"name":"wp","href":"https:\/\/api.w.org\/{rel}","templated":true}]}}

OS GRANDES CLÁSSICOS DO ROCK COM BANDA ROCKSANE

Banner site Os Grandes Clássico do Rock (1080 x 400 mm) (1080 x 400 mm) (4) (1)_page-0001

ARTÍSTICOS

<div class="xdj266r x14z9mp xat24cr x1lziwak x1vvkbs x126k92a">
<div dir="auto">Produzido e apresentado em junho, o evento Os Grandes Clássicos do Rock teve seus ingressos esgotados em poucas horas e emocionou o público com grandes sucessos do rock nacional e internacional protagonizados pela Orquestra Sinfônica de Santa Maria, Banda Rocksane e grandes cantores.</div>
</div>
<div class="x14z9mp xat24cr x1lziwak x1vvkbs xtlvy1s x126k92a">
<div dir="auto">Reeditando um momento marcante da temporada 2026, no dia 10 de setembro, Os Grandes Clássicos do Rock retornam ao palco do Centro de Convenções para mais uma apresentação que promete encantar novamente o público, trazendo canções emblemáticas e muito talento nas vozes de Daiane Diniz, Juliana Pires, Matheus Lopes e Zuli.</div>
</div>
<div class="x14z9mp xat24cr x1lziwak x1vvkbs xtlvy1s x126k92a">
<div dir="auto">O espetáculo é uma realização da Associação Cultural Orquestra Sinfônica de Santa Maria e conta com financiamento da Lei de Incentivo à Cultura de Santa Maria, através do incentivo cultural da Fundação Eny e diversos contribuintes doadores de ITBVI, tem o patrocínio da Apusm e Grupo Felice, promoção da Orquestra Sinfônica de Santa Maria e Pró Reitoria de Extensão da UFSM e produção cultural da Plano Comunicação e Eventos.</div>
</div>
<div class="x14z9mp xat24cr x1lziwak x1vvkbs xtlvy1s x126k92a">
<div dir="auto">Os Grandes Clássicos do Rock</div>
<div dir="auto"><span class="html-span xexx8yu xyri2b x18d9i69 x1c1uobl x1hl2dhg x16tdsg8 x1vvkbs x3nfvp2 x1j61x8r x1fcty0u xdj266r xat24cr xm2jcoa x1mpyi22 xxymvpz xlup9mm x1kky2od"><img decoding="async" class="xz74otr x15mokao x1ga7v0g x16uus16 xbiv7yw" src="https://static.xx.fbcdn.net/images/emoji.php/v9/tff/1/16/1f4c6.png" alt="📆" width="16" height="16" /></span> Data: 10 de setembro de 2026 (quinta-feira)</div>
<div dir="auto"><span class="html-span xexx8yu xyri2b x18d9i69 x1c1uobl x1hl2dhg x16tdsg8 x1vvkbs x3nfvp2 x1j61x8r x1fcty0u xdj266r xat24cr xm2jcoa x1mpyi22 xxymvpz xlup9mm x1kky2od"><img decoding="async" class="xz74otr x15mokao x1ga7v0g x16uus16 xbiv7yw" src="https://static.xx.fbcdn.net/images/emoji.php/v9/t49/1/16/1f562.png" alt="🕢" width="16" height="16" /></span> Horário: 20h</div>
<div dir="auto"><span class="html-span xexx8yu xyri2b x18d9i69 x1c1uobl x1hl2dhg x16tdsg8 x1vvkbs x3nfvp2 x1j61x8r x1fcty0u xdj266r xat24cr xm2jcoa x1mpyi22 xxymvpz xlup9mm x1kky2od"><img decoding="async" class="xz74otr x15mokao x1ga7v0g x16uus16 xbiv7yw" src="https://static.xx.fbcdn.net/images/emoji.php/v9/t2d/1/16/1f4cd.png" alt="📍" width="16" height="16" /></span>Local: Centro de Convenções UFSM</div>
<div dir="auto"><span class="html-span xexx8yu xyri2b x18d9i69 x1c1uobl x1hl2dhg x16tdsg8 x1vvkbs x3nfvp2 x1j61x8r x1fcty0u xdj266r xat24cr xm2jcoa x1mpyi22 xxymvpz xlup9mm x1kky2od"><img loading="lazy" decoding="async" class="xz74otr x15mokao x1ga7v0g x16uus16 xbiv7yw" src="https://static.xx.fbcdn.net/images/emoji.php/v9/td8/1/16/1f39f.png" alt="🎟️" width="16" height="16" /></span> Ingressos online pela plataforma: <span class="html-span xdj266r x14z9mp xat24cr x1lziwak xexx8yu xyri2b x18d9i69 x1c1uobl x1hl2dhg x16tdsg8 x1vvkbs"><a class="x1i10hfl xjbqb8w x1ejq31n x18oe1m7 x1sy0etr xstzfhl x972fbf x10w94by x1qhh985 x14e42zd x9f619 x1ypdohk xt0psk2 x3ct3a4 xdj266r x14z9mp xat24cr x1lziwak xexx8yu xyri2b x18d9i69 x1c1uobl x16tdsg8 x1hl2dhg xggy1nq x1a2a7pz xkrqix3 x1sur9pj x1fey0fg x1s688f" role="link" href="https://l.facebook.com/l.php?u=http%3A%2F%2Fwww.antecipei.com.br%2F%3Ffbclid%3DIwcGRvZgFleHRuA2FlbQIxMABicmlkETFuT0VNU1NWNGJSbmpMaDJac3J0YwZhcHBfaWQQMjIyMDM5MTc4ODIwMDg5MgABHkNVQMEOEu5mn4cq-SiU2yITwDPmIWw7ya5eQ2XqgFMKO7HfRYjipjyElK7o_aem_oWcHjKytV7lnJGPme01B9w&amp;h=AUACskqpPmNfxBaTyYKcTuL-jenOeuSa4Rw5xAO7ZJIEcS1R-4MaJPgUT3UeS4w05j9JB-unfMl4MjX2PuCVmEmUZHDjZQ44_AXG8MIndXVYv0Fyn5HGoOyDdVKU2QcIQGkMwQiM8qkfPWstd1QwAc9oHQ3QBouW&amp;__tn__=-UK-R&amp;c[0]=AUBXy_Z2yMP3mLBA4XTuLoln0W-dSftePJmjzuEB_0GOjvfh_ljDjYXxQGUsZs5W6lxd5XwKWo-COW_uGqm7nQxJx-cTtYiU-D-P3K6XSFP0h4EmuTB0HstiSlv0FIdl1m_ybT0AY-ERAHecf82dtRPBxse2HTK4AIUyVjzy5ukGBSXzJ0fVJgYWAtfXv0FzFtxpYJATPv8sDbHFlMTBZOE5aQ" target="_blank" rel="nofollow noopener noreferrer">www.antecipei.com.br</a></span></div>
<div dir="auto"><span class="html-span xexx8yu xyri2b x18d9i69 x1c1uobl x1hl2dhg x16tdsg8 x1vvkbs x3nfvp2 x1j61x8r x1fcty0u xdj266r xat24cr xm2jcoa x1mpyi22 xxymvpz xlup9mm x1kky2od"><img loading="lazy" decoding="async" class="xz74otr x15mokao x1ga7v0g x16uus16 xbiv7yw" src="https://static.xx.fbcdn.net/images/emoji.php/v9/t45/1/16/1f6a8.png" alt="🚨" width="16" height="16" /></span>Ingressos físicos a partir do dia 04/9, sexta-feira, na Rótula Papelaria</div>
</div>
<div class="x14z9mp xat24cr x1lziwak x1vvkbs xtlvy1s x126k92a">
<div dir="auto">Investimento:</div>
<div dir="auto">R$ 60,00 (inteira)</div>
<div dir="auto">R$ 30,00 (meia entrada)</div>
</div>

Centro de Convenções
