{"id":2945,"date":"2026-09-02T16:27:11","date_gmt":"2026-09-02T19:27:11","guid":{"rendered":"https:\/\/www.ufsm.br\/outros-orgaos\/cc\/?post_type=eventos&#038;p=2945"},"modified":"2026-09-02T16:27:13","modified_gmt":"2026-09-02T19:27:13","slug":"carmen-orquestra-ballet","status":"publish","type":"eventos","link":"https:\/\/www.ufsm.br\/outros-orgaos\/cc\/eventos\/carmen-orquestra-ballet","parent":0,"template":"","tags":[],"class_list":["post-2945","eventos","type-eventos","status-publish","has-post-thumbnail","hentry"],"acf":{"evento_nome":"CARMEN ORQUESTRA &amp; BALLET","evento_inicio":"22\/09\/2026 19:00","evento_termino":"22\/09\/2026 20:00","evento_banner":{"ID":2947,"id":2947,"title":"WhatsApp Image 2026-08-31 at 16.01.23","filename":"WhatsApp-Image-2026-08-31-at-16.01.23.jpeg","filesize":49047,"url":"https:\/\/www.ufsm.br\/app\/uploads\/sites\/403\/2026\/09\/WhatsApp-Image-2026-08-31-at-16.01.23.jpeg","link":"https:\/\/www.ufsm.br\/outros-orgaos\/cc\/eventos\/carmen-orquestra-ballet\/whatsapp-image-2026-08-31-at-16-01-23","alt":"","author":"287","description":"","caption":"","name":"whatsapp-image-2026-08-31-at-16-01-23","status":"inherit","uploaded_to":2945,"date":"2026-09-02 19:26:42","modified":"2026-09-02 19:26:42","menu_order":0,"mime_type":"image\/jpeg","type":"image","subtype":"jpeg","icon":"http:\/\/www.ufsm.br\/outros-orgaos\/cc\/wp-includes\/images\/media\/default.png","width":1080,"height":400,"sizes":{"thumbnail":"https:\/\/www.ufsm.br\/app\/uploads\/sites\/403\/2026\/09\/WhatsApp-Image-2026-08-31-at-16.01.23-150x150.jpeg","thumbnail-width":150,"thumbnail-height":150,"medium":"https:\/\/www.ufsm.br\/app\/uploads\/sites\/403\/2026\/09\/WhatsApp-Image-2026-08-31-at-16.01.23-300x111.jpeg","medium-width":300,"medium-height":111,"medium_large":"https:\/\/www.ufsm.br\/app\/uploads\/sites\/403\/2026\/09\/WhatsApp-Image-2026-08-31-at-16.01.23-768x284.jpeg","medium_large-width":768,"medium_large-height":284,"large":"https:\/\/www.ufsm.br\/app\/uploads\/sites\/403\/2026\/09\/WhatsApp-Image-2026-08-31-at-16.01.23-1024x379.jpeg","large-width":1024,"large-height":379,"1536x1536":"https:\/\/www.ufsm.br\/app\/uploads\/sites\/403\/2026\/09\/WhatsApp-Image-2026-08-31-at-16.01.23.jpeg","1536x1536-width":1080,"1536x1536-height":400,"2048x2048":"https:\/\/www.ufsm.br\/app\/uploads\/sites\/403\/2026\/09\/WhatsApp-Image-2026-08-31-at-16.01.23.jpeg","2048x2048-width":1080,"2048x2048-height":400,"sow-carousel-default":"https:\/\/www.ufsm.br\/app\/uploads\/sites\/403\/2026\/09\/WhatsApp-Image-2026-08-31-at-16.01.23-272x182.jpeg","sow-carousel-default-width":272,"sow-carousel-default-height":182}},"endereco_url":"carmen-orquestra-ballet","evento_categoria":"ART\u00cdSTICOS","evento_descricao":"<h2>Carmen, Orquestra e Ballet<\/h2>\n<p>A Orquestra de C\u00e2mara de Santa Maria, o Ballet Ivone Freire e o Projeto Social Dan\u00e7ando para Educar apresentam <strong>Carmen, Orquestra e Ballet<\/strong>, uma montagem que re\u00fane m\u00fasica ao vivo e dan\u00e7a para revisitar uma das personagens mais marcantes da hist\u00f3ria da \u00f3pera e do ballet.<\/p>\n<p>Inspirado na obra de Georges Bizet e na vers\u00e3o <em>Carmen Suite<\/em>, criada pelo core\u00f3grafo Alberto Alonso com m\u00fasica de Rodion Shchedrin, o espet\u00e1culo apresenta uma nova leitura da hist\u00f3ria de Carmen \u2014 mulher livre, forte e independente, que desafia conven\u00e7\u00f5es e conduz suas pr\u00f3prias escolhas.<\/p>\n<p>Sob reg\u00eancia do maestro Jo\u00e3o Batista (Tita) Sartor, a Orquestra de C\u00e2mara de Santa Maria executa ao vivo a m\u00fasica de Bizet e Shchedrin, acompanhando o corpo de baile em uma coreografia assinada por Beatriz Isaia. A montagem conta ainda com a participa\u00e7\u00e3o da soprano Juliana Pires, que interpreta a c\u00e9lebre Haba\u00f1era.<\/p>\n<p>Em um \u00fanico ato, o espet\u00e1culo percorre 13 n\u00fameros de dan\u00e7a e prop\u00f5e um encontro entre o ballet, a dan\u00e7a contempor\u00e2nea e a for\u00e7a de uma hist\u00f3ria que, mais de 150 anos depois de sua estreia, continua dialogando com o p\u00fablico.<\/p>\n<p><strong>Carmen, Orquestra e Ballet<\/strong><br \/>\n\ud83d\udcc5 22 de setembro<br \/>\n\ud83d\udd56 19h<br \/>\n\ud83d\udccd Centro de Conven\u00e7\u00f5es UFSM<br \/>\n\ud83c\udf9f\ufe0f Ingressos: www.antecipei.com.br<\/p>\n<p><strong>Lote promocional:<\/strong><br \/>\nMeia-entrada: R$ 33,00<br \/>\nInteira: R$ 66,00<\/p>\n<p>Informa\u00e7\u00f5es: <strong>@orquestradecamarasm<\/strong><\/p>\n","evento_programacao":null,"evento_inscricao":null,"evento_local":"Centro de Conven\u00e7\u00f5es","evento_contato":"<p>@orquestrasm<\/p>\n"},"_links":{"self":[{"href":"https:\/\/www.ufsm.br\/outros-orgaos\/cc\/wp-json\/wp\/v2\/eventos\/2945","targetHints":{"allow":["GET"]}}],"collection":[{"href":"https:\/\/www.ufsm.br\/outros-orgaos\/cc\/wp-json\/wp\/v2\/eventos"}],"about":[{"href":"https:\/\/www.ufsm.br\/outros-orgaos\/cc\/wp-json\/wp\/v2\/types\/eventos"}],"wp:featuredmedia":[{"embeddable":true,"href":"https:\/\/www.ufsm.br\/outros-orgaos\/cc\/wp-json\/wp\/v2\/media\/2947"}],"wp:attachment":[{"href":"https:\/\/www.ufsm.br\/outros-orgaos\/cc\/wp-json\/wp\/v2\/media?parent=2945"}],"wp:term":[{"taxonomy":"post_tag","embeddable":true,"href":"https:\/\/www.ufsm.br\/outros-orgaos\/cc\/wp-json\/wp\/v2\/tags?post=2945"}],"curies":[{"name":"wp","href":"https:\/\/api.w.org\/{rel}","templated":true}]}}

ARTÍSTICOS

<h2>Carmen, Orquestra e Ballet</h2>
<p>A Orquestra de Câmara de Santa Maria, o Ballet Ivone Freire e o Projeto Social Dançando para Educar apresentam <strong>Carmen, Orquestra e Ballet</strong>, uma montagem que reúne música ao vivo e dança para revisitar uma das personagens mais marcantes da história da ópera e do ballet.</p>
<p>Inspirado na obra de Georges Bizet e na versão <em>Carmen Suite</em>, criada pelo coreógrafo Alberto Alonso com música de Rodion Shchedrin, o espetáculo apresenta uma nova leitura da história de Carmen — mulher livre, forte e independente, que desafia convenções e conduz suas próprias escolhas.</p>
<p>Sob regência do maestro João Batista (Tita) Sartor, a Orquestra de Câmara de Santa Maria executa ao vivo a música de Bizet e Shchedrin, acompanhando o corpo de baile em uma coreografia assinada por Beatriz Isaia. A montagem conta ainda com a participação da soprano Juliana Pires, que interpreta a célebre Habañera.</p>
<p>Em um único ato, o espetáculo percorre 13 números de dança e propõe um encontro entre o ballet, a dança contemporânea e a força de uma história que, mais de 150 anos depois de sua estreia, continua dialogando com o público.</p>
<p><strong>Carmen, Orquestra e Ballet</strong><br />
📅 22 de setembro<br />
🕖 19h<br />
📍 Centro de Convenções UFSM<br />
🎟️ Ingressos: www.antecipei.com.br</p>
<p><strong>Lote promocional:</strong><br />
Meia-entrada: R$ 33,00<br />
Inteira: R$ 66,00</p>
<p>Informações: <strong>@orquestradecamarasm</strong></p>

Centro de Convenções
