{"id":56,"date":"2020-10-26T20:59:40","date_gmt":"2020-10-26T23:59:40","guid":{"rendered":"https:\/\/www.ufsm.br\/orgaos-executivos\/copsia\/?page_id=56"},"modified":"2022-10-21T10:40:03","modified_gmt":"2022-10-21T13:40:03","slug":"legislacao-2","status":"publish","type":"page","link":"https:\/\/www.ufsm.br\/outros-orgaos\/corregedoria-setorial\/legislacao-2","title":{"rendered":"Legisla\u00e7\u00e3o"},"content":{"rendered":"\t\t<div data-elementor-type=\"wp-page\" data-elementor-id=\"56\" class=\"elementor elementor-56\">\n\t\t\t\t\t\t<section class=\"elementor-section elementor-top-section elementor-element elementor-element-8e45496 elementor-section-boxed elementor-section-height-default elementor-section-height-default\" data-id=\"8e45496\" data-element_type=\"section\">\n\t\t\t\t\t\t<div class=\"elementor-container elementor-column-gap-default\">\n\t\t\t\t\t<div class=\"elementor-column elementor-col-100 elementor-top-column elementor-element elementor-element-9373b96\" data-id=\"9373b96\" data-element_type=\"column\">\n\t\t\t<div class=\"elementor-widget-wrap elementor-element-populated\">\n\t\t\t\t\t\t<div class=\"elementor-element elementor-element-df2c818 elementor-widget elementor-widget-text-editor\" data-id=\"df2c818\" data-element_type=\"widget\" data-widget_type=\"text-editor.default\">\n\t\t\t\t<div class=\"elementor-widget-container\">\n\t\t\t\t\t\t\t<p><strong><a href=\"http:\/\/www.planalto.gov.br\/ccivil_03\/constituicao\/constituicao.htm\">Constitui\u00e7\u00e3o da Rep\u00fablica Federativa do Brasil<\/a><\/strong><\/p><p><strong><a href=\"http:\/\/www.planalto.gov.br\/ccivil_03\/leis\/2002\/L10406.htm\">C\u00f3digo Civil<\/a><\/strong><\/p><p><strong><a href=\"http:\/\/www.planalto.gov.br\/ccivil_03\/_ato2015-2018\/2015\/lei\/l13105.htm\">C\u00f3digo de Processo Civil<\/a><\/strong><\/p><p><strong><a href=\"http:\/\/www.planalto.gov.br\/ccivil_03\/decreto-lei\/del2848compilado.htm\">C\u00f3digo Penal<\/a><\/strong><\/p><p><strong><a href=\"http:\/\/www.planalto.gov.br\/ccivil_03\/decreto-lei\/Del3689.htm\">C\u00f3digo de Processo Penal<\/a><\/strong><\/p><p><strong><a href=\"http:\/\/www.planalto.gov.br\/ccivil_03\/leis\/L4737.htm\">C\u00f3digo Eleitoral<\/a><\/strong><\/p><p><strong><a href=\"http:\/\/www.planalto.gov.br\/ccivil_03\/leis\/L5172.htm\">C\u00f3digo Tribut\u00e1rio Nacional<\/a><\/strong><\/p><p><strong><a href=\"http:\/\/www.planalto.gov.br\/ccivil_03\/leis\/L8112cons.htm\">Lei 8.112\/90<\/a><\/strong> (Lei dos servidores p\u00fablicos civis da Uni\u00e3o, das autarquias e das funda\u00e7\u00f5es p\u00fablicas federais).<\/p><p><a href=\"http:\/\/www.planalto.gov.br\/ccivil_03\/leis\/L8027.htm\"><strong>Lei 8.027\/90<\/strong><\/a> (Sobre normas de conduta dos servidores p\u00fablicos civis da Uni\u00e3o, das Autarquias e das Funda\u00e7\u00f5es P\u00fablicas).<\/p><p><strong><a href=\"http:\/\/www.planalto.gov.br\/ccivil_03\/leis\/L8429.htm\">Lei 8.429\/92<\/a> <\/strong>(Lei da Improbidade Administrativa, reda\u00e7\u00e3o dada pela Lei\u00a0n\u00ba 14.230, de 2021).<\/p><p><strong><a href=\"http:\/\/www.planalto.gov.br\/ccivil_03\/leis\/L8666cons.htm\">Lei 8.666\/93<\/a><\/strong> (Lei de licita\u00e7\u00f5es e contratos da Administra\u00e7\u00e3o P\u00fablica Federal).<\/p><p><a href=\"http:\/\/www.planalto.gov.br\/ccivil_03\/leis\/L8958.htm\"><strong>Lei 8.958\/94<\/strong><\/a> (Lei sobre as rela\u00e7\u00f5es entre as institui\u00e7\u00f5es federais de ensino superior e de pesquisa cient\u00edfica e tecnol\u00f3gica e as funda\u00e7\u00f5es de apoio).<\/p><p><a href=\"http:\/\/www.planalto.gov.br\/ccivil_03\/leis\/L9610.htm\"><strong>Lei 9.610\/98<\/strong><\/a> (Altera, atualiza e consolida a legisla\u00e7\u00e3o sobre direitos autorais e d\u00e1 outras provid\u00eancias).<\/p><p><a href=\"http:\/\/www.planalto.gov.br\/ccivil_03\/leis\/L9784.htm\"><strong>Lei 9.784\/99<\/strong><\/a> (Lei de processo administrativo).<\/p><p><a href=\"http:\/\/www.planalto.gov.br\/ccivil_03\/_ato2004-2006\/2005\/lei\/l11091.htm\"><strong>Lei 11.091\/05<\/strong><\/a> (Lei que disp\u00f5e sobre a estrutura\u00e7\u00e3o do Plano de Carreira dos Cargos T\u00e9cnico-Administrativos em Educa\u00e7\u00e3o).<\/p><p><a href=\"http:\/\/www.planalto.gov.br\/ccivil_03\/_ato2007-2010\/2010\/lei\/l12232.htm\"><strong>Lei 12.232\/10<\/strong><\/a> (Lei de licita\u00e7\u00f5es e contratos de servi\u00e7os publicidade).<\/p><p><a href=\"http:\/\/www.planalto.gov.br\/ccivil_03\/_ato2011-2014\/2011\/lei\/l12527.htm\"><strong>Lei 12.527\/11<\/strong><\/a> (Lei de acesso \u00e0 informa\u00e7\u00e3o).<\/p><p><a href=\"http:\/\/www.planalto.gov.br\/ccivil_03\/_ato2011-2014\/2012\/lei\/l12772.htm\"><strong>Lei 12.772\/12<\/strong><\/a> (Lei que disp\u00f5e sobre a estrutura\u00e7\u00e3o do Plano de Carreiras e Cargos do Magist\u00e9rio Federal).<\/p><p><a href=\"http:\/\/www.planalto.gov.br\/ccivil_03\/_ato2011-2014\/2013\/lei\/l12813.htm\"><strong>Lei 12.813\/13<\/strong><\/a> (Disp\u00f5e sobre o conflito de interesses no exerc\u00edcio de cargo ou emprego do Poder Executivo federal e impedimentos posteriores ao exerc\u00edcio do cargo ou emprego).<\/p><p><a href=\"http:\/\/www.planalto.gov.br\/ccivil_03\/decreto-lei\/Del0200compilado.htm\"><strong>Decreto-Lei 200\/67<\/strong><\/a> (Disp\u00f5e sobre a organiza\u00e7\u00e3o da Administra\u00e7\u00e3o Federal, estabelece diretrizes para a Reforma Administrativa e d\u00e1 outras provid\u00eancias).\u00a0<\/p><p><a href=\"http:\/\/www.planalto.gov.br\/ccivil_03\/decreto\/Antigos\/D83937.htm\"><strong>Decreto 83.937\/79<\/strong><\/a> (Disp\u00f5e sobre a regulamenta\u00e7\u00e3o do Capitulo IV, do Titulo II, do Decreto-lei n\u00ba 200, de 25 de fevereiro de 1967, referente \u00e0 delega\u00e7\u00e3o de compet\u00eancia).<\/p><p><a href=\"http:\/\/www.planalto.gov.br\/ccivil_03\/_ato2007-2010\/2007\/decreto\/d6029.htm\"><strong>Decreto 6.029\/07<\/strong><\/a> (Institui Sistema de Gest\u00e3o da \u00c9tica do Poder Executivo Federal, e d\u00e1 outras provid\u00eancias).<\/p><p><a href=\"http:\/\/www.planalto.gov.br\/ccivil_03\/_ato2004-2006\/2005\/decreto\/d5483.htm\"><strong>Decreto 5.483\/05<\/strong><\/a> (Regulamenta, no \u00e2mbito do Poder Executivo Federal, o art. 13 da Lei n\u00ba 8.429, de 2 de junho de 1992, institui a sindic\u00e2ncia patrimonial e d\u00e1 outras provid\u00eancias).<\/p><p><a href=\"http:\/\/www.planalto.gov.br\/ccivil_03\/_Ato2004-2006\/2005\/Decreto\/D5480.htm\"><strong>Decreto 5.480\/05<\/strong><\/a> (Disp\u00f5e sobre o Sistema de Correi\u00e7\u00e3o do Poder Executivo Federal, e d\u00e1 outras provid\u00eancias).<\/p><p><a href=\"http:\/\/www.planalto.gov.br\/ccivil_03\/_ato2007-2010\/2010\/decreto\/d7423.htm\"><strong>Decreto 7.423\/10<\/strong><\/a> (Regulamenta a Lei no 8.958, de 20 de dezembro de 1994, que disp\u00f5e sobre as rela\u00e7\u00f5es entre as institui\u00e7\u00f5es federais de ensino superior e de pesquisa cient\u00edfica e tecnol\u00f3gica e as funda\u00e7\u00f5es de apoio, e revoga o Decreto no 5.205, de 14 de setembro de 2004).<\/p>\t\t\t\t\t\t<\/div>\n\t\t\t\t<\/div>\n\t\t\t\t\t<\/div>\n\t\t<\/div>\n\t\t\t\t\t<\/div>\n\t\t<\/section>\n\t\t\t\t<\/div>\n\t\t","protected":false},"excerpt":{"rendered":"<p>Constitui\u00e7\u00e3o da Rep\u00fablica Federativa do Brasil C\u00f3digo Civil C\u00f3digo de Processo Civil C\u00f3digo Penal C\u00f3digo de Processo Penal C\u00f3digo Eleitoral C\u00f3digo Tribut\u00e1rio Nacional Lei 8.112\/90 (Lei dos servidores p\u00fablicos civis da Uni\u00e3o, das autarquias e das funda\u00e7\u00f5es p\u00fablicas federais). Lei 8.027\/90 (Sobre normas de conduta dos servidores p\u00fablicos civis da Uni\u00e3o, das Autarquias e das [&hellip;]<\/p>\n","protected":false},"author":3463,"featured_media":0,"parent":0,"menu_order":0,"comment_status":"closed","ping_status":"closed","template":"","meta":{"footnotes":""},"categories":[],"tags":[],"class_list":["post-56","page","type-page","status-publish","hentry"],"acf":[],"_links":{"self":[{"href":"https:\/\/www.ufsm.br\/outros-orgaos\/corregedoria-setorial\/wp-json\/wp\/v2\/pages\/56","targetHints":{"allow":["GET"]}}],"collection":[{"href":"https:\/\/www.ufsm.br\/outros-orgaos\/corregedoria-setorial\/wp-json\/wp\/v2\/pages"}],"about":[{"href":"https:\/\/www.ufsm.br\/outros-orgaos\/corregedoria-setorial\/wp-json\/wp\/v2\/types\/page"}],"author":[{"embeddable":true,"href":"https:\/\/www.ufsm.br\/outros-orgaos\/corregedoria-setorial\/wp-json\/wp\/v2\/users\/3463"}],"replies":[{"embeddable":true,"href":"https:\/\/www.ufsm.br\/outros-orgaos\/corregedoria-setorial\/wp-json\/wp\/v2\/comments?post=56"}],"version-history":[{"count":0,"href":"https:\/\/www.ufsm.br\/outros-orgaos\/corregedoria-setorial\/wp-json\/wp\/v2\/pages\/56\/revisions"}],"wp:attachment":[{"href":"https:\/\/www.ufsm.br\/outros-orgaos\/corregedoria-setorial\/wp-json\/wp\/v2\/media?parent=56"}],"wp:term":[{"taxonomy":"category","embeddable":true,"href":"https:\/\/www.ufsm.br\/outros-orgaos\/corregedoria-setorial\/wp-json\/wp\/v2\/categories?post=56"},{"taxonomy":"post_tag","embeddable":true,"href":"https:\/\/www.ufsm.br\/outros-orgaos\/corregedoria-setorial\/wp-json\/wp\/v2\/tags?post=56"}],"curies":[{"name":"wp","href":"https:\/\/api.w.org\/{rel}","templated":true}]}}