{"id":9,"date":"2023-07-03T07:47:02","date_gmt":"2023-07-03T10:47:02","guid":{"rendered":"https:\/\/www.ufsm.br\/outros-sites-ccbral\/?page_id=9"},"modified":"2025-02-11T09:59:43","modified_gmt":"2025-02-11T12:59:43","slug":"pagina-inicial","status":"publish","type":"page","link":"https:\/\/www.ufsm.br\/outros-sites\/ccbral\/","title":{"rendered":"P\u00e1gina Inicial"},"content":{"rendered":"\t\t<div data-elementor-type=\"wp-page\" data-elementor-id=\"9\" class=\"elementor elementor-9\">\n\t\t\t\t\t\t<section class=\"elementor-section elementor-top-section elementor-element elementor-element-4cc1efa elementor-section-boxed elementor-section-height-default elementor-section-height-default\" data-id=\"4cc1efa\" data-element_type=\"section\">\n\t\t\t\t\t\t<div class=\"elementor-container elementor-column-gap-default\">\n\t\t\t\t\t<div class=\"elementor-column elementor-col-100 elementor-top-column elementor-element elementor-element-0c6395e\" data-id=\"0c6395e\" data-element_type=\"column\">\n\t\t\t<div class=\"elementor-widget-wrap elementor-element-populated\">\n\t\t\t\t\t\t<div class=\"elementor-element elementor-element-93876e8 elementor-widget elementor-widget-wp-widget-ufsm_noticias_widget\" data-id=\"93876e8\" data-element_type=\"widget\" data-widget_type=\"wp-widget-ufsm_noticias_widget.default\">\n\t\t\t\t<div class=\"elementor-widget-container\">\n\t\t\t<div id='ufsm-carousel-1775338937-932698125' class='carousel slide carousel-ufsm' data-bs-ride='carousel' aria-hidden='true'>\n    <div class='carousel-inner'>\n                    \n\n            <div class='carousel-item active' data-bs-interval='4000'>\n                                    <!-- Link && Slider Image -->\n                    <a href='https:\/\/www.ufsm.br\/outros-sites\/ccbral\/2024\/11\/04\/comite-gestor'>\n                        <img class='w-100' style='max-height:300px; object-fit:cover;' alt=\"Comit\u00ea Gestor do CCBRAL - formado por representantes de diferentes \u00e1reas do conhecimento na UFSm.\" srcset=\"https:\/\/www.ufsm.br\/app\/uploads\/sites\/937\/2024\/11\/CCBRAL-Homepage-2-300x139.jpg 300w, https:\/\/www.ufsm.br\/app\/uploads\/sites\/937\/2024\/11\/CCBRAL-Homepage-2-1024x475.jpg 1024w, https:\/\/www.ufsm.br\/app\/uploads\/sites\/937\/2024\/11\/CCBRAL-Homepage-2-768x356.jpg 768w, https:\/\/www.ufsm.br\/app\/uploads\/sites\/937\/2024\/11\/CCBRAL-Homepage-2-1536x712.jpg 1536w, https:\/\/www.ufsm.br\/app\/uploads\/sites\/937\/2024\/11\/CCBRAL-Homepage-2.jpg 1920w\">\n                    <\/a>\n                \n                \n                                    <!-- Slider caption -->\n                    <h5 class='mt-2 mb-0'>\n                        <a href='https:\/\/www.ufsm.br\/outros-sites\/ccbral\/2024\/11\/04\/comite-gestor' aria-hidden='true'>Comit\u00ea Gestor<\/a>\n                                            <\/h5>\n                                                                    <!-- Slider IntroText -->\n                    <div class='text-muted p-2'> Comit\u00ea Gestor do CCBRAL - formado por representantes de diferentes \u00e1reas do conhecimento na UFSm.<\/div>\n                            <\/div>\n                    \n\n            <div class='carousel-item ' data-bs-interval='4000'>\n                                    <!-- Link && Slider Image -->\n                    <a href='https:\/\/www.ufsm.br\/outros-sites\/ccbral\/2024\/11\/03\/criacao-do-centro-de-coopetracao-brasil-alemanha-ccbral'>\n                        <img class='w-100' style='max-height:300px; object-fit:cover;' alt=\"Nos \u00faltimos tempos, observamos uma crescente oferta de oportunidades de interc\u00e2mbio com apoio financeiro para a Alemanha por meio de diversas entidades, como CNPq, CAPES, DAAD, DFG, entre outras. Contudo, a participa\u00e7\u00e3o da UFSM nessas iniciativas tem sido aqu\u00e9m do&hellip;\" srcset=\"https:\/\/www.ufsm.br\/app\/uploads\/sites\/937\/2024\/11\/CCBRAL-Homepage-2-300x139.jpg 300w, https:\/\/www.ufsm.br\/app\/uploads\/sites\/937\/2024\/11\/CCBRAL-Homepage-2-1024x475.jpg 1024w, https:\/\/www.ufsm.br\/app\/uploads\/sites\/937\/2024\/11\/CCBRAL-Homepage-2-768x356.jpg 768w, https:\/\/www.ufsm.br\/app\/uploads\/sites\/937\/2024\/11\/CCBRAL-Homepage-2-1536x712.jpg 1536w, https:\/\/www.ufsm.br\/app\/uploads\/sites\/937\/2024\/11\/CCBRAL-Homepage-2.jpg 1920w\">\n                    <\/a>\n                \n                \n                                    <!-- Slider caption -->\n                    <h5 class='mt-2 mb-0'>\n                        <a href='https:\/\/www.ufsm.br\/outros-sites\/ccbral\/2024\/11\/03\/criacao-do-centro-de-coopetracao-brasil-alemanha-ccbral' aria-hidden='true'>Cria\u00e7\u00e3o do Centro de Coopera\u00e7\u00e3o Brasil-Alemanha &#8211; CCBRAL<\/a>\n                                            <\/h5>\n                                                                    <!-- Slider IntroText -->\n                    <div class='text-muted p-2'> Nos \u00faltimos tempos, observamos uma crescente oferta de oportunidades de interc\u00e2mbio com apoio financeiro para a Alemanha por meio de diversas entidades, como CNPq, CAPES, DAAD, DFG, entre outras. Contudo, a participa\u00e7\u00e3o da UFSM nessas iniciativas tem sido aqu\u00e9m do&hellip;<\/div>\n                            <\/div>\n                    <!-- Exibi Indicadores -->\n                    <ol class='carousel-indicators carousel-indicators-numbers d-none d-md-flex align-self-end m-0'>\n                <li data-bs-target='#ufsm-carousel-1775338937-932698125' data-bs-slide-to='0' class='d-flex rounded-circle active'><span class='m-auto fw-bold'>1<\/span><\/li><li data-bs-target='#ufsm-carousel-1775338937-932698125' data-bs-slide-to='1' class='d-flex rounded-circle '><span class='m-auto fw-bold'>2<\/span><\/li>            <\/ol>\n            <a class='carousel-control-prev' href='#ufsm-carousel-1775338937-932698125' role='button' data-bs-slide='prev'>\n                <span class='carousel-control-prev-icon' aria-hidden='true'><\/span>\n                <span class='visually-hidden'>Previous<\/span>\n            <\/a>\n            <a class='carousel-control-next' href='#ufsm-carousel-1775338937-932698125' role='button' data-bs-slide='next'>\n                <span class='carousel-control-next-icon' aria-hidden='true'><\/span>\n                <span class='visually-hidden'>Next<\/span>\n            <\/a>\n            <\/div>\n<\/div>\n<!-- Acessibilidade, apenas leitor de tela -->\n<ul class='visually-hidden'>\n    <li><a href='https:\/\/www.ufsm.br\/outros-sites\/ccbral\/2024\/11\/04\/comite-gestor'>Comit\u00ea Gestor<\/a><\/li><li><a href='https:\/\/www.ufsm.br\/outros-sites\/ccbral\/2024\/11\/03\/criacao-do-centro-de-coopetracao-brasil-alemanha-ccbral'>Cria\u00e7\u00e3o do Centro de Coopera\u00e7\u00e3o Brasil-Alemanha &#8211; CCBRAL<\/a><\/li><\/ul>\n<div class=\"leia-mais p-1\">\n                <a href=\"https:\/\/www.ufsm.br\/outros-sites\/ccbral\/busca\/?q=&area=post|page&orderby=date&sites%5B%5D=937\">\n            LEIA MAIS            <span class=\"icon-box\">\n                <span class=\"bg-ufsm-widget-icon\">\n                    <i class=\"fas fa-chevron-right\" aria-hidden=\"true\"><\/i>\n                <\/span>\n            <\/span>\n        <\/a>\n    <\/div>\n\t\t<\/div>\n\t\t\t\t<\/div>\n\t\t\t\t<div class=\"elementor-element elementor-element-1f6f89a elementor-widget elementor-widget-wp-widget-ufsm_noticias_widget\" data-id=\"1f6f89a\" data-element_type=\"widget\" data-widget_type=\"wp-widget-ufsm_noticias_widget.default\">\n\t\t\t\t<div class=\"elementor-widget-container\">\n\t\t\t<div class='widget-noticias-inside'>\n                        <div class=\"row\">\n                                    <div class=\"col-12 col-lg-12 pb-4\">\n                                        \n                                        \n                    \n                    <a class=\"noticias-widget-title d-block \"  title=\"Atividades CCBRAL\" href=\"https:\/\/www.ufsm.br\/outros-sites\/ccbral\/2024\/11\/19\/atividades-ccbral\">\n                                                Atividades CCBRAL                    <\/a>\n                    \n                    \n                                        \n                                        \n                                        <\/div>\n                            <\/div>\n                    <div class=\"row\">\n                                    <div class=\"col-12 col-lg-12 pb-4\">\n                                        \n                                        \n                    \n                    <a class=\"noticias-widget-title d-block \"  title=\"Interc\u00e2mbio Internacional\" href=\"https:\/\/www.ufsm.br\/outros-sites\/ccbral\/2024\/11\/17\/intercambio-internacional\">\n                                                Interc\u00e2mbio Internacional                    <\/a>\n                    \n                    \n                                        \n                                        \n                                        <\/div>\n                            <\/div>\n                    <div class=\"row\">\n                                    <div class=\"col-12 col-lg-12 pb-4\">\n                                        \n                                        \n                    \n                    <a class=\"noticias-widget-title d-block \"  title=\"Comit\u00ea Gestor\" href=\"https:\/\/www.ufsm.br\/outros-sites\/ccbral\/2024\/11\/04\/comite-gestor\">\n                                                Comit\u00ea Gestor                    <\/a>\n                    \n                    \n                                        \n                                        \n                                        <\/div>\n                            <\/div>\n                    <div class=\"row\">\n                                    <div class=\"col-12 col-lg-12 pb-4\">\n                                        \n                                        \n                    \n                    <a class=\"noticias-widget-title d-block \"  title=\"Cria\u00e7\u00e3o do Centro de Coopera\u00e7\u00e3o Brasil-Alemanha &#8211; CCBRAL\" href=\"https:\/\/www.ufsm.br\/outros-sites\/ccbral\/2024\/11\/03\/criacao-do-centro-de-coopetracao-brasil-alemanha-ccbral\">\n                                                Cria\u00e7\u00e3o do Centro de Coopera\u00e7\u00e3o Brasil-Alemanha &#8211; CCBRAL                    <\/a>\n                    \n                    \n                                        \n                                        \n                                        <\/div>\n                            <\/div>\n                    <div class=\"row\">\n                                    <div class=\"col-12 col-lg-12 pb-4\">\n                                        \n                                        \n                    \n                    <a class=\"noticias-widget-title d-block \"  title=\"CCBRAL &#8211; Visita do Consul da Alemanha na UFSM\" href=\"https:\/\/www.ufsm.br\/outros-sites\/ccbral\/2024\/10\/31\/elementor-21\">\n                                                CCBRAL &#8211; Visita do Consul da Alemanha na UFSM                    <\/a>\n                    \n                    \n                                        \n                                        \n                                        <\/div>\n                            <\/div>\n            <\/div>\n<div class=\"leia-mais p-1\">\n                <a href=\"https:\/\/www.ufsm.br\/outros-sites\/ccbral\/busca\/?q=&area=post&orderby=date&sites%5B%5D=937\">\n            LEIA MAIS            <span class=\"icon-box\">\n                <span class=\"bg-ufsm-widget-icon\">\n                    <i class=\"fas fa-chevron-right\" aria-hidden=\"true\"><\/i>\n                <\/span>\n            <\/span>\n        <\/a>\n    <\/div>\n\t\t<\/div>\n\t\t\t\t<\/div>\n\t\t\t\t\t<\/div>\n\t\t<\/div>\n\t\t\t\t\t<\/div>\n\t\t<\/section>\n\t\t\t\t<section class=\"elementor-section elementor-top-section elementor-element elementor-element-8566710 elementor-section-boxed elementor-section-height-default elementor-section-height-default\" data-id=\"8566710\" data-element_type=\"section\">\n\t\t\t\t\t\t<div class=\"elementor-container elementor-column-gap-default\">\n\t\t\t\t\t<div class=\"elementor-column elementor-col-100 elementor-top-column elementor-element elementor-element-c3284b0\" data-id=\"c3284b0\" data-element_type=\"column\">\n\t\t\t<div class=\"elementor-widget-wrap elementor-element-populated\">\n\t\t\t\t\t\t<div class=\"elementor-element elementor-element-74b5266 elementor-widget elementor-widget-wp-widget-ufsm_noticias_widget\" data-id=\"74b5266\" data-element_type=\"widget\" data-widget_type=\"wp-widget-ufsm_noticias_widget.default\">\n\t\t\t\t<div class=\"elementor-widget-container\">\n\t\t\t<h5 class='titulo-conteudos'>Not\u00edcias<\/h5><div class='widget-noticias-inside'>\n                        <div class=\"row\">\n                                    <div class=\"col-12 col-lg-12 pb-4\">\n                                        \n                                        \n                    \n                    <a class=\"noticias-widget-title d-block \"  title=\"Atividades CCBRAL\" href=\"https:\/\/www.ufsm.br\/outros-sites\/ccbral\/2024\/11\/19\/atividades-ccbral\">\n                                                Atividades CCBRAL                    <\/a>\n                    \n                    \n                                        \n                                        \n                                            \n                                                    <div title=\"Publicado em 19\/11\/2024 \" class=\"data-publicacao-widget\">\n                                <i  class=\"far fa-clock\"><\/i>\n                                19\/11\/2024                             <\/div>\n                                                                <\/div>\n                            <\/div>\n                    <div class=\"row\">\n                                    <div class=\"col-12 col-lg-12 pb-4\">\n                                        \n                                        \n                    \n                    <a class=\"noticias-widget-title d-block \"  title=\"Interc\u00e2mbio Internacional\" href=\"https:\/\/www.ufsm.br\/outros-sites\/ccbral\/2024\/11\/17\/intercambio-internacional\">\n                                                Interc\u00e2mbio Internacional                    <\/a>\n                    \n                    \n                                        \n                                        \n                                            \n                                                    <div title=\"Publicado em 17\/11\/2024 \" class=\"data-publicacao-widget\">\n                                <i  class=\"far fa-clock\"><\/i>\n                                17\/11\/2024                             <\/div>\n                                                                <\/div>\n                            <\/div>\n                    <div class=\"row\">\n                                    <div class=\"col-12 col-lg-12 pb-4\">\n                                        \n                                        \n                    \n                    <a class=\"noticias-widget-title d-block \"  title=\"Comit\u00ea Gestor\" href=\"https:\/\/www.ufsm.br\/outros-sites\/ccbral\/2024\/11\/04\/comite-gestor\">\n                                                Comit\u00ea Gestor                    <\/a>\n                    \n                    \n                                        \n                                        \n                                            \n                                                    <div title=\"Publicado em 04\/11\/2024 \" class=\"data-publicacao-widget\">\n                                <i  class=\"far fa-clock\"><\/i>\n                                04\/11\/2024                             <\/div>\n                                                                <\/div>\n                            <\/div>\n                    <div class=\"row\">\n                                    <div class=\"col-12 col-lg-12 pb-4\">\n                                        \n                                        \n                    \n                    <a class=\"noticias-widget-title d-block \"  title=\"Cria\u00e7\u00e3o do Centro de Coopera\u00e7\u00e3o Brasil-Alemanha &#8211; CCBRAL\" href=\"https:\/\/www.ufsm.br\/outros-sites\/ccbral\/2024\/11\/03\/criacao-do-centro-de-coopetracao-brasil-alemanha-ccbral\">\n                                                Cria\u00e7\u00e3o do Centro de Coopera\u00e7\u00e3o Brasil-Alemanha &#8211; CCBRAL                    <\/a>\n                    \n                    \n                                        \n                                        \n                                            \n                                                    <div title=\"Publicado em 03\/11\/2024 \" class=\"data-publicacao-widget\">\n                                <i  class=\"far fa-clock\"><\/i>\n                                03\/11\/2024                             <\/div>\n                                                                <\/div>\n                            <\/div>\n                    <div class=\"row\">\n                                    <div class=\"col-12 col-lg-12 pb-4\">\n                                        \n                                        \n                    \n                    <a class=\"noticias-widget-title d-block \"  title=\"CCBRAL &#8211; Visita do Consul da Alemanha na UFSM\" href=\"https:\/\/www.ufsm.br\/outros-sites\/ccbral\/2024\/10\/31\/elementor-21\">\n                                                CCBRAL &#8211; Visita do Consul da Alemanha na UFSM                    <\/a>\n                    \n                    \n                                        \n                                        \n                                            \n                                                    <div title=\"Publicado em 31\/10\/2024 \" class=\"data-publicacao-widget\">\n                                <i  class=\"far fa-clock\"><\/i>\n                                31\/10\/2024                             <\/div>\n                                                                <\/div>\n                            <\/div>\n            <\/div>\n<div class=\"leia-mais p-1\">\n                <a href=\"https:\/\/www.ufsm.br\/outros-sites\/ccbral\/busca\/?q=&area=post&orderby=date&sites%5B%5D=937\">\n            LEIA MAIS            <span class=\"icon-box\">\n                <span class=\"bg-ufsm-widget-icon\">\n                    <i class=\"fas fa-chevron-right\" aria-hidden=\"true\"><\/i>\n                <\/span>\n            <\/span>\n        <\/a>\n    <\/div>\n\t\t<\/div>\n\t\t\t\t<\/div>\n\t\t\t\t\t<\/div>\n\t\t<\/div>\n\t\t\t\t\t<\/div>\n\t\t<\/section>\n\t\t\t\t<section class=\"elementor-section elementor-top-section elementor-element elementor-element-727ed50 elementor-section-boxed elementor-section-height-default elementor-section-height-default\" data-id=\"727ed50\" data-element_type=\"section\">\n\t\t\t\t\t\t<div class=\"elementor-container elementor-column-gap-default\">\n\t\t\t\t\t<div class=\"elementor-column elementor-col-100 elementor-top-column elementor-element elementor-element-8a058e7\" data-id=\"8a058e7\" data-element_type=\"column\">\n\t\t\t<div class=\"elementor-widget-wrap elementor-element-populated\">\n\t\t\t\t\t\t<div class=\"elementor-element elementor-element-2cc1950 elementor-widget elementor-widget-wp-widget-ufsm_eventos_widget\" data-id=\"2cc1950\" data-element_type=\"widget\" data-widget_type=\"wp-widget-ufsm_eventos_widget.default\">\n\t\t\t\t<div class=\"elementor-widget-container\">\n\t\t\t<H2 class='titulo-conteudos'>Eventos<\/H2>\n          <div class='d-flex flex-column align-items-center justify-content-center py-4'>\n        <span class='text-muted fs-5 mb-2 d-flex align-items-center'>\n          <i class='fas fa-calendar-times fa-2x me-2'><\/i>\n          Nenhum evento futuro encontrado.\n        <\/span>\n        <a class='btn btn-outline-primary mt-2' href='https:\/\/www.ufsm.br\/outros-sites\/ccbral\/busca\/?q=&orderby=date&order=DESC&perpage=15&area=eventos&sites%5B%5D=937'>\n          Confira os eventos j\u00e1 realizados\n          <i class='fas fa-arrow-right ms-2'><\/i>\n        <\/a>\n          <\/div>\n        \t\t<\/div>\n\t\t\t\t<\/div>\n\t\t\t\t\t<\/div>\n\t\t<\/div>\n\t\t\t\t\t<\/div>\n\t\t<\/section>\n\t\t\t\t<section class=\"elementor-section elementor-top-section elementor-element elementor-element-ef5677f elementor-section-boxed elementor-section-height-default elementor-section-height-default\" data-id=\"ef5677f\" data-element_type=\"section\">\n\t\t\t\t\t\t<div class=\"elementor-container elementor-column-gap-default\">\n\t\t\t\t\t<div class=\"elementor-column elementor-col-100 elementor-top-column elementor-element elementor-element-f07a3f2\" data-id=\"f07a3f2\" data-element_type=\"column\">\n\t\t\t<div class=\"elementor-widget-wrap elementor-element-populated\">\n\t\t\t\t\t\t<div class=\"elementor-element elementor-element-4205075 elementor-widget elementor-widget-image\" data-id=\"4205075\" data-element_type=\"widget\" data-widget_type=\"image.default\">\n\t\t\t\t<div class=\"elementor-widget-container\">\n\t\t\t\t\t\t\t\t\t\t<figure class=\"wp-caption\">\n\t\t\t\t\t\t\t\t\t\t<img fetchpriority=\"high\" decoding=\"async\" width=\"300\" height=\"300\" src=\"https:\/\/www.ufsm.br\/app\/uploads\/sites\/937\/2025\/02\/DD-OVGU-e-UFSM-300x300.jpg\" class=\"attachment-medium size-medium wp-image-117\" alt=\"\" srcset=\"https:\/\/www.ufsm.br\/app\/uploads\/sites\/937\/2025\/02\/DD-OVGU-e-UFSM-300x300.jpg 300w, https:\/\/www.ufsm.br\/app\/uploads\/sites\/937\/2025\/02\/DD-OVGU-e-UFSM-1024x1024.jpg 1024w, https:\/\/www.ufsm.br\/app\/uploads\/sites\/937\/2025\/02\/DD-OVGU-e-UFSM-150x150.jpg 150w, https:\/\/www.ufsm.br\/app\/uploads\/sites\/937\/2025\/02\/DD-OVGU-e-UFSM-768x768.jpg 768w, https:\/\/www.ufsm.br\/app\/uploads\/sites\/937\/2025\/02\/DD-OVGU-e-UFSM.jpg 1080w\" sizes=\"(max-width: 300px) 100vw, 300px\" \/>\t\t\t\t\t\t\t\t\t\t\t<figcaption class=\"widget-image-caption wp-caption-text\"><\/figcaption>\n\t\t\t\t\t\t\t\t\t\t<\/figure>\n\t\t\t\t\t\t\t<\/div>\n\t\t\t\t<\/div>\n\t\t\t\t\t<\/div>\n\t\t<\/div>\n\t\t\t\t\t<\/div>\n\t\t<\/section>\n\t\t\t\t<\/div>\n\t\t","protected":false},"excerpt":{"rendered":"","protected":false},"author":3961,"featured_media":0,"parent":0,"menu_order":0,"comment_status":"closed","ping_status":"closed","template":"","meta":{"footnotes":""},"categories":[],"tags":[],"class_list":["post-9","page","type-page","status-publish","hentry"],"acf":[],"_links":{"self":[{"href":"https:\/\/www.ufsm.br\/outros-sites\/ccbral\/wp-json\/wp\/v2\/pages\/9","targetHints":{"allow":["GET"]}}],"collection":[{"href":"https:\/\/www.ufsm.br\/outros-sites\/ccbral\/wp-json\/wp\/v2\/pages"}],"about":[{"href":"https:\/\/www.ufsm.br\/outros-sites\/ccbral\/wp-json\/wp\/v2\/types\/page"}],"author":[{"embeddable":true,"href":"https:\/\/www.ufsm.br\/outros-sites\/ccbral\/wp-json\/wp\/v2\/users\/3961"}],"replies":[{"embeddable":true,"href":"https:\/\/www.ufsm.br\/outros-sites\/ccbral\/wp-json\/wp\/v2\/comments?post=9"}],"version-history":[{"count":0,"href":"https:\/\/www.ufsm.br\/outros-sites\/ccbral\/wp-json\/wp\/v2\/pages\/9\/revisions"}],"wp:attachment":[{"href":"https:\/\/www.ufsm.br\/outros-sites\/ccbral\/wp-json\/wp\/v2\/media?parent=9"}],"wp:term":[{"taxonomy":"category","embeddable":true,"href":"https:\/\/www.ufsm.br\/outros-sites\/ccbral\/wp-json\/wp\/v2\/categories?post=9"},{"taxonomy":"post_tag","embeddable":true,"href":"https:\/\/www.ufsm.br\/outros-sites\/ccbral\/wp-json\/wp\/v2\/tags?post=9"}],"curies":[{"name":"wp","href":"https:\/\/api.w.org\/{rel}","templated":true}]}}