{"id":23,"date":"2019-05-14T17:02:03","date_gmt":"2019-05-14T20:02:03","guid":{"rendered":"https:\/\/www.ufsm.br\/template-laboratprio\/?page_id=23"},"modified":"2026-04-13T16:32:34","modified_gmt":"2026-04-13T19:32:34","slug":"integrantes","status":"publish","type":"page","link":"https:\/\/www.ufsm.br\/pet\/agronomia\/integrantes","title":{"rendered":"Integrantes"},"content":{"rendered":"\t\t<div data-elementor-type=\"wp-page\" data-elementor-id=\"23\" class=\"elementor elementor-23\">\n\t\t\t\t\t\t<section class=\"elementor-section elementor-top-section elementor-element elementor-element-8ef5bb1 elementor-section-boxed elementor-section-height-default elementor-section-height-default\" data-id=\"8ef5bb1\" data-element_type=\"section\">\n\t\t\t\t\t\t<div class=\"elementor-container elementor-column-gap-default\">\n\t\t\t\t\t<div class=\"elementor-column elementor-col-20 elementor-top-column elementor-element elementor-element-51c3945\" data-id=\"51c3945\" data-element_type=\"column\">\n\t\t\t<div class=\"elementor-widget-wrap\">\n\t\t\t\t\t\t\t<\/div>\n\t\t<\/div>\n\t\t\t\t<div class=\"elementor-column elementor-col-20 elementor-top-column elementor-element elementor-element-deb4700\" data-id=\"deb4700\" data-element_type=\"column\">\n\t\t\t<div class=\"elementor-widget-wrap\">\n\t\t\t\t\t\t\t<\/div>\n\t\t<\/div>\n\t\t\t\t<div class=\"elementor-column elementor-col-20 elementor-top-column elementor-element elementor-element-19fbd12\" data-id=\"19fbd12\" data-element_type=\"column\">\n\t\t\t<div class=\"elementor-widget-wrap elementor-element-populated\">\n\t\t\t\t\t\t<div class=\"elementor-element elementor-element-718a8f0 elementor-position-top elementor-widget elementor-widget-image-box\" data-id=\"718a8f0\" data-element_type=\"widget\" data-widget_type=\"image-box.default\">\n\t\t\t\t<div class=\"elementor-widget-container\">\n\t\t\t<div class=\"elementor-image-box-wrapper\"><figure class=\"elementor-image-box-img\"><img fetchpriority=\"high\" decoding=\"async\" width=\"938\" height=\"1250\" src=\"https:\/\/www.ufsm.br\/app\/uploads\/sites\/779\/2026\/04\/Tutor.jpg\" class=\"attachment-full size-full wp-image-1464\" alt=\"\" srcset=\"https:\/\/www.ufsm.br\/app\/uploads\/sites\/779\/2026\/04\/Tutor.jpg 938w, https:\/\/www.ufsm.br\/app\/uploads\/sites\/779\/2026\/04\/Tutor-225x300.jpg 225w, https:\/\/www.ufsm.br\/app\/uploads\/sites\/779\/2026\/04\/Tutor-768x1023.jpg 768w\" sizes=\"(max-width: 938px) 100vw, 938px\" \/><\/figure><div class=\"elementor-image-box-content\"><h6 class=\"elementor-image-box-title\">F\u00e1bio Joel Kochem Mallmann<\/h6><p class=\"elementor-image-box-description\"><span style=\"font-size: 16px\">Tutor PET<\/span><\/p><\/div><\/div>\t\t<\/div>\n\t\t\t\t<\/div>\n\t\t\t\t\t<\/div>\n\t\t<\/div>\n\t\t\t\t<div class=\"elementor-column elementor-col-20 elementor-top-column elementor-element elementor-element-7c0fd97\" data-id=\"7c0fd97\" data-element_type=\"column\">\n\t\t\t<div class=\"elementor-widget-wrap\">\n\t\t\t\t\t\t\t<\/div>\n\t\t<\/div>\n\t\t\t\t<div class=\"elementor-column elementor-col-20 elementor-top-column elementor-element elementor-element-f9d5473\" data-id=\"f9d5473\" data-element_type=\"column\">\n\t\t\t<div class=\"elementor-widget-wrap\">\n\t\t\t\t\t\t\t<\/div>\n\t\t<\/div>\n\t\t\t\t\t<\/div>\n\t\t<\/section>\n\t\t\t\t<section class=\"elementor-section elementor-top-section elementor-element elementor-element-78cbb6e elementor-section-boxed elementor-section-height-default elementor-section-height-default\" data-id=\"78cbb6e\" data-element_type=\"section\">\n\t\t\t\t\t\t<div class=\"elementor-container elementor-column-gap-default\">\n\t\t\t\t\t<div class=\"elementor-column elementor-col-20 elementor-top-column elementor-element elementor-element-a441b1b\" data-id=\"a441b1b\" data-element_type=\"column\">\n\t\t\t<div class=\"elementor-widget-wrap elementor-element-populated\">\n\t\t\t\t\t\t<div class=\"elementor-element elementor-element-ab419af elementor-position-top elementor-widget elementor-widget-image-box\" data-id=\"ab419af\" data-element_type=\"widget\" data-widget_type=\"image-box.default\">\n\t\t\t\t<div class=\"elementor-widget-container\">\n\t\t\t<div class=\"elementor-image-box-wrapper\"><figure class=\"elementor-image-box-img\"><img decoding=\"async\" width=\"938\" height=\"1250\" src=\"https:\/\/www.ufsm.br\/app\/uploads\/sites\/779\/2026\/04\/Amanda-1.jpg\" class=\"attachment-full size-full wp-image-1468\" alt=\"\" srcset=\"https:\/\/www.ufsm.br\/app\/uploads\/sites\/779\/2026\/04\/Amanda-1.jpg 938w, https:\/\/www.ufsm.br\/app\/uploads\/sites\/779\/2026\/04\/Amanda-1-225x300.jpg 225w, https:\/\/www.ufsm.br\/app\/uploads\/sites\/779\/2026\/04\/Amanda-1-768x1023.jpg 768w\" sizes=\"(max-width: 938px) 100vw, 938px\" \/><\/figure><div class=\"elementor-image-box-content\"><h6 class=\"elementor-image-box-title\">Amanda Guzzo Marim<br><\/h6><p class=\"elementor-image-box-description\">Petiana\n<\/p><\/div><\/div>\t\t<\/div>\n\t\t\t\t<\/div>\n\t\t\t\t\t<\/div>\n\t\t<\/div>\n\t\t\t\t<div class=\"elementor-column elementor-col-20 elementor-top-column elementor-element elementor-element-91af763\" data-id=\"91af763\" data-element_type=\"column\">\n\t\t\t<div class=\"elementor-widget-wrap elementor-element-populated\">\n\t\t\t\t\t\t<div class=\"elementor-element elementor-element-751aa2a elementor-position-top elementor-widget elementor-widget-image-box\" data-id=\"751aa2a\" data-element_type=\"widget\" data-widget_type=\"image-box.default\">\n\t\t\t\t<div class=\"elementor-widget-container\">\n\t\t\t<div class=\"elementor-image-box-wrapper\"><figure class=\"elementor-image-box-img\"><img decoding=\"async\" width=\"938\" height=\"1250\" src=\"https:\/\/www.ufsm.br\/app\/uploads\/sites\/779\/2026\/04\/Eduarda-1.jpg\" class=\"attachment-full size-full wp-image-1467\" alt=\"\" srcset=\"https:\/\/www.ufsm.br\/app\/uploads\/sites\/779\/2026\/04\/Eduarda-1.jpg 938w, https:\/\/www.ufsm.br\/app\/uploads\/sites\/779\/2026\/04\/Eduarda-1-225x300.jpg 225w, https:\/\/www.ufsm.br\/app\/uploads\/sites\/779\/2026\/04\/Eduarda-1-768x1023.jpg 768w\" sizes=\"(max-width: 938px) 100vw, 938px\" \/><\/figure><div class=\"elementor-image-box-content\"><h6 class=\"elementor-image-box-title\">Eduarda M\u00fcller <\/h6><p class=\"elementor-image-box-description\">Petiana\n<\/p><\/div><\/div>\t\t<\/div>\n\t\t\t\t<\/div>\n\t\t\t\t\t<\/div>\n\t\t<\/div>\n\t\t\t\t<div class=\"elementor-column elementor-col-20 elementor-top-column elementor-element elementor-element-7b32f1b\" data-id=\"7b32f1b\" data-element_type=\"column\">\n\t\t\t<div class=\"elementor-widget-wrap elementor-element-populated\">\n\t\t\t\t\t\t<div class=\"elementor-element elementor-element-eadefcc elementor-widget elementor-widget-image-box\" data-id=\"eadefcc\" data-element_type=\"widget\" data-widget_type=\"image-box.default\">\n\t\t\t\t<div class=\"elementor-widget-container\">\n\t\t\t<div class=\"elementor-image-box-wrapper\"><div class=\"elementor-image-box-content\"><h6 class=\"elementor-image-box-title\">Elisa Franchin Parcianello<\/h6><p class=\"elementor-image-box-description\">Petiana\n<\/p><\/div><\/div>\t\t<\/div>\n\t\t\t\t<\/div>\n\t\t\t\t\t<\/div>\n\t\t<\/div>\n\t\t\t\t<div class=\"elementor-column elementor-col-20 elementor-top-column elementor-element elementor-element-5b9873a\" data-id=\"5b9873a\" data-element_type=\"column\">\n\t\t\t<div class=\"elementor-widget-wrap elementor-element-populated\">\n\t\t\t\t\t\t<div class=\"elementor-element elementor-element-0c81abf elementor-widget elementor-widget-image-box\" data-id=\"0c81abf\" data-element_type=\"widget\" data-widget_type=\"image-box.default\">\n\t\t\t\t<div class=\"elementor-widget-container\">\n\t\t\t<div class=\"elementor-image-box-wrapper\"><div class=\"elementor-image-box-content\"><h6 class=\"elementor-image-box-title\">Isabel Soares Guizzi<\/h6><p class=\"elementor-image-box-description\">Petiana<\/p><\/div><\/div>\t\t<\/div>\n\t\t\t\t<\/div>\n\t\t\t\t\t<\/div>\n\t\t<\/div>\n\t\t\t\t<div class=\"elementor-column elementor-col-20 elementor-top-column elementor-element elementor-element-f00c5bb\" data-id=\"f00c5bb\" data-element_type=\"column\">\n\t\t\t<div class=\"elementor-widget-wrap elementor-element-populated\">\n\t\t\t\t\t\t<div class=\"elementor-element elementor-element-4a907eb elementor-position-top elementor-widget elementor-widget-image-box\" data-id=\"4a907eb\" data-element_type=\"widget\" data-widget_type=\"image-box.default\">\n\t\t\t\t<div class=\"elementor-widget-container\">\n\t\t\t<div class=\"elementor-image-box-wrapper\"><figure class=\"elementor-image-box-img\"><img loading=\"lazy\" decoding=\"async\" width=\"938\" height=\"1250\" src=\"https:\/\/www.ufsm.br\/app\/uploads\/sites\/779\/2026\/04\/Joana-1.jpg\" class=\"attachment-full size-full wp-image-1460\" alt=\"\" srcset=\"https:\/\/www.ufsm.br\/app\/uploads\/sites\/779\/2026\/04\/Joana-1.jpg 938w, https:\/\/www.ufsm.br\/app\/uploads\/sites\/779\/2026\/04\/Joana-1-225x300.jpg 225w, https:\/\/www.ufsm.br\/app\/uploads\/sites\/779\/2026\/04\/Joana-1-768x1023.jpg 768w\" sizes=\"(max-width: 938px) 100vw, 938px\" \/><\/figure><div class=\"elementor-image-box-content\"><h6 class=\"elementor-image-box-title\">Joana Vieira Rollwagen<\/h6><p class=\"elementor-image-box-description\">Petiana<\/p><\/div><\/div>\t\t<\/div>\n\t\t\t\t<\/div>\n\t\t\t\t\t<\/div>\n\t\t<\/div>\n\t\t\t\t\t<\/div>\n\t\t<\/section>\n\t\t\t\t<section class=\"elementor-section elementor-top-section elementor-element elementor-element-9bb5505 elementor-section-boxed elementor-section-height-default elementor-section-height-default\" data-id=\"9bb5505\" data-element_type=\"section\">\n\t\t\t\t\t\t<div class=\"elementor-container elementor-column-gap-default\">\n\t\t\t\t\t<div class=\"elementor-column elementor-col-20 elementor-top-column elementor-element elementor-element-01111db\" data-id=\"01111db\" data-element_type=\"column\">\n\t\t\t<div class=\"elementor-widget-wrap elementor-element-populated\">\n\t\t\t\t\t\t<div class=\"elementor-element elementor-element-2f59094 elementor-position-top elementor-widget elementor-widget-image-box\" data-id=\"2f59094\" data-element_type=\"widget\" data-widget_type=\"image-box.default\">\n\t\t\t\t<div class=\"elementor-widget-container\">\n\t\t\t<div class=\"elementor-image-box-wrapper\"><figure class=\"elementor-image-box-img\"><img loading=\"lazy\" decoding=\"async\" width=\"938\" height=\"1250\" src=\"https:\/\/www.ufsm.br\/app\/uploads\/sites\/779\/2026\/04\/Joao-1.jpg\" class=\"attachment-full size-full wp-image-1469\" alt=\"\" srcset=\"https:\/\/www.ufsm.br\/app\/uploads\/sites\/779\/2026\/04\/Joao-1.jpg 938w, https:\/\/www.ufsm.br\/app\/uploads\/sites\/779\/2026\/04\/Joao-1-225x300.jpg 225w, https:\/\/www.ufsm.br\/app\/uploads\/sites\/779\/2026\/04\/Joao-1-768x1023.jpg 768w\" sizes=\"(max-width: 938px) 100vw, 938px\" \/><\/figure><div class=\"elementor-image-box-content\"><h6 class=\"elementor-image-box-title\">Jo\u00e3o Francisco Fornari Viana <\/h6><p class=\"elementor-image-box-description\">Petiano <\/p><\/div><\/div>\t\t<\/div>\n\t\t\t\t<\/div>\n\t\t\t\t\t<\/div>\n\t\t<\/div>\n\t\t\t\t<div class=\"elementor-column elementor-col-20 elementor-top-column elementor-element elementor-element-5db5c4a\" data-id=\"5db5c4a\" data-element_type=\"column\">\n\t\t\t<div class=\"elementor-widget-wrap elementor-element-populated\">\n\t\t\t\t\t\t<div class=\"elementor-element elementor-element-b236876 elementor-position-top elementor-widget elementor-widget-image-box\" data-id=\"b236876\" data-element_type=\"widget\" data-widget_type=\"image-box.default\">\n\t\t\t\t<div class=\"elementor-widget-container\">\n\t\t\t<div class=\"elementor-image-box-wrapper\"><figure class=\"elementor-image-box-img\"><img loading=\"lazy\" decoding=\"async\" width=\"938\" height=\"1250\" src=\"https:\/\/www.ufsm.br\/app\/uploads\/sites\/779\/2026\/04\/Kaue.jpg\" class=\"attachment-full size-full wp-image-1465\" alt=\"\" srcset=\"https:\/\/www.ufsm.br\/app\/uploads\/sites\/779\/2026\/04\/Kaue.jpg 938w, https:\/\/www.ufsm.br\/app\/uploads\/sites\/779\/2026\/04\/Kaue-225x300.jpg 225w, https:\/\/www.ufsm.br\/app\/uploads\/sites\/779\/2026\/04\/Kaue-768x1023.jpg 768w\" sizes=\"(max-width: 938px) 100vw, 938px\" \/><\/figure><div class=\"elementor-image-box-content\"><h6 class=\"elementor-image-box-title\">Kau\u00ea da Cunha Beier<\/h6><p class=\"elementor-image-box-description\">Petiano<\/p><\/div><\/div>\t\t<\/div>\n\t\t\t\t<\/div>\n\t\t\t\t\t<\/div>\n\t\t<\/div>\n\t\t\t\t<div class=\"elementor-column elementor-col-20 elementor-top-column elementor-element elementor-element-035cd81\" data-id=\"035cd81\" data-element_type=\"column\">\n\t\t\t<div class=\"elementor-widget-wrap elementor-element-populated\">\n\t\t\t\t\t\t<div class=\"elementor-element elementor-element-ab4e060 elementor-widget elementor-widget-image-box\" data-id=\"ab4e060\" data-element_type=\"widget\" data-widget_type=\"image-box.default\">\n\t\t\t\t<div class=\"elementor-widget-container\">\n\t\t\t<div class=\"elementor-image-box-wrapper\"><div class=\"elementor-image-box-content\"><h6 class=\"elementor-image-box-title\">L\u00edvia Amaral Koakoski <\/h6><p class=\"elementor-image-box-description\">Petiana<\/p><\/div><\/div>\t\t<\/div>\n\t\t\t\t<\/div>\n\t\t\t\t\t<\/div>\n\t\t<\/div>\n\t\t\t\t<div class=\"elementor-column elementor-col-20 elementor-top-column elementor-element elementor-element-b54fc85\" data-id=\"b54fc85\" data-element_type=\"column\">\n\t\t\t<div class=\"elementor-widget-wrap elementor-element-populated\">\n\t\t\t\t\t\t<div class=\"elementor-element elementor-element-eb2f593 elementor-position-top elementor-widget elementor-widget-image-box\" data-id=\"eb2f593\" data-element_type=\"widget\" data-widget_type=\"image-box.default\">\n\t\t\t\t<div class=\"elementor-widget-container\">\n\t\t\t<div class=\"elementor-image-box-wrapper\"><figure class=\"elementor-image-box-img\"><img loading=\"lazy\" decoding=\"async\" width=\"708\" height=\"944\" src=\"https:\/\/www.ufsm.br\/app\/uploads\/sites\/779\/2026\/04\/WhatsApp-Image-2026-04-02-at-10.33.53-PM.jpeg\" class=\"attachment-full size-full wp-image-1457\" alt=\"\" srcset=\"https:\/\/www.ufsm.br\/app\/uploads\/sites\/779\/2026\/04\/WhatsApp-Image-2026-04-02-at-10.33.53-PM.jpeg 708w, https:\/\/www.ufsm.br\/app\/uploads\/sites\/779\/2026\/04\/WhatsApp-Image-2026-04-02-at-10.33.53-PM-225x300.jpeg 225w\" sizes=\"(max-width: 708px) 100vw, 708px\" \/><\/figure><div class=\"elementor-image-box-content\"><h6 class=\"elementor-image-box-title\">Lucia da Silva Bica<\/h6><p class=\"elementor-image-box-description\">Petiana<\/p><\/div><\/div>\t\t<\/div>\n\t\t\t\t<\/div>\n\t\t\t\t\t<\/div>\n\t\t<\/div>\n\t\t\t\t<div class=\"elementor-column elementor-col-20 elementor-top-column elementor-element elementor-element-f720430\" data-id=\"f720430\" data-element_type=\"column\">\n\t\t\t<div class=\"elementor-widget-wrap elementor-element-populated\">\n\t\t\t\t\t\t<div class=\"elementor-element elementor-element-47d51fb elementor-widget elementor-widget-image-box\" data-id=\"47d51fb\" data-element_type=\"widget\" data-widget_type=\"image-box.default\">\n\t\t\t\t<div class=\"elementor-widget-container\">\n\t\t\t<div class=\"elementor-image-box-wrapper\"><div class=\"elementor-image-box-content\"><h6 class=\"elementor-image-box-title\">Luiza Zancanaro Schumcaher <\/h6><p class=\"elementor-image-box-description\">Petiana<\/p><\/div><\/div>\t\t<\/div>\n\t\t\t\t<\/div>\n\t\t\t\t\t<\/div>\n\t\t<\/div>\n\t\t\t\t\t<\/div>\n\t\t<\/section>\n\t\t\t\t<section class=\"elementor-section elementor-top-section elementor-element elementor-element-c9f3c76 elementor-section-boxed elementor-section-height-default elementor-section-height-default\" data-id=\"c9f3c76\" data-element_type=\"section\">\n\t\t\t\t\t\t<div class=\"elementor-container elementor-column-gap-default\">\n\t\t\t\t\t<div class=\"elementor-column elementor-col-20 elementor-top-column elementor-element elementor-element-7324236\" data-id=\"7324236\" data-element_type=\"column\">\n\t\t\t<div class=\"elementor-widget-wrap elementor-element-populated\">\n\t\t\t\t\t\t<div class=\"elementor-element elementor-element-620d48a elementor-widget elementor-widget-image-box\" data-id=\"620d48a\" data-element_type=\"widget\" data-widget_type=\"image-box.default\">\n\t\t\t\t<div class=\"elementor-widget-container\">\n\t\t\t<div class=\"elementor-image-box-wrapper\"><div class=\"elementor-image-box-content\"><h6 class=\"elementor-image-box-title\">Matheus dos Santos Avozani<\/h6><p class=\"elementor-image-box-description\">Petiano<\/p><\/div><\/div>\t\t<\/div>\n\t\t\t\t<\/div>\n\t\t\t\t\t<\/div>\n\t\t<\/div>\n\t\t\t\t<div class=\"elementor-column elementor-col-20 elementor-top-column elementor-element elementor-element-910ccca\" data-id=\"910ccca\" data-element_type=\"column\">\n\t\t\t<div class=\"elementor-widget-wrap elementor-element-populated\">\n\t\t\t\t\t\t<div class=\"elementor-element elementor-element-3a26bb1 elementor-widget elementor-widget-image-box\" data-id=\"3a26bb1\" data-element_type=\"widget\" data-widget_type=\"image-box.default\">\n\t\t\t\t<div class=\"elementor-widget-container\">\n\t\t\t<div class=\"elementor-image-box-wrapper\"><div class=\"elementor-image-box-content\"><h6 class=\"elementor-image-box-title\">Ot\u00e1vio Skrebsky<\/h6><p class=\"elementor-image-box-description\">Petiano<\/p><\/div><\/div>\t\t<\/div>\n\t\t\t\t<\/div>\n\t\t\t\t\t<\/div>\n\t\t<\/div>\n\t\t\t\t<div class=\"elementor-column elementor-col-20 elementor-top-column elementor-element elementor-element-5b2d957\" data-id=\"5b2d957\" data-element_type=\"column\">\n\t\t\t<div class=\"elementor-widget-wrap\">\n\t\t\t\t\t\t\t<\/div>\n\t\t<\/div>\n\t\t\t\t<div class=\"elementor-column elementor-col-20 elementor-top-column elementor-element elementor-element-a45d725\" data-id=\"a45d725\" data-element_type=\"column\">\n\t\t\t<div class=\"elementor-widget-wrap elementor-element-populated\">\n\t\t\t\t\t\t<div class=\"elementor-element elementor-element-e804037 elementor-widget elementor-widget-image-box\" data-id=\"e804037\" data-element_type=\"widget\" data-widget_type=\"image-box.default\">\n\t\t\t\t<div class=\"elementor-widget-container\">\n\t\t\t<div class=\"elementor-image-box-wrapper\"><div class=\"elementor-image-box-content\"><h6 class=\"elementor-image-box-title\">Ra\u00edssa Salvadori Reckziegel<\/h6><p class=\"elementor-image-box-description\">Petiana<\/p><\/div><\/div>\t\t<\/div>\n\t\t\t\t<\/div>\n\t\t\t\t\t<\/div>\n\t\t<\/div>\n\t\t\t\t<div class=\"elementor-column elementor-col-20 elementor-top-column elementor-element elementor-element-7e61d1a\" data-id=\"7e61d1a\" data-element_type=\"column\">\n\t\t\t<div class=\"elementor-widget-wrap elementor-element-populated\">\n\t\t\t\t\t\t<div class=\"elementor-element elementor-element-fe922ce elementor-widget elementor-widget-image-box\" data-id=\"fe922ce\" data-element_type=\"widget\" data-widget_type=\"image-box.default\">\n\t\t\t\t<div class=\"elementor-widget-container\">\n\t\t\t<div class=\"elementor-image-box-wrapper\"><div class=\"elementor-image-box-content\"><h6 class=\"elementor-image-box-title\">S\u00e9rgio Lima de Souza J\u00fanior<\/h6><p class=\"elementor-image-box-description\">Petiano<\/p><\/div><\/div>\t\t<\/div>\n\t\t\t\t<\/div>\n\t\t\t\t\t<\/div>\n\t\t<\/div>\n\t\t\t\t\t<\/div>\n\t\t<\/section>\n\t\t\t\t<section class=\"elementor-section elementor-top-section elementor-element elementor-element-121b68f elementor-section-boxed elementor-section-height-default elementor-section-height-default\" data-id=\"121b68f\" data-element_type=\"section\">\n\t\t\t\t\t\t<div class=\"elementor-container elementor-column-gap-default\">\n\t\t\t\t\t<div class=\"elementor-column elementor-col-100 elementor-top-column elementor-element elementor-element-16c643d\" data-id=\"16c643d\" data-element_type=\"column\">\n\t\t\t<div class=\"elementor-widget-wrap elementor-element-populated\">\n\t\t\t\t\t\t\t<\/div>\n\t\t<\/div>\n\t\t\t\t\t<\/div>\n\t\t<\/section>\n\t\t\t\t<section class=\"elementor-section elementor-top-section elementor-element elementor-element-5659e89 elementor-section-boxed elementor-section-height-default elementor-section-height-default\" data-id=\"5659e89\" data-element_type=\"section\">\n\t\t\t\t\t\t<div class=\"elementor-container elementor-column-gap-default\">\n\t\t\t\t\t<div class=\"elementor-column elementor-col-100 elementor-top-column elementor-element elementor-element-951c7c1\" data-id=\"951c7c1\" data-element_type=\"column\">\n\t\t\t<div class=\"elementor-widget-wrap\">\n\t\t\t\t\t\t\t<\/div>\n\t\t<\/div>\n\t\t\t\t\t<\/div>\n\t\t<\/section>\n\t\t\t\t<section class=\"elementor-section elementor-top-section elementor-element elementor-element-3270f17 elementor-section-boxed elementor-section-height-default elementor-section-height-default\" data-id=\"3270f17\" data-element_type=\"section\">\n\t\t\t\t\t\t<div class=\"elementor-container elementor-column-gap-default\">\n\t\t\t\t\t<div class=\"elementor-column elementor-col-100 elementor-top-column elementor-element elementor-element-f350474\" data-id=\"f350474\" data-element_type=\"column\">\n\t\t\t<div class=\"elementor-widget-wrap\">\n\t\t\t\t\t\t\t<\/div>\n\t\t<\/div>\n\t\t\t\t\t<\/div>\n\t\t<\/section>\n\t\t\t\t<\/div>\n\t\t","protected":false},"excerpt":{"rendered":"<p>F\u00e1bio Joel Kochem Mallmann Tutor PET Amanda Guzzo Marim Petiana Eduarda M\u00fcller Petiana Elisa Franchin Parcianello Petiana Isabel Soares Guizzi Petiana Joana Vieira Rollwagen Petiana Jo\u00e3o Francisco Fornari Viana Petiano Kau\u00ea da Cunha Beier Petiano L\u00edvia Amaral Koakoski Petiana Lucia da Silva Bica Petiana Luiza Zancanaro Schumcaher Petiana Matheus dos Santos Avozani Petiano Ot\u00e1vio Skrebsky [&hellip;]<\/p>\n","protected":false},"author":124,"featured_media":0,"parent":0,"menu_order":0,"comment_status":"closed","ping_status":"closed","template":"","meta":{"footnotes":""},"categories":[],"tags":[],"class_list":["post-23","page","type-page","status-publish","hentry"],"acf":[],"_links":{"self":[{"href":"https:\/\/www.ufsm.br\/pet\/agronomia\/wp-json\/wp\/v2\/pages\/23","targetHints":{"allow":["GET"]}}],"collection":[{"href":"https:\/\/www.ufsm.br\/pet\/agronomia\/wp-json\/wp\/v2\/pages"}],"about":[{"href":"https:\/\/www.ufsm.br\/pet\/agronomia\/wp-json\/wp\/v2\/types\/page"}],"author":[{"embeddable":true,"href":"https:\/\/www.ufsm.br\/pet\/agronomia\/wp-json\/wp\/v2\/users\/124"}],"replies":[{"embeddable":true,"href":"https:\/\/www.ufsm.br\/pet\/agronomia\/wp-json\/wp\/v2\/comments?post=23"}],"version-history":[{"count":0,"href":"https:\/\/www.ufsm.br\/pet\/agronomia\/wp-json\/wp\/v2\/pages\/23\/revisions"}],"wp:attachment":[{"href":"https:\/\/www.ufsm.br\/pet\/agronomia\/wp-json\/wp\/v2\/media?parent=23"}],"wp:term":[{"taxonomy":"category","embeddable":true,"href":"https:\/\/www.ufsm.br\/pet\/agronomia\/wp-json\/wp\/v2\/categories?post=23"},{"taxonomy":"post_tag","embeddable":true,"href":"https:\/\/www.ufsm.br\/pet\/agronomia\/wp-json\/wp\/v2\/tags?post=23"}],"curies":[{"name":"wp","href":"https:\/\/api.w.org\/{rel}","templated":true}]}}