{"id":90,"date":"2020-01-23T10:05:40","date_gmt":"2020-01-23T13:05:40","guid":{"rendered":"https:\/\/www.ufsm.br\/pro-reitorias\/prograd\/pet\/agronomia\/?page_id=90"},"modified":"2020-01-23T10:05:43","modified_gmt":"2020-01-23T13:05:43","slug":"sites-informativos","status":"publish","type":"page","link":"https:\/\/www.ufsm.br\/pet\/agronomia\/sites-informativos","title":{"rendered":"Sites Informativos"},"content":{"rendered":"\n<div class=\"item-page\">\n<div>\n<ul>\n<li>Agrolink<br \/><strong><a href=\"https:\/\/www.agrolink.com.br\/\" target=\"_blank\" rel=\"noopener noreferrer\"><button class=\"btn btn-default tipo1\" type=\"button\">ACESSE O SITE\u00a0<\/button><\/a><\/strong><\/li>\n<\/ul>\n<p>\u00a0<\/p>\n<ul>\n<li>Mais Soja<br \/><strong><a href=\"http:\/\/maissoja.com.br\/\" target=\"_blank\" rel=\"noopener noreferrer\"><button class=\"btn btn-default tipo1\" type=\"button\">ACESSE O SITE<\/button><\/a><\/strong><\/li>\n<\/ul>\n<p>\u00a0<\/p>\n<ul>\n<li>Successfull Farming<br \/><strong><a href=\"http:\/\/sfagro.uol.com.br\/\" target=\"_blank\" rel=\"noopener noreferrer\"><button class=\"btn btn-default tipo1\" type=\"button\">ACESSE O SITE<\/button><\/a><\/strong><\/li>\n<\/ul>\n<p>\u00a0<\/p>\n<ul>\n<li>Globo Rural<br \/><a href=\"http:\/\/revistagloborural.globo.com\/noticia\/plantao.html\" target=\"_blank\" rel=\"noopener noreferrer\"><strong><button class=\"btn btn-default tipo1\" type=\"button\">ACESSE O SITE\u00a0<\/button><\/strong><\/a><\/li>\n<\/ul>\n<p>\u00a0<\/p>\n<ul>\n<li>Comit\u00ea Estrat\u00e9gico Soja Brasil- CESB<br \/><a href=\"http:\/\/www.cesbrasil.org.br\/\" target=\"_blank\" rel=\"noopener noreferrer\"><strong><button class=\"btn btn-default tipo1\" type=\"button\">ACESSE O SITE<\/button><\/strong><\/a><\/li>\n<\/ul>\n<p>\u00a0<\/p>\n<ul>\n<li>Comit\u00ea Brasileiro de A\u00e7\u00e3o \u00e0 Resist\u00eancia de Inseticidas &#8211; IRAC-BR<br \/><a href=\"http:\/\/www.irac-br.org.br\/\" target=\"_blank\" rel=\"noopener noreferrer\"><strong><button class=\"btn btn-default tipo1\" type=\"button\">ACESSE O SITE\u00a0<\/button><\/strong><\/a><\/li>\n<\/ul>\n<p>\u00a0<\/p>\n<ul>\n<li>Sociedade Nacional de Agricultura<br \/><a href=\"http:\/\/sna.agr.br\/\" target=\"_blank\" rel=\"noopener noreferrer\"><strong><button class=\"btn btn-default tipo1\" type=\"button\">ACESSE O SITE\u00a0<\/button><\/strong><\/a><\/li>\n<\/ul>\n<p>\u00a0<\/p>\n<ul>\n<li>Ag\u00eancia Brasil Economia<br \/><a href=\"http:\/\/agenciabrasil.ebc.com.br\/economia\" target=\"_blank\" rel=\"noopener noreferrer\"><strong><button class=\"btn btn-default tipo1\" type=\"button\">ACESSE O SITE\u00a0<\/button><\/strong><\/a><\/li>\n<\/ul>\n<p>\u00a0<\/p>\n<ul>\n<li>Portal do Agroneg\u00f3cio<br \/><a href=\"http:\/\/www.portaldoagronegocio.com.br\/home\" target=\"_blank\" rel=\"noopener noreferrer\"><strong><button class=\"btn btn-default tipo1\" type=\"button\">ACESSE O SITE\u00a0<\/button><\/strong><\/a><\/li>\n<\/ul>\n<p>\u00a0<\/p>\n<ul>\n<li>Funda\u00e7\u00e3o de Economia e Estat\u00edstica- RS<br \/><strong><a href=\"http:\/\/www.fee.rs.gov.br\/\" target=\"_blank\" rel=\"noopener noreferrer\"><button class=\"btn btn-default tipo1\" type=\"button\">ACESSE O SITE\u00a0<\/button><\/a><\/strong><\/li>\n<\/ul>\n<p>\u00a0<\/p>\n<ul>\n<li>Emater (Cota\u00e7\u00f5es e Informativo conjuntural)<br \/><a href=\"http:\/\/www.emater.tche.br\/site\/servicos\/informacoes-agropecuarias.php#precos\" target=\"_blank\" rel=\"noopener noreferrer\"><strong><button class=\"btn btn-default tipo1\" type=\"button\">ACESSE O SITE\u00a0<\/button><\/strong><\/a><\/li>\n<\/ul>\n<p>\u00a0<\/p>\n<ul>\n<li>Emater<br \/><a href=\"http:\/\/www.emater.tche.br\/site\/\" target=\"_blank\" rel=\"noopener noreferrer\"><strong><button class=\"btn btn-default tipo1\" type=\"button\">ACESSE O SITE\u00a0<\/button><\/strong><\/a><\/li>\n<\/ul>\n<p>\u00a0<\/p>\n<ul>\n<li>Centro de Estudos Avan\u00e7ados em Economia Aplicada &#8211; ESALQ\/USP<br \/><a href=\"http:\/\/www.cepea.esalq.usp.br\/\" target=\"_blank\" rel=\"noopener noreferrer\"><strong><button class=\"btn btn-default tipo1\" type=\"button\">ACESSE O SITE\u00a0<\/button><\/strong><\/a><\/li>\n<\/ul>\n<p>\u00a0<\/p>\n<ul>\n<li>BM&amp;fBOVESPA<br \/><a href=\"http:\/\/www.bmfbovespa.com.br\/pt_br\/\" target=\"_blank\" rel=\"noopener noreferrer\"><strong><button class=\"btn btn-default tipo1\" type=\"button\">ACESSE O SITE\u00a0<\/button><\/strong><\/a><\/li>\n<\/ul>\n<p>\u00a0<\/p>\n<ul>\n<li>CONAB<br \/><a href=\"http:\/\/www.conab.gov.br\/\" target=\"_blank\" rel=\"noopener noreferrer\"><strong><button class=\"btn btn-default tipo1\" type=\"button\">ACESSE O SITE\u00a0<\/button><\/strong><\/a><\/li>\n<\/ul>\n<p>\u00a0<\/p>\n<ul>\n<li>Safras &amp; Mercado<br \/><a href=\"http:\/\/www.safras.com.br\/\" target=\"_blank\" rel=\"noopener noreferrer\"><strong><button class=\"btn btn-default tipo1\" type=\"button\">ACESSE O SITE\u00a0<\/button><\/strong><\/a><\/li>\n<\/ul>\n<p>\u00a0<\/p>\n<ul>\n<li>Cana Online<br \/><a href=\"http:\/\/www.canaonline.com.br\/index.html\" target=\"_blank\" rel=\"noopener noreferrer\"><strong><button class=\"btn btn-default tipo1\" type=\"button\">ACESSE O SITE\u00a0<\/button><\/strong><\/a><\/li>\n<\/ul>\n<p>\u00a0<\/p>\n<ul>\n<li>Defesa Vegetal .net<br \/><a href=\"http:\/\/www.defesavegetal.net\/\" target=\"_blank\" rel=\"noopener noreferrer\"><strong><button class=\"btn btn-default tipo1\" type=\"button\">ACESSE O SITE\u00a0<\/button><\/strong><\/a><\/li>\n<\/ul>\n<p>\u00a0<\/p>\n<ul>\n<li>Jornal Dia de Campo<br \/><a href=\"http:\/\/www.diadecampo.com.br\/zpublisher\/secoes\/Newsletter.asp\" target=\"_blank\" rel=\"noopener noreferrer\"><strong><button class=\"btn btn-default tipo1\" type=\"button\">ACESSE O SITE\u00a0<\/button><\/strong><\/a><\/li>\n<\/ul>\n<p>\u00a0<\/p>\n<ul>\n<li>Federa\u00e7\u00e3o da Agricultura do Estado do Rio Grande do Sul- FARSUL<br \/><a href=\"http:\/\/www.farsul.org.br\/index.php\" target=\"_blank\" rel=\"noopener noreferrer\"><strong><button class=\"btn btn-default tipo1\" type=\"button\">ACESSE O SITE\u00a0<\/button><\/strong><\/a><\/li>\n<\/ul>\n<p>\u00a0<\/p>\n<ul>\n<li>Empresa de Pesquisa Agropecu\u00e1ria e Extens\u00e3o Rural de Santa Catarina- EPAGRI<br \/><a href=\"http:\/\/www.epagri.sc.gov.br\/\" target=\"_blank\" rel=\"noopener noreferrer\"><strong><button class=\"btn btn-default tipo1\" type=\"button\">ACESSE O SITE\u00a0<\/button><\/strong><\/a><\/li>\n<\/ul>\n<p>\u00a0<\/p>\n<ul>\n<li>Cultivar not\u00edcias<br \/><a href=\"http:\/\/www.grupocultivar.com.br\/noticias\" target=\"_blank\" rel=\"noopener noreferrer\"><strong><button class=\"btn btn-default tipo1\" type=\"button\">ACESSE O SITE\u00a0<\/button><\/strong><\/a><\/li>\n<\/ul>\n<p>\u00a0<\/p>\n<ul>\n<li>Revista Agropecu\u00e1ria<br \/><a href=\"http:\/\/www.revistaagropecuaria.com.br\/\" target=\"_blank\" rel=\"noopener noreferrer\"><strong><button class=\"btn btn-default tipo1\" type=\"button\">ACESSE O SITE\u00a0<\/button><\/strong><\/a><\/li>\n<\/ul>\n<p>\u00a0<\/p>\n<ul>\n<li>Funda\u00e7\u00e3o MS<br \/><a href=\"http:\/\/www.fundacaoms.org.br\/\" target=\"_blank\" rel=\"noopener noreferrer\"><strong><button class=\"btn btn-default tipo1\" type=\"button\">ACESSE O SITE\u00a0<\/button><\/strong><\/a><\/li>\n<\/ul>\n<p>\u00a0<\/p>\n<ul>\n<li>FAMA SUL<br \/><a href=\"http:\/\/famasul.com.br\/\" target=\"_blank\" rel=\"noopener noreferrer\"><strong><button class=\"btn btn-default tipo1\" type=\"button\">ACESSE O SITE\u00a0<\/button><\/strong><\/a><\/li>\n<\/ul>\n<p>\u00a0<\/p>\n<ul>\n<li>Boletim Agropecu\u00e1rio de Economia Rural- EPAGRI<br \/><strong><a href=\"http:\/\/www.epagri.sc.gov.br\/?page_id=14721\" target=\"_blank\" rel=\"noopener noreferrer\"><button class=\"btn btn-default tipo1\" type=\"button\">ACESSE O SITE\u00a0<\/button><\/a><\/strong><\/li>\n<\/ul>\n<p>\u00a0<\/p>\n<ul>\n<li>Direito Agr\u00e1rio.com<br \/><strong><a href=\"http:\/\/direitoagrario.com\/\" target=\"_blank\" rel=\"noopener noreferrer\"><button class=\"btn btn-default tipo1\" type=\"button\">ACESSE O SITE<\/button><\/a><\/strong><\/li>\n<\/ul>\n<p>\u00a0<\/p>\n<ul>\n<li>SCOT- Consultoria<br \/><strong><a href=\"https:\/\/www.scotconsultoria.com.br\/?ref=mnp\" target=\"_blank\" rel=\"noopener noreferrer\"><button class=\"btn btn-default tipo1\" type=\"button\">ACESSE O SITE\u00a0<\/button><\/a><\/strong><\/li>\n<\/ul>\n<\/div>\n<\/div>\n","protected":false},"excerpt":{"rendered":"<p>AgrolinkACESSE O SITE\u00a0 \u00a0 Mais SojaACESSE O SITE \u00a0 Successfull FarmingACESSE O SITE \u00a0 Globo RuralACESSE O SITE\u00a0 \u00a0 Comit\u00ea Estrat\u00e9gico Soja Brasil- CESBACESSE O SITE \u00a0 Comit\u00ea Brasileiro de A\u00e7\u00e3o \u00e0 Resist\u00eancia de Inseticidas &#8211; IRAC-BRACESSE O SITE\u00a0 \u00a0 Sociedade Nacional de AgriculturaACESSE O SITE\u00a0 \u00a0 Ag\u00eancia Brasil EconomiaACESSE O SITE\u00a0 \u00a0 Portal do [&hellip;]<\/p>\n","protected":false},"author":2223,"featured_media":0,"parent":0,"menu_order":0,"comment_status":"closed","ping_status":"closed","template":"","meta":{"footnotes":""},"categories":[],"tags":[],"class_list":["post-90","page","type-page","status-publish","hentry"],"acf":[],"_links":{"self":[{"href":"https:\/\/www.ufsm.br\/pet\/agronomia\/wp-json\/wp\/v2\/pages\/90","targetHints":{"allow":["GET"]}}],"collection":[{"href":"https:\/\/www.ufsm.br\/pet\/agronomia\/wp-json\/wp\/v2\/pages"}],"about":[{"href":"https:\/\/www.ufsm.br\/pet\/agronomia\/wp-json\/wp\/v2\/types\/page"}],"author":[{"embeddable":true,"href":"https:\/\/www.ufsm.br\/pet\/agronomia\/wp-json\/wp\/v2\/users\/2223"}],"replies":[{"embeddable":true,"href":"https:\/\/www.ufsm.br\/pet\/agronomia\/wp-json\/wp\/v2\/comments?post=90"}],"version-history":[{"count":0,"href":"https:\/\/www.ufsm.br\/pet\/agronomia\/wp-json\/wp\/v2\/pages\/90\/revisions"}],"wp:attachment":[{"href":"https:\/\/www.ufsm.br\/pet\/agronomia\/wp-json\/wp\/v2\/media?parent=90"}],"wp:term":[{"taxonomy":"category","embeddable":true,"href":"https:\/\/www.ufsm.br\/pet\/agronomia\/wp-json\/wp\/v2\/categories?post=90"},{"taxonomy":"post_tag","embeddable":true,"href":"https:\/\/www.ufsm.br\/pet\/agronomia\/wp-json\/wp\/v2\/tags?post=90"}],"curies":[{"name":"wp","href":"https:\/\/api.w.org\/{rel}","templated":true}]}}