{"id":43,"date":"2020-01-07T10:36:12","date_gmt":"2020-01-07T13:36:12","guid":{"rendered":"https:\/\/www.ufsm.br\/pro-reitorias\/prograd\/pet\/biologia\/?page_id=43"},"modified":"2020-01-30T10:21:29","modified_gmt":"2020-01-30T13:21:29","slug":"atividades","status":"publish","type":"page","link":"https:\/\/www.ufsm.br\/pet\/biologia\/atividades","title":{"rendered":"Atividades"},"content":{"rendered":"\t\t<div data-elementor-type=\"wp-page\" data-elementor-id=\"43\" class=\"elementor elementor-43\">\n\t\t\t\t\t\t<section class=\"elementor-section elementor-top-section elementor-element elementor-element-09854c7 elementor-section-boxed elementor-section-height-default elementor-section-height-default\" data-id=\"09854c7\" data-element_type=\"section\">\n\t\t\t\t\t\t<div class=\"elementor-container elementor-column-gap-default\">\n\t\t\t\t\t<div class=\"elementor-column elementor-col-100 elementor-top-column elementor-element elementor-element-33e68c9\" data-id=\"33e68c9\" data-element_type=\"column\">\n\t\t\t<div class=\"elementor-widget-wrap elementor-element-populated\">\n\t\t\t\t\t\t<div class=\"elementor-element elementor-element-abdb952 elementor-widget elementor-widget-toggle\" data-id=\"abdb952\" data-element_type=\"widget\" data-widget_type=\"toggle.default\">\n\t\t\t\t<div class=\"elementor-widget-container\">\n\t\t\t\t\t<div class=\"elementor-toggle\">\n\t\t\t\t\t\t\t<div class=\"elementor-toggle-item\">\n\t\t\t\t\t<div id=\"elementor-tab-title-1801\" class=\"elementor-tab-title\" data-tab=\"1\" role=\"button\" aria-controls=\"elementor-tab-content-1801\" aria-expanded=\"false\">\n\t\t\t\t\t\t\t\t\t\t\t\t<span class=\"elementor-toggle-icon elementor-toggle-icon-left\" aria-hidden=\"true\">\n\t\t\t\t\t\t\t\t\t\t\t\t\t\t\t<span class=\"elementor-toggle-icon-closed\"><i class=\"fas fa-caret-right\"><\/i><\/span>\n\t\t\t\t\t\t\t\t<span class=\"elementor-toggle-icon-opened\"><i class=\"elementor-toggle-icon-opened fas fa-caret-up\"><\/i><\/span>\n\t\t\t\t\t\t\t\t\t\t\t\t\t<\/span>\n\t\t\t\t\t\t\t\t\t\t\t\t<a class=\"elementor-toggle-title\" tabindex=\"0\">Ensino<\/a>\n\t\t\t\t\t<\/div>\n\n\t\t\t\t\t<div id=\"elementor-tab-content-1801\" class=\"elementor-tab-content elementor-clearfix\" data-tab=\"1\" role=\"region\" aria-labelledby=\"elementor-tab-title-1801\"><div class=\"page-header\">\u00a0<\/div><div><p><strong>CONHECENDO A PROFISS\u00c3O<\/strong><\/p><p>No in\u00edcio do primeiro semestre de 2019 o PET Biologia ir\u00e1 proporcionar aos calouros do curso visitas aos laborat\u00f3rios em que eles podem estagiar. Com isso, os participantes poder\u00e3o conhecer melhor as \u00e1reas de atua\u00e7\u00e3o do bi\u00f3logo al\u00e9m de integr\u00e1-los com o curso.<\/p><p>BIOCICLOS<\/p><p>O PET Biologia oferecer\u00e1 palestras e minicursos durante o ano de 2019, com o intuito de aumentar o conhecimento adquirido pelos alunos do curso. Neste ano, a proposta \u00e9 apresentar uma atividade por m\u00eas, que seja de interesse dos graduandos, e que n\u00e3o \u00e9 abordada pela grade curricular atual, trazendo assim temas diversos a serem aprendidos e discutidos.<\/p><p><strong>SA\u00cdDA DE CAMPO<\/strong><\/p><p>Em 2017 e 2018, o PET Biologia realizou sa\u00eddas de campo para os alunos da gradua\u00e7\u00e3o que foram um grande sucesso. Este ano, repetiremos atividade no mesmo modelo, mas em outro local e com diferentes professores. A atividade tr\u00e1s a experi\u00eancia da sa\u00edda de campo em v\u00e1rias \u00e1reas de atua\u00e7\u00e3o do bi\u00f3logo, introduz a elabora\u00e7\u00e3o de projetos e execu\u00e7\u00e3o dos mesmos e tamb\u00e9m estimula o trabalho em equipe.<\/p><table style=\"border-collapse: collapse;width: 100%\"><tbody><tr><td style=\"width: 33.3333%\"><img fetchpriority=\"high\" decoding=\"async\" class=\"size-medium wp-image-87 aligncenter\" src=\"https:\/\/www.ufsm.br\/pro-reitorias\/prograd\/pet\/biologia\/wp-content\/uploads\/sites\/780\/2020\/01\/37139711_1166177356853759_641034503267024896_n-208x300.jpg\" alt=\"\" width=\"208\" height=\"300\" srcset=\"https:\/\/www.ufsm.br\/app\/uploads\/sites\/780\/2020\/01\/37139711_1166177356853759_641034503267024896_n-208x300.jpg 208w, https:\/\/www.ufsm.br\/app\/uploads\/sites\/780\/2020\/01\/37139711_1166177356853759_641034503267024896_n.jpg 664w\" sizes=\"(max-width: 208px) 100vw, 208px\" \/>\u00a0\u00a0<\/td><td style=\"width: 33.3333%\"><img decoding=\"async\" class=\"alignnone size-medium wp-image-85\" src=\"https:\/\/www.ufsm.br\/pro-reitorias\/prograd\/pet\/biologia\/wp-content\/uploads\/sites\/780\/2020\/01\/20180921_142251-300x169.jpg\" alt=\"\" width=\"300\" height=\"169\" srcset=\"https:\/\/www.ufsm.br\/app\/uploads\/sites\/780\/2020\/01\/20180921_142251-300x169.jpg 300w, https:\/\/www.ufsm.br\/app\/uploads\/sites\/780\/2020\/01\/20180921_142251-1024x576.jpg 1024w, https:\/\/www.ufsm.br\/app\/uploads\/sites\/780\/2020\/01\/20180921_142251-768x432.jpg 768w, https:\/\/www.ufsm.br\/app\/uploads\/sites\/780\/2020\/01\/20180921_142251-1536x864.jpg 1536w, https:\/\/www.ufsm.br\/app\/uploads\/sites\/780\/2020\/01\/20180921_142251.jpg 1920w\" sizes=\"(max-width: 300px) 100vw, 300px\" \/><\/td><td style=\"width: 33.3333%\"><img decoding=\"async\" class=\"size-medium wp-image-86 aligncenter\" src=\"https:\/\/www.ufsm.br\/pro-reitorias\/prograd\/pet\/biologia\/wp-content\/uploads\/sites\/780\/2020\/01\/IMG_20180921_144515161-300x225.jpg\" alt=\"\" width=\"300\" height=\"225\" srcset=\"https:\/\/www.ufsm.br\/app\/uploads\/sites\/780\/2020\/01\/IMG_20180921_144515161-300x225.jpg 300w, https:\/\/www.ufsm.br\/app\/uploads\/sites\/780\/2020\/01\/IMG_20180921_144515161-1024x768.jpg 1024w, https:\/\/www.ufsm.br\/app\/uploads\/sites\/780\/2020\/01\/IMG_20180921_144515161-768x576.jpg 768w, https:\/\/www.ufsm.br\/app\/uploads\/sites\/780\/2020\/01\/IMG_20180921_144515161-1536x1152.jpg 1536w, https:\/\/www.ufsm.br\/app\/uploads\/sites\/780\/2020\/01\/IMG_20180921_144515161.jpg 1920w\" sizes=\"(max-width: 300px) 100vw, 300px\" \/><\/td><\/tr><\/tbody><\/table><p><strong>M\u00caS DA DIVERSIDADE<\/strong><\/p><div>A diversidade refere-se ao conjunto variado e plural dos integrantes de\u00a0uma sociedade, em especial aqueles que n\u00e3o est\u00e3o inclusos no padr\u00e3o imposto por ela. \u00c9\u00a0sabido que o preconceito e a discrimina\u00e7\u00e3o ocorrem com\u00a0aqueles\u00a0que est\u00e3o\u00a0fora\u00a0dessa \u201cnorma\u201d, em aspectos como g\u00eanero, etnia, orienta\u00e7\u00e3o sexual, religi\u00e3o,\u00a0nacionalidade, classe social, est\u00e9tica, etc.\u00a0\u00a0Diante desse\u00a0cen\u00e1rio cresce a necessidade de espa\u00e7os para discutir essas tem\u00e1ticas. Dessa forma, o\u00a0grupo prop\u00f5e a presente atividade com a finalidade de obter um espa\u00e7o na Universidade em que se possa ampliar essa discuss\u00e3o.<\/div><div>\u00a0<\/div><div><strong>MINICURSO SOBRE MORCEGOS<\/strong><\/div><div>\u00a0<\/div><div>O grupo PET-Biologia\u00a0busca atrav\u00e9s de um minicurso t\u00e9orico\/pr\u00e1tico expandir o conhecimento dos alunos acerca dos animais da Ordem Chiroptera\u00a0(morcegos) que pertencem \u00e0 nossa regi\u00e3o, especificamente que vivem no campus da\u00a0UFSM.<\/div><div>\u00a0<\/div><div><strong>CULTIVAR<\/strong><\/div><div>\u00a0<\/div><div>Ensinamentos\u00a0pr\u00e1ticos sobre manejos de solos, condi\u00e7\u00f5es ideais para cultivo de plantas e manuten\u00e7\u00e3o\u00a0dos mesmos poucas vezes s\u00e3o abordados durante a gradua\u00e7\u00e3o. Tais conhecimentos s\u00e3o de suma import\u00e2ncia\u00a0para a forma\u00e7\u00e3o do bi\u00f3logo. Pensando nisso, o PET-Biologia proporcionar\u00e1 minicursos\u00a0relacionados ao tema no espa\u00e7o do Jardim Bot\u00e2nico.<\/div><\/div><\/div>\n\t\t\t\t<\/div>\n\t\t\t\t\t\t\t<div class=\"elementor-toggle-item\">\n\t\t\t\t\t<div id=\"elementor-tab-title-1802\" class=\"elementor-tab-title\" data-tab=\"2\" role=\"button\" aria-controls=\"elementor-tab-content-1802\" aria-expanded=\"false\">\n\t\t\t\t\t\t\t\t\t\t\t\t<span class=\"elementor-toggle-icon elementor-toggle-icon-left\" aria-hidden=\"true\">\n\t\t\t\t\t\t\t\t\t\t\t\t\t\t\t<span class=\"elementor-toggle-icon-closed\"><i class=\"fas fa-caret-right\"><\/i><\/span>\n\t\t\t\t\t\t\t\t<span class=\"elementor-toggle-icon-opened\"><i class=\"elementor-toggle-icon-opened fas fa-caret-up\"><\/i><\/span>\n\t\t\t\t\t\t\t\t\t\t\t\t\t<\/span>\n\t\t\t\t\t\t\t\t\t\t\t\t<a class=\"elementor-toggle-title\" tabindex=\"0\">Pesquisa<\/a>\n\t\t\t\t\t<\/div>\n\n\t\t\t\t\t<div id=\"elementor-tab-content-1802\" class=\"elementor-tab-content elementor-clearfix\" data-tab=\"2\" role=\"region\" aria-labelledby=\"elementor-tab-title-1802\"><p>\u00a0<strong>BI\u00d3LOGO: E AGORA ?<\/strong><\/p><p>A atividade proposta possui como objetivo proporcionar uma troca de experi\u00eancias entre egressos e estudantes, visando ampliar os horizontes de quem ainda est\u00e1 estudando e mostrar de uma forma mais pr\u00e1tica e real como \u00e9 a vida ap\u00f3s a faculdade. Tal atividade ser\u00e1 realizada por meio de v\u00eddeos feitos pelos egressos e sua divulga\u00e7\u00e3o vai ser na p\u00e1gina do Facebook do PET Biologia.<\/p><p>\u00a0<\/p><p><strong>SEMIN\u00c1RIOS PET E GRUPOS DE DISCUSS\u00c3O<\/strong><\/p><p>Com o objetivo de preparar os PETianos para a gradua\u00e7\u00e3o, p\u00f3s-gradua\u00e7\u00e3o e para dar aulas tamb\u00e9m, o grupo ir\u00e1 realizar semin\u00e1rios e grupos de discuss\u00e3o para estimular a orat\u00f3ria, a postura em p\u00fablico, o dom\u00ednio da fala e express\u00e3o e tamb\u00e9m aumentar o habito de leitura, ampliar o senso de responsabilidade e criar debates e reflex\u00f5es sobre os mais diversos temas.<\/p><p><strong>PANCs<\/strong><\/p><p>As plantas aliment\u00edcias n\u00e3o-convencionais (PANCs) s\u00e3o todas as esp\u00e9cies com\u00a0potencial aliment\u00edcio negligenciadas, as quais comp\u00f5em grande parte da flora nacional.\u00a0Durante os anos de 2016 a 2018 o grupo produziu e divulgou a cartilha \u201cPANCsda UFSM\u201d, constitu\u00edda pela lista das esp\u00e9cies, receitas com PANCs, informa\u00e7\u00f5es sobre\u00a0taxonomia, nomenclatura e coleta do campus sede. A partir desse trabalho, o PETBio ir\u00e1\u00a0tornar a cartilha \u201cPANCs da UFSM\u201d em um livro.<\/p><\/div>\n\t\t\t\t<\/div>\n\t\t\t\t\t\t\t<div class=\"elementor-toggle-item\">\n\t\t\t\t\t<div id=\"elementor-tab-title-1803\" class=\"elementor-tab-title\" data-tab=\"3\" role=\"button\" aria-controls=\"elementor-tab-content-1803\" aria-expanded=\"false\">\n\t\t\t\t\t\t\t\t\t\t\t\t<span class=\"elementor-toggle-icon elementor-toggle-icon-left\" aria-hidden=\"true\">\n\t\t\t\t\t\t\t\t\t\t\t\t\t\t\t<span class=\"elementor-toggle-icon-closed\"><i class=\"fas fa-caret-right\"><\/i><\/span>\n\t\t\t\t\t\t\t\t<span class=\"elementor-toggle-icon-opened\"><i class=\"elementor-toggle-icon-opened fas fa-caret-up\"><\/i><\/span>\n\t\t\t\t\t\t\t\t\t\t\t\t\t<\/span>\n\t\t\t\t\t\t\t\t\t\t\t\t<a class=\"elementor-toggle-title\" tabindex=\"0\">Extens\u00e3o<\/a>\n\t\t\t\t\t<\/div>\n\n\t\t\t\t\t<div id=\"elementor-tab-content-1803\" class=\"elementor-tab-content elementor-clearfix\" data-tab=\"3\" role=\"region\" aria-labelledby=\"elementor-tab-title-1803\"><p><strong>ATIVIDADES EM ESCOLAS<\/strong><\/p><p>O PET Biologia desenvolve atividades e palestras em escolas, destacando um tema principal em cada. As principais atividades que temos no momento s\u00e3o:<br \/>&#8211; Veneninhos: Mostramos aos alunos sobre os seres vivos que podem ser considerados venenosos (como plantas, fungos e animais), tamb\u00e9m os conscientizamos sobre os cuidados necess\u00e1rios em variadas situa\u00e7\u00f5es;<br \/>&#8211; Fant\u00e1stico mundo microsc\u00f3pico: Introduzir aos alunos conceitos sobre a microbiologia e sobre o mundo microsc\u00f3pico. Levamos lupas e microsc\u00f3pios para as escolas, assim como l\u00e2minas prontas de animais, plantas, algas, entre outros;<br \/>&#8211; Animais amea\u00e7ados: Falamos sobre a fauna de animais amea\u00e7ados do Rio Grande do Sul.<\/p><table style=\"border-collapse: collapse;width: 100%\"><tbody><tr><td style=\"width: 50%\"><img loading=\"lazy\" decoding=\"async\" class=\"size-medium wp-image-89 aligncenter\" src=\"https:\/\/www.ufsm.br\/pro-reitorias\/prograd\/pet\/biologia\/wp-content\/uploads\/sites\/780\/2020\/01\/20180906_145314-300x169.jpg\" alt=\"\" width=\"300\" height=\"169\" srcset=\"https:\/\/www.ufsm.br\/app\/uploads\/sites\/780\/2020\/01\/20180906_145314-300x169.jpg 300w, https:\/\/www.ufsm.br\/app\/uploads\/sites\/780\/2020\/01\/20180906_145314-1024x576.jpg 1024w, https:\/\/www.ufsm.br\/app\/uploads\/sites\/780\/2020\/01\/20180906_145314-768x432.jpg 768w, https:\/\/www.ufsm.br\/app\/uploads\/sites\/780\/2020\/01\/20180906_145314-1536x864.jpg 1536w, https:\/\/www.ufsm.br\/app\/uploads\/sites\/780\/2020\/01\/20180906_145314.jpg 1920w\" sizes=\"(max-width: 300px) 100vw, 300px\" \/><\/td><td style=\"width: 50%\"><img loading=\"lazy\" decoding=\"async\" class=\"size-medium wp-image-88 aligncenter\" src=\"https:\/\/www.ufsm.br\/pro-reitorias\/prograd\/pet\/biologia\/wp-content\/uploads\/sites\/780\/2020\/01\/20180906_162630-300x169.jpg\" alt=\"\" width=\"300\" height=\"169\" srcset=\"https:\/\/www.ufsm.br\/app\/uploads\/sites\/780\/2020\/01\/20180906_162630-300x169.jpg 300w, https:\/\/www.ufsm.br\/app\/uploads\/sites\/780\/2020\/01\/20180906_162630-1024x576.jpg 1024w, https:\/\/www.ufsm.br\/app\/uploads\/sites\/780\/2020\/01\/20180906_162630-768x432.jpg 768w, https:\/\/www.ufsm.br\/app\/uploads\/sites\/780\/2020\/01\/20180906_162630-1536x864.jpg 1536w, https:\/\/www.ufsm.br\/app\/uploads\/sites\/780\/2020\/01\/20180906_162630.jpg 1920w\" sizes=\"(max-width: 300px) 100vw, 300px\" \/><\/td><\/tr><\/tbody><\/table><p>\u00a0<\/p><p><strong>MODELOS DID\u00c1TICOS<\/strong><\/p><p>O PET biologia criar\u00e1 e ofertar\u00e1 modelos did\u00e1ticos para professores do curso e de fora dele com o objetivo de tornar as aulas mais atrativas e deixar os assuntos mais acess\u00edveis aos alunos e professores.<\/p><table style=\"border-collapse: collapse;width: 100%\"><tbody><tr><td style=\"width: 50%\"><img loading=\"lazy\" decoding=\"async\" class=\"size-medium wp-image-90 aligncenter\" src=\"https:\/\/www.ufsm.br\/pro-reitorias\/prograd\/pet\/biologia\/wp-content\/uploads\/sites\/780\/2020\/01\/I-225x300.jpg\" alt=\"\" width=\"225\" height=\"300\" srcset=\"https:\/\/www.ufsm.br\/app\/uploads\/sites\/780\/2020\/01\/I-225x300.jpg 225w, https:\/\/www.ufsm.br\/app\/uploads\/sites\/780\/2020\/01\/I.jpg 720w\" sizes=\"(max-width: 225px) 100vw, 225px\" \/><\/td><td style=\"width: 50%\"><img loading=\"lazy\" decoding=\"async\" class=\"alignnone size-medium wp-image-91 aligncenter\" src=\"https:\/\/www.ufsm.br\/pro-reitorias\/prograd\/pet\/biologia\/wp-content\/uploads\/sites\/780\/2020\/01\/G-1-300x169.jpg\" alt=\"\" width=\"300\" height=\"169\" srcset=\"https:\/\/www.ufsm.br\/app\/uploads\/sites\/780\/2020\/01\/G-1-300x169.jpg 300w, https:\/\/www.ufsm.br\/app\/uploads\/sites\/780\/2020\/01\/G-1-768x432.jpg 768w, https:\/\/www.ufsm.br\/app\/uploads\/sites\/780\/2020\/01\/G-1.jpg 960w\" sizes=\"(max-width: 300px) 100vw, 300px\" \/><\/td><\/tr><\/tbody><\/table><p>\u00a0<\/p><p><strong>BIO NA RUA<\/strong><\/p><p>O conhecimento ci\u00eantifico na \u00e1rea das ci\u00eancias biol\u00f3gicas \u00e9 imenso, e o aumento das pesquisas nas mais diversas \u00e1reas de especializa\u00e7\u00e3o mostra que ele tende a crescer. Embora este seja o cen\u00e1rio, a divulga\u00e7\u00e3o do conhecimento ci\u00eantifico geralmente se restringe apenas aos meios acad\u00eamicos e profissionais. Tendo isso em considera\u00e7\u00e3o, a presente atividade objetiva trazer esse conhecimento para fora do campus da UFSM, em uma interven\u00e7\u00e3o no centro de Santa Maria.\u00a0\u00a0<\/p><\/div>\n\t\t\t\t<\/div>\n\t\t\t\t\t\t\t\t<\/div>\n\t\t\t\t<\/div>\n\t\t\t\t<\/div>\n\t\t\t\t\t<\/div>\n\t\t<\/div>\n\t\t\t\t\t<\/div>\n\t\t<\/section>\n\t\t\t\t<\/div>\n\t\t","protected":false},"excerpt":{"rendered":"<p>Ensino \u00a0 CONHECENDO A PROFISS\u00c3O No in\u00edcio do primeiro semestre de 2019 o PET Biologia ir\u00e1 proporcionar aos calouros do curso visitas aos laborat\u00f3rios em que eles podem estagiar. Com isso, os participantes poder\u00e3o conhecer melhor as \u00e1reas de atua\u00e7\u00e3o do bi\u00f3logo al\u00e9m de integr\u00e1-los com o curso. BIOCICLOS O PET Biologia oferecer\u00e1 palestras e [&hellip;]<\/p>\n","protected":false},"author":2223,"featured_media":0,"parent":0,"menu_order":0,"comment_status":"closed","ping_status":"closed","template":"","meta":{"footnotes":""},"categories":[],"tags":[],"class_list":["post-43","page","type-page","status-publish","hentry"],"acf":[],"_links":{"self":[{"href":"https:\/\/www.ufsm.br\/pet\/biologia\/wp-json\/wp\/v2\/pages\/43","targetHints":{"allow":["GET"]}}],"collection":[{"href":"https:\/\/www.ufsm.br\/pet\/biologia\/wp-json\/wp\/v2\/pages"}],"about":[{"href":"https:\/\/www.ufsm.br\/pet\/biologia\/wp-json\/wp\/v2\/types\/page"}],"author":[{"embeddable":true,"href":"https:\/\/www.ufsm.br\/pet\/biologia\/wp-json\/wp\/v2\/users\/2223"}],"replies":[{"embeddable":true,"href":"https:\/\/www.ufsm.br\/pet\/biologia\/wp-json\/wp\/v2\/comments?post=43"}],"version-history":[{"count":0,"href":"https:\/\/www.ufsm.br\/pet\/biologia\/wp-json\/wp\/v2\/pages\/43\/revisions"}],"wp:attachment":[{"href":"https:\/\/www.ufsm.br\/pet\/biologia\/wp-json\/wp\/v2\/media?parent=43"}],"wp:term":[{"taxonomy":"category","embeddable":true,"href":"https:\/\/www.ufsm.br\/pet\/biologia\/wp-json\/wp\/v2\/categories?post=43"},{"taxonomy":"post_tag","embeddable":true,"href":"https:\/\/www.ufsm.br\/pet\/biologia\/wp-json\/wp\/v2\/tags?post=43"}],"curies":[{"name":"wp","href":"https:\/\/api.w.org\/{rel}","templated":true}]}}