{"id":503,"date":"2021-11-05T17:55:50","date_gmt":"2021-11-05T20:55:50","guid":{"rendered":"https:\/\/www.ufsm.br\/pet\/ciencia-da-computacao\/?page_id=503"},"modified":"2023-05-03T13:37:45","modified_gmt":"2023-05-03T16:37:45","slug":"alimentacao-lactea","status":"publish","type":"page","link":"https:\/\/www.ufsm.br\/pet\/ciencia-da-computacao\/alimentacao-lactea","title":{"rendered":""},"content":{"rendered":"\n<p>\u00a0\u00a0<\/p>\n\n\n<div class=\"wp-block-image\">\n<figure class=\"aligncenter size-large is-resized\"><img fetchpriority=\"high\" decoding=\"async\" src=\"https:\/\/www.ufsm.br\/app\/uploads\/sites\/786\/2022\/08\/SAN-FUNDO-CLARO-1024x444.jpg\" alt=\"\" class=\"wp-image-956\" width=\"1031\" height=\"447\" srcset=\"https:\/\/www.ufsm.br\/app\/uploads\/sites\/786\/2022\/08\/SAN-FUNDO-CLARO-1024x444.jpg 1024w, https:\/\/www.ufsm.br\/app\/uploads\/sites\/786\/2022\/08\/SAN-FUNDO-CLARO-300x130.jpg 300w, https:\/\/www.ufsm.br\/app\/uploads\/sites\/786\/2022\/08\/SAN-FUNDO-CLARO-768x333.jpg 768w, https:\/\/www.ufsm.br\/app\/uploads\/sites\/786\/2022\/08\/SAN-FUNDO-CLARO.jpg 1189w\" sizes=\"(max-width: 1031px) 100vw, 1031px\" \/><\/figure>\n<\/div>\n\n\n<p>   <br>  <\/p>\n\n\n\n<div class=\"wp-block-media-text alignwide is-stacked-on-mobile\" style=\"grid-template-columns:31% auto\"><figure class=\"wp-block-media-text__media\"><img decoding=\"async\" width=\"600\" height=\"600\" src=\"https:\/\/www.ufsm.br\/app\/uploads\/sites\/786\/2021\/11\/Imagem2192327.png\" alt=\"\" class=\"wp-image-516 size-full\" srcset=\"https:\/\/www.ufsm.br\/app\/uploads\/sites\/786\/2021\/11\/Imagem2192327.png 600w, https:\/\/www.ufsm.br\/app\/uploads\/sites\/786\/2021\/11\/Imagem2192327-300x300.png 300w, https:\/\/www.ufsm.br\/app\/uploads\/sites\/786\/2021\/11\/Imagem2192327-150x150.png 150w\" sizes=\"(max-width: 600px) 100vw, 600px\" \/><\/figure><div class=\"wp-block-media-text__content\">\n<p class=\"has-black-color has-text-color has-medium-font-size\">O nascimento de uma crian\u00e7a \u00e9 um momento de alegrias e amor, que tamb\u00e9m pode gerar d\u00favidas e medos.<\/p>\n\n\n\n<p class=\"has-black-color has-text-color has-medium-font-size\">Esta tecnologia \u00e9 para voc\u00ea que tem na fam\u00edlia uma crian\u00e7a que n\u00e3o \u00e9 amamentada.<\/p>\n\n\n\n<p class=\"has-black-color has-text-color has-medium-font-size\">Neste website, voc\u00ea poder\u00e1 acessar perguntas sobre tipos de leite e utens\u00edlios utilizados para o preparo e administra\u00e7\u00e3o do leite. O objetivo dessas perguntas \u00e9 orient\u00e1-lo, ent\u00e3o ser\u00e3o apresentadas dicas e cuidados importantes para a seguran\u00e7a alimentar e nutricional dessas crian\u00e7as.<\/p>\n\n\n\n<p class=\"has-black-color has-text-color has-medium-font-size\"><span style=\"font-weight: 400\">Para promover a seguran\u00e7a alimentar e nutricional, \u00e9 <\/span><span style=\"font-weight: 400\">importante que voc\u00ea e a sua fam\u00edlia recebam orienta\u00e7\u00f5es de como alimentar a crian\u00e7a.<\/span><\/p>\n<\/div><\/div>\n\n\n\n<div class=\"wp-block-media-text alignwide has-media-on-the-right is-stacked-on-mobile\" style=\"grid-template-columns:auto 31%\"><div class=\"wp-block-media-text__content\">\n<p class=\"has-medium-font-size\">Esta seguran\u00e7a significa:<\/p>\n\n\n\n<ul class=\"wp-block-list\">\n<li>Garantir que a crian\u00e7a receba os nutrientes que precisa.<\/li>\n\n\n\n<li>Que o preparo e a oferta do leite ou da f\u00f3rmula sejam realizados com os cuidados de higiene necess\u00e1rios.<\/li>\n<\/ul>\n\n\n\n<p class=\"has-medium-font-size\">Para evitar riscos de adoecimento na inf\u00e2ncia.<\/p>\n\n\n\n<p class=\"has-medium-font-size\">Para elaborar o conte\u00fado desta tecnologia, utilizamos (<a href=\"https:\/\/www.ufsm.br\/pet\/ciencia-da-computacao\/sobre-nos\/\">saiba mais sobre n\u00f3s<\/a>) resultados de pesquisas nacionais e internacionais e o <a href=\"http:\/\/189.28.128.100\/dab\/docs\/portaldab\/publicacoes\/guia_da_crianca_2019.pdf\"><strong>Guia alimentar para crian\u00e7as brasileiras menores de 2 anos<\/strong><\/a>. E tamb\u00e9m convidamos fam\u00edlias de crian\u00e7as menores de 6 meses e profissionais para contribu\u00edrem com suas experi\u00eancias neste assunto.<\/p>\n<\/div><figure class=\"wp-block-media-text__media\"><img decoding=\"async\" width=\"600\" height=\"600\" src=\"https:\/\/www.ufsm.br\/app\/uploads\/sites\/786\/2021\/11\/Imagem4-e9.png\" alt=\"\" class=\"wp-image-518 size-full\" srcset=\"https:\/\/www.ufsm.br\/app\/uploads\/sites\/786\/2021\/11\/Imagem4-e9.png 600w, https:\/\/www.ufsm.br\/app\/uploads\/sites\/786\/2021\/11\/Imagem4-e9-300x300.png 300w, https:\/\/www.ufsm.br\/app\/uploads\/sites\/786\/2021\/11\/Imagem4-e9-150x150.png 150w\" sizes=\"(max-width: 600px) 100vw, 600px\" \/><\/figure><\/div>\n\n\n\n<p>    <br>  <\/p>\n\n\n\n<div class=\"wp-block-media-text alignwide is-stacked-on-mobile\" style=\"grid-template-columns:31% auto\"><figure class=\"wp-block-media-text__media\"><img loading=\"lazy\" decoding=\"async\" width=\"600\" height=\"600\" src=\"https:\/\/www.ufsm.br\/app\/uploads\/sites\/786\/2021\/11\/Imagem3621.png\" alt=\"\" class=\"wp-image-517 size-full\" srcset=\"https:\/\/www.ufsm.br\/app\/uploads\/sites\/786\/2021\/11\/Imagem3621.png 600w, https:\/\/www.ufsm.br\/app\/uploads\/sites\/786\/2021\/11\/Imagem3621-300x300.png 300w, https:\/\/www.ufsm.br\/app\/uploads\/sites\/786\/2021\/11\/Imagem3621-150x150.png 150w\" sizes=\"(max-width: 600px) 100vw, 600px\" \/><\/figure><div class=\"wp-block-media-text__content\">\n<p class=\"has-medium-font-size\"><strong>ATEN\u00c7\u00c3O<\/strong>: \u00c9 importante estar atento se a crian\u00e7a est\u00e1 crescendo e se desenvolvendo bem.<\/p>\n\n\n\n<p class=\"has-medium-font-size\">Informa\u00e7\u00f5es de amigos, redes sociais e sites da internet podem estar incorretas ou desatualizadas.&nbsp;<\/p>\n\n\n\n<p class=\"has-medium-font-size\">Por isso, sempre que voc\u00ea tiver alguma d\u00favida, busque informa\u00e7\u00f5es em fontes seguras ou <strong>procure um profissional de sa\u00fade.<\/strong><\/p>\n\n\n\n<p class=\"has-medium-font-size\">Nas cadernetas constam alguns dados importantes que devem ser acompanhados pelos profissionais:<\/p>\n\n\n\n<ul class=\"wp-block-list\">\n<li><a href=\"https:\/\/bvsms.saude.gov.br\/bvs\/publicacoes\/caderneta_saude_crianca_menina_12ed.pdf\"><strong>Caderneta da crian\u00e7a (menina)<\/strong><\/a><\/li>\n\n\n\n<li><a href=\"https:\/\/bvsms.saude.gov.br\/bvs\/publicacoes\/caderneta_saude_crianca_menino.pdf\"><strong>Caderneta da crian\u00e7a (menino)<\/strong><\/a>&nbsp;<\/li>\n<\/ul>\n<\/div><\/div>\n\n\n\n<p>     <br>    <\/p>\n\n\n\n<h3 class=\"wp-block-heading\">Para quem esse material \u00e9 destinado?<\/h3>\n\n\n\n<p class=\"has-medium-font-size\">Esta tecnologia \u00e9 para a fam\u00edlia que necessita de informa\u00e7\u00f5es para alimentar uma crian\u00e7a que n\u00e3o pode ser amamentada.<\/p>\n\n\n\n<p class=\"has-medium-font-size\">Quando n\u00e3o \u00e9 recomendado a mulher amamentar?<\/p>\n\n\n\n<p class=\"has-medium-font-size\">S\u00e3o poucas as condi\u00e7\u00f5es em que se recomenda \u00e0 mulher n\u00e3o amamentar. Exemplos disso s\u00e3o m\u00e3es infectadas pelo HIV, HTLV 1 e 2 (v\u00edrus que comprometem as defesas do organismo) ou em uso de algum medicamento incompat\u00edvel com a amamenta\u00e7\u00e3o, por exemplo, no tratamento contra diversos tipos de c\u00e2ncer. M\u00e3es usu\u00e1rias regulares de \u00e1lcool ou drogas il\u00edcitas n\u00e3o devem amamentar enquanto estiverem fazendo uso dessas subst\u00e2ncias. Em casos de m\u00e3es com dist\u00farbios de consci\u00eancia ou comportamento grave, o caso deve ser avaliado separadamente.<\/p>\n\n\n\n<p class=\"has-medium-font-size\"><\/p>\n\n\n\n<p class=\"has-medium-font-size\"><strong>Convidamos voc\u00ea para aplicar essas orienta\u00e7\u00f5es no dia a dia de alimenta\u00e7\u00e3o da crian\u00e7a.<\/strong><\/p>\n\n\n\n<p class=\"has-medium-font-size\"><strong>Agora, vamos para as perguntas!<\/strong><\/p>\n\n\n\n<div class=\"wp-block-buttons is-horizontal is-content-justification-center is-layout-flex wp-container-core-buttons-is-layout-499968f5 wp-block-buttons-is-layout-flex\">\n<div class=\"wp-block-button\"><a class=\"wp-block-button__link wp-element-button\" href=\"https:\/\/www.ufsm.br\/pet\/ciencia-da-computacao\/sumario\">INICIAR PERGUNTAS<\/a><\/div>\n<\/div>\n\n\n\n<p><br> <\/p>\n\n\n<div class=\"wp-block-image\">\n<figure class=\"aligncenter size-full is-resized\"><img loading=\"lazy\" decoding=\"async\" src=\"https:\/\/www.ufsm.br\/app\/uploads\/sites\/786\/2023\/04\/cabecalho-12.jpg\" alt=\"\" class=\"wp-image-1283\" width=\"518\" height=\"99\" srcset=\"https:\/\/www.ufsm.br\/app\/uploads\/sites\/786\/2023\/04\/cabecalho-12.jpg 691w, https:\/\/www.ufsm.br\/app\/uploads\/sites\/786\/2023\/04\/cabecalho-12-300x57.jpg 300w\" sizes=\"(max-width: 518px) 100vw, 518px\" \/><\/figure>\n<\/div>\n\n\n<p class=\"has-text-align-right has-medium-font-size\"><a href=\"https:\/\/www.ufsm.br\/pet\/ciencia-da-computacao\/sumario\" data-type=\"URL\" data-id=\"https:\/\/www.ufsm.br\/pet\/ciencia-da-computacao\/sumario\">SUM\u00c1RIO<\/a><\/p>\n\n\n\n<div class=\"wp-block-group\"><div class=\"wp-block-group__inner-container is-layout-flow wp-block-group-is-layout-flow\"><\/div><\/div>\n","protected":false},"excerpt":{"rendered":"<p>\u00a0\u00a0 O nascimento de uma crian\u00e7a \u00e9 um momento de alegrias e amor, que tamb\u00e9m pode gerar d\u00favidas e medos. Esta tecnologia \u00e9 para voc\u00ea que tem na fam\u00edlia uma crian\u00e7a que n\u00e3o \u00e9 amamentada. Neste website, voc\u00ea poder\u00e1 acessar perguntas sobre tipos de leite e utens\u00edlios utilizados para o preparo e administra\u00e7\u00e3o do leite. [&hellip;]<\/p>\n","protected":false},"author":3072,"featured_media":0,"parent":0,"menu_order":0,"comment_status":"closed","ping_status":"closed","template":"","meta":{"footnotes":""},"categories":[57],"tags":[],"class_list":["post-503","page","type-page","status-publish","hentry","category-projeto-alimentacao-lactea"],"acf":[],"_links":{"self":[{"href":"https:\/\/www.ufsm.br\/pet\/ciencia-da-computacao\/wp-json\/wp\/v2\/pages\/503","targetHints":{"allow":["GET"]}}],"collection":[{"href":"https:\/\/www.ufsm.br\/pet\/ciencia-da-computacao\/wp-json\/wp\/v2\/pages"}],"about":[{"href":"https:\/\/www.ufsm.br\/pet\/ciencia-da-computacao\/wp-json\/wp\/v2\/types\/page"}],"author":[{"embeddable":true,"href":"https:\/\/www.ufsm.br\/pet\/ciencia-da-computacao\/wp-json\/wp\/v2\/users\/3072"}],"replies":[{"embeddable":true,"href":"https:\/\/www.ufsm.br\/pet\/ciencia-da-computacao\/wp-json\/wp\/v2\/comments?post=503"}],"version-history":[{"count":0,"href":"https:\/\/www.ufsm.br\/pet\/ciencia-da-computacao\/wp-json\/wp\/v2\/pages\/503\/revisions"}],"wp:attachment":[{"href":"https:\/\/www.ufsm.br\/pet\/ciencia-da-computacao\/wp-json\/wp\/v2\/media?parent=503"}],"wp:term":[{"taxonomy":"category","embeddable":true,"href":"https:\/\/www.ufsm.br\/pet\/ciencia-da-computacao\/wp-json\/wp\/v2\/categories?post=503"},{"taxonomy":"post_tag","embeddable":true,"href":"https:\/\/www.ufsm.br\/pet\/ciencia-da-computacao\/wp-json\/wp\/v2\/tags?post=503"}],"curies":[{"name":"wp","href":"https:\/\/api.w.org\/{rel}","templated":true}]}}

<p>  </p>


<div class="wp-block-image">
<figure class="aligncenter size-large is-resized"><img fetchpriority="high" decoding="async" src="https://www.ufsm.br/app/uploads/sites/786/2022/08/SAN-FUNDO-CLARO-1024x444.jpg" alt="" class="wp-image-956" width="1031" height="447" srcset="https://www.ufsm.br/app/uploads/sites/786/2022/08/SAN-FUNDO-CLARO-1024x444.jpg 1024w, https://www.ufsm.br/app/uploads/sites/786/2022/08/SAN-FUNDO-CLARO-300x130.jpg 300w, https://www.ufsm.br/app/uploads/sites/786/2022/08/SAN-FUNDO-CLARO-768x333.jpg 768w, https://www.ufsm.br/app/uploads/sites/786/2022/08/SAN-FUNDO-CLARO.jpg 1189w" sizes="(max-width: 1031px) 100vw, 1031px" /></figure>
</div>


<p>   <br>  </p>



<div class="wp-block-media-text alignwide is-stacked-on-mobile" style="grid-template-columns:31% auto"><figure class="wp-block-media-text__media"><img decoding="async" width="600" height="600" src="https://www.ufsm.br/app/uploads/sites/786/2021/11/Imagem2192327.png" alt="" class="wp-image-516 size-full" srcset="https://www.ufsm.br/app/uploads/sites/786/2021/11/Imagem2192327.png 600w, https://www.ufsm.br/app/uploads/sites/786/2021/11/Imagem2192327-300x300.png 300w, https://www.ufsm.br/app/uploads/sites/786/2021/11/Imagem2192327-150x150.png 150w" sizes="(max-width: 600px) 100vw, 600px" /></figure><div class="wp-block-media-text__content">
<p class="has-black-color has-text-color has-medium-font-size">O nascimento de uma criança é um momento de alegrias e amor, que também pode gerar dúvidas e medos.</p>



<p class="has-black-color has-text-color has-medium-font-size">Esta tecnologia é para você que tem na família uma criança que não é amamentada.</p>



<p class="has-black-color has-text-color has-medium-font-size">Neste website, você poderá acessar perguntas sobre tipos de leite e utensílios utilizados para o preparo e administração do leite. O objetivo dessas perguntas é orientá-lo, então serão apresentadas dicas e cuidados importantes para a segurança alimentar e nutricional dessas crianças.</p>



<p class="has-black-color has-text-color has-medium-font-size"><span style="font-weight: 400">Para promover a segurança alimentar e nutricional, é </span><span style="font-weight: 400">importante que você e a sua família recebam orientações de como alimentar a criança.</span></p>
</div></div>



<div class="wp-block-media-text alignwide has-media-on-the-right is-stacked-on-mobile" style="grid-template-columns:auto 31%"><div class="wp-block-media-text__content">
<p class="has-medium-font-size">Esta segurança significa:</p>



<ul class="wp-block-list">
<li>Garantir que a criança receba os nutrientes que precisa.</li>



<li>Que o preparo e a oferta do leite ou da fórmula sejam realizados com os cuidados de higiene necessários.</li>
</ul>



<p class="has-medium-font-size">Para evitar riscos de adoecimento na infância.</p>



<p class="has-medium-font-size">Para elaborar o conteúdo desta tecnologia, utilizamos (<a href="https://www.ufsm.br/pet/ciencia-da-computacao/sobre-nos/">saiba mais sobre nós</a>) resultados de pesquisas nacionais e internacionais e o <a href="http://189.28.128.100/dab/docs/portaldab/publicacoes/guia_da_crianca_2019.pdf"><strong>Guia alimentar para crianças brasileiras menores de 2 anos</strong></a>. E também convidamos famílias de crianças menores de 6 meses e profissionais para contribuírem com suas experiências neste assunto.</p>
</div><figure class="wp-block-media-text__media"><img decoding="async" width="600" height="600" src="https://www.ufsm.br/app/uploads/sites/786/2021/11/Imagem4-e9.png" alt="" class="wp-image-518 size-full" srcset="https://www.ufsm.br/app/uploads/sites/786/2021/11/Imagem4-e9.png 600w, https://www.ufsm.br/app/uploads/sites/786/2021/11/Imagem4-e9-300x300.png 300w, https://www.ufsm.br/app/uploads/sites/786/2021/11/Imagem4-e9-150x150.png 150w" sizes="(max-width: 600px) 100vw, 600px" /></figure></div>



<p>    <br>  </p>



<div class="wp-block-media-text alignwide is-stacked-on-mobile" style="grid-template-columns:31% auto"><figure class="wp-block-media-text__media"><img loading="lazy" decoding="async" width="600" height="600" src="https://www.ufsm.br/app/uploads/sites/786/2021/11/Imagem3621.png" alt="" class="wp-image-517 size-full" srcset="https://www.ufsm.br/app/uploads/sites/786/2021/11/Imagem3621.png 600w, https://www.ufsm.br/app/uploads/sites/786/2021/11/Imagem3621-300x300.png 300w, https://www.ufsm.br/app/uploads/sites/786/2021/11/Imagem3621-150x150.png 150w" sizes="(max-width: 600px) 100vw, 600px" /></figure><div class="wp-block-media-text__content">
<p class="has-medium-font-size"><strong>ATENÇÃO</strong>: É importante estar atento se a criança está crescendo e se desenvolvendo bem.</p>



<p class="has-medium-font-size">Informações de amigos, redes sociais e sites da internet podem estar incorretas ou desatualizadas.&nbsp;</p>



<p class="has-medium-font-size">Por isso, sempre que você tiver alguma dúvida, busque informações em fontes seguras ou <strong>procure um profissional de saúde.</strong></p>



<p class="has-medium-font-size">Nas cadernetas constam alguns dados importantes que devem ser acompanhados pelos profissionais:</p>



<ul class="wp-block-list">
<li><a href="https://bvsms.saude.gov.br/bvs/publicacoes/caderneta_saude_crianca_menina_12ed.pdf"><strong>Caderneta da criança (menina)</strong></a></li>



<li><a href="https://bvsms.saude.gov.br/bvs/publicacoes/caderneta_saude_crianca_menino.pdf"><strong>Caderneta da criança (menino)</strong></a>&nbsp;</li>
</ul>
</div></div>



<p>     <br>    </p>



<h3 class="wp-block-heading">Para quem esse material é destinado?</h3>



<p class="has-medium-font-size">Esta tecnologia é para a família que necessita de informações para alimentar uma criança que não pode ser amamentada.</p>



<p class="has-medium-font-size">Quando não é recomendado a mulher amamentar?</p>



<p class="has-medium-font-size">São poucas as condições em que se recomenda à mulher não amamentar. Exemplos disso são mães infectadas pelo HIV, HTLV 1 e 2 (vírus que comprometem as defesas do organismo) ou em uso de algum medicamento incompatível com a amamentação, por exemplo, no tratamento contra diversos tipos de câncer. Mães usuárias regulares de álcool ou drogas ilícitas não devem amamentar enquanto estiverem fazendo uso dessas substâncias. Em casos de mães com distúrbios de consciência ou comportamento grave, o caso deve ser avaliado separadamente.</p>



<p class="has-medium-font-size"></p>



<p class="has-medium-font-size"><strong>Convidamos você para aplicar essas orientações no dia a dia de alimentação da criança.</strong></p>



<p class="has-medium-font-size"><strong>Agora, vamos para as perguntas!</strong></p>



<div class="wp-block-buttons is-horizontal is-content-justification-center is-layout-flex wp-container-core-buttons-is-layout-499968f5 wp-block-buttons-is-layout-flex">
<div class="wp-block-button"><a class="wp-block-button__link wp-element-button" href="https://www.ufsm.br/pet/ciencia-da-computacao/sumario">INICIAR PERGUNTAS</a></div>
</div>



<p><br> </p>


<div class="wp-block-image">
<figure class="aligncenter size-full is-resized"><img loading="lazy" decoding="async" src="https://www.ufsm.br/app/uploads/sites/786/2023/04/cabecalho-12.jpg" alt="" class="wp-image-1283" width="518" height="99" srcset="https://www.ufsm.br/app/uploads/sites/786/2023/04/cabecalho-12.jpg 691w, https://www.ufsm.br/app/uploads/sites/786/2023/04/cabecalho-12-300x57.jpg 300w" sizes="(max-width: 518px) 100vw, 518px" /></figure>
</div>


<p class="has-text-align-right has-medium-font-size"><a href="https://www.ufsm.br/pet/ciencia-da-computacao/sumario" data-type="URL" data-id="https://www.ufsm.br/pet/ciencia-da-computacao/sumario">SUMÁRIO</a></p>



<div class="wp-block-group"><div class="wp-block-group__inner-container is-layout-flow wp-block-group-is-layout-flow"></div></div>

<p>   O nascimento de uma criança é um momento de alegrias e amor, que também pode gerar dúvidas e medos. Esta tecnologia é para você que tem na família uma criança que não é amamentada. Neste website, você poderá acessar perguntas sobre tipos de leite e utensílios utilizados para o preparo e administração do leite. [&hellip;]</p>
