{"id":987,"date":"2022-08-19T17:59:04","date_gmt":"2022-08-19T20:59:04","guid":{"rendered":"https:\/\/www.ufsm.br\/pet\/ciencia-da-computacao\/?page_id=987"},"modified":"2022-10-06T22:09:24","modified_gmt":"2022-10-07T01:09:24","slug":"diagnostico","status":"publish","type":"page","link":"https:\/\/www.ufsm.br\/pet\/ciencia-da-computacao\/diagnostico","title":{"rendered":"Diagn\u00f3stico"},"content":{"rendered":"\n<p>A <strong>confirma\u00e7\u00e3o diagn\u00f3stica<\/strong> de s\u00edfilis requer uma <strong>correla\u00e7\u00e3o<\/strong> entre dados cl\u00ednicos, resultados de exames e hist\u00f3rico de infec\u00e7\u00f5es\/tratamentos pr\u00e9vios e de exposi\u00e7\u00f5es de risco.<\/p>\n\n\n\n<p>Recomenda-se iniciar o rastreamento ou a investiga\u00e7\u00e3o diagn\u00f3stica para s\u00edfilis gestacional com o <strong>teste r\u00e1pido (TR)<\/strong>, que por ser trepon\u00eamico \u00e9 o primeiro a ficar reagente, devendo ser feito sempre na<strong> primeira consulta <\/strong>pr\u00e9-natal.<\/p>\n\n\n\n<hr class=\"wp-block-separator aligncenter has-text-color has-vivid-cyan-blue-color has-alpha-channel-opacity has-vivid-cyan-blue-background-color has-background is-style-dots\" \/>\n\n\n<div class=\"wp-block-image\">\n<figure class=\"alignleft size-full is-resized\"><img decoding=\"async\" src=\"https:\/\/www.ufsm.br\/app\/uploads\/sites\/786\/2022\/09\/atenc\u0327a\u0303o.jpg\" alt=\"\" class=\"wp-image-1071\" width=\"50\" height=\"50\" srcset=\"https:\/\/www.ufsm.br\/app\/uploads\/sites\/786\/2022\/09\/atenc\u0327a\u0303o.jpg 612w, https:\/\/www.ufsm.br\/app\/uploads\/sites\/786\/2022\/09\/atenc\u0327a\u0303o-300x300.jpg 300w, https:\/\/www.ufsm.br\/app\/uploads\/sites\/786\/2022\/09\/atenc\u0327a\u0303o-150x150.jpg 150w\" sizes=\"(max-width: 50px) 100vw, 50px\" \/><\/figure>\n<\/div>\n\n\n<p><em>Dado o atual cen\u00e1rio epidemiol\u00f3gico da s\u00edfilis no Brasil, recomenda-se o<strong> <a rel=\"noreferrer noopener\" href=\"http:\/\/ufsm.br\/pet\/ciencia-da-computacao\/tratamento\/\" target=\"_blank\">tratamento<\/a> imediato de gestantes<\/strong> <strong>ap\u00f3s somente um teste reagente para s\u00edfilis<\/strong> (trepon\u00eamico ou n\u00e3o trepon\u00eamico), <strong>independentemente da presen\u00e7a de sinais ou sintomas da doen\u00e7a<\/strong>.<\/em><\/p>\n\n\n\n<hr class=\"wp-block-separator aligncenter has-text-color has-vivid-cyan-blue-color has-alpha-channel-opacity has-vivid-cyan-blue-background-color has-background is-style-dots\" \/>\n\n\n<div class=\"wp-block-image\">\n<figure class=\"alignleft size-full is-resized\"><img decoding=\"async\" src=\"https:\/\/www.ufsm.br\/app\/uploads\/sites\/786\/2022\/09\/atenc\u0327a\u0303o.jpg\" alt=\"\" class=\"wp-image-1071\" width=\"50\" height=\"50\" srcset=\"https:\/\/www.ufsm.br\/app\/uploads\/sites\/786\/2022\/09\/atenc\u0327a\u0303o.jpg 612w, https:\/\/www.ufsm.br\/app\/uploads\/sites\/786\/2022\/09\/atenc\u0327a\u0303o-300x300.jpg 300w, https:\/\/www.ufsm.br\/app\/uploads\/sites\/786\/2022\/09\/atenc\u0327a\u0303o-150x150.jpg 150w\" sizes=\"(max-width: 50px) 100vw, 50px\" \/><\/figure>\n<\/div>\n\n\n<p><em>Havendo<strong> suspeita de s\u00edfilis prim\u00e1ria ou secund\u00e1ria <\/strong>em pessoas sintom\u00e1ticas<strong> e impossibilidade de realiza\u00e7\u00e3o de qualquer teste diagn\u00f3stico<\/strong>, recomenda-se <em><a rel=\"noreferrer noopener\" href=\"http:\/\/ufsm.br\/pet\/ciencia-da-computacao\/tratamento\/\" target=\"_blank\"><strong>tratamento<\/strong><\/a><\/em><strong><em><strong> <\/strong><\/em>emp\u00edrico imediato para s\u00edfilis recente<\/strong>, assim como para as parcerias sexuais.<\/em><\/p>\n\n\n\n<hr class=\"wp-block-separator aligncenter has-text-color has-vivid-cyan-blue-color has-alpha-channel-opacity has-vivid-cyan-blue-background-color has-background is-style-dots\" \/>\n\n\n<div class=\"wp-block-image\">\n<figure class=\"alignleft size-full is-resized\"><img decoding=\"async\" src=\"https:\/\/www.ufsm.br\/app\/uploads\/sites\/786\/2022\/09\/atenc\u0327a\u0303o.jpg\" alt=\"\" class=\"wp-image-1071\" width=\"50\" height=\"50\" srcset=\"https:\/\/www.ufsm.br\/app\/uploads\/sites\/786\/2022\/09\/atenc\u0327a\u0303o.jpg 612w, https:\/\/www.ufsm.br\/app\/uploads\/sites\/786\/2022\/09\/atenc\u0327a\u0303o-300x300.jpg 300w, https:\/\/www.ufsm.br\/app\/uploads\/sites\/786\/2022\/09\/atenc\u0327a\u0303o-150x150.jpg 150w\" sizes=\"(max-width: 50px) 100vw, 50px\" \/><\/figure>\n<\/div>\n\n\n<p><em>Em qualquer situa\u00e7\u00e3o (independentemente de haver ou n\u00e3o teste e do resultado deste), se gestante com presen\u00e7a de \u00falcera anogenital <strong>e\/ou<\/strong> se teve parceria sexual nos \u00faltimos 90 dias com diagn\u00f3stico de s\u00edfilis e n\u00e3o recebeu tratamento, <strong><a href=\"https:\/\/www.ufsm.br\/pet\/ciencia-da-computacao\/tratamento\/\" data-type=\"page\" data-id=\"989\" target=\"_blank\" rel=\"noreferrer noopener\">trate<\/a> para s\u00edfilis recente<\/strong> e notifique, e avalie e <a rel=\"noreferrer noopener\" href=\"http:\/\/ufsm.br\/pet\/ciencia-da-computacao\/tratamento\/\" target=\"_blank\"><strong>trate<\/strong><\/a> as parcerias sexuais dos \u00faltimos 3 meses.<\/em><\/p>\n\n\n\n<hr class=\"wp-block-separator aligncenter has-text-color has-vivid-cyan-blue-color has-alpha-channel-opacity has-vivid-cyan-blue-background-color has-background is-style-dots\" \/>\n\n\n<div class=\"wp-block-image is-style-rounded\">\n<figure class=\"alignleft size-full is-resized\"><img decoding=\"async\" src=\"https:\/\/www.ufsm.br\/app\/uploads\/sites\/786\/2022\/09\/Captura-de-Tela-2022-09-20-a\u0300s-23.10.31-3.jpg\" alt=\"\" class=\"wp-image-1085\" width=\"50\" height=\"50\" srcset=\"https:\/\/www.ufsm.br\/app\/uploads\/sites\/786\/2022\/09\/Captura-de-Tela-2022-09-20-a\u0300s-23.10.31-3.jpg 860w, https:\/\/www.ufsm.br\/app\/uploads\/sites\/786\/2022\/09\/Captura-de-Tela-2022-09-20-a\u0300s-23.10.31-3-300x300.jpg 300w, https:\/\/www.ufsm.br\/app\/uploads\/sites\/786\/2022\/09\/Captura-de-Tela-2022-09-20-a\u0300s-23.10.31-3-150x150.jpg 150w, https:\/\/www.ufsm.br\/app\/uploads\/sites\/786\/2022\/09\/Captura-de-Tela-2022-09-20-a\u0300s-23.10.31-3-768x767.jpg 768w\" sizes=\"(max-width: 50px) 100vw, 50px\" \/><\/figure>\n<\/div>\n\n\n<div class=\"wp-block-group is-vertical is-layout-flex wp-container-core-group-is-layout-8cf370e7 wp-block-group-is-layout-flex\">\n<p><em>\u00c9 recomendada a investiga\u00e7\u00e3o para s\u00edfilis em toda erup\u00e7\u00e3o cut\u00e2nea sem causa determinada<\/em>.<\/p>\n\n\n\n<p><em>O in\u00edcio do tratamento com apenas um teste reagente n\u00e3o exclui a necessidade da realiza\u00e7\u00e3o do segundo teste (melhor an\u00e1lise diagn\u00f3stica), do monitoramento laboratorial (controle de cura) e do tratamento das parcerias sexuais (interrup\u00e7\u00e3o da cadeia de transmiss\u00e3o).<\/em><\/p>\n<\/div>\n\n\n\n<hr class=\"wp-block-separator aligncenter has-text-color has-vivid-cyan-blue-color has-alpha-channel-opacity has-vivid-cyan-blue-background-color has-background is-style-dots\" \/>\n\n\n\n<h3 class=\"has-text-align-center has-text-color wp-block-heading\" style=\"color:#00649f;font-size:24px;font-style:normal;font-weight:700\">INTERPRETE O RESULTADO DO TESTE SOLICITADO CASO A CASO<\/h3>\n\n\n\n<p class=\"has-text-align-center\" style=\"font-size:14px\">(clique para ser redirecionado)<\/p>\n\n\n\n<p><a href=\"https:\/\/www.ufsm.br\/pet\/ciencia-da-computacao\/caso-1\/\"><span style=\"color: #0000ff\"><span style=\"color:#00649f\" class=\"tadv-color\"><strong><u>CASO 1<\/u><\/strong>:<\/span><\/span><\/a> primeiro teste (VDRL ou TR) <strong>n\u00e3o reagente<\/strong>, sem indica\u00e7\u00e3o de teste complementar.<\/p>\n\n\n\n<p><a href=\"https:\/\/www.ufsm.br\/pet\/ciencia-da-computacao\/caso-2\/\"><span style=\"color: #0000ff\"><span style=\"color:#00649f\" class=\"tadv-color\"><strong><u>CASO 2<\/u><\/strong>:<\/span><\/span><\/a><strong> dois testes<\/strong> imunol\u00f3gicos diferentes com <strong>resultado reagente<\/strong>.<\/p>\n\n\n\n<p><a href=\"https:\/\/www.ufsm.br\/pet\/ciencia-da-computacao\/caso-3\/\"><span style=\"color: #0000ff\"><span style=\"color:#00649f\" class=\"tadv-color\"><strong><u>CASO 3<\/u><\/strong>:<\/span><\/span><\/a> <strong>dois testes<\/strong> imunol\u00f3gicos diferentes com <strong>resultados divergentes<\/strong>.<\/p>\n\n\n\n<p><a href=\"https:\/\/www.ufsm.br\/pet\/ciencia-da-computacao\/caso-4\/\"><span style=\"color: #0000ff\"><span style=\"color:#00649f\" class=\"tadv-color\"><strong><u>CASO 4<\/u><\/strong>:<\/span><\/span><\/a> <strong>hist\u00f3rico de tratamento<\/strong> para compara\u00e7\u00e3o com teste atual.<\/p>\n\n\n\n<hr class=\"wp-block-separator aligncenter has-text-color has-vivid-cyan-blue-color has-alpha-channel-opacity has-vivid-cyan-blue-background-color has-background is-style-wide\" \/>\n\n\n\n<h3 class=\"has-text-align-center has-text-color wp-block-heading\" style=\"color:#00649f;font-size:24px;font-style:normal;font-weight:700\">SAIBA MAIS<\/h3>\n\n\n\n<h2 class=\"has-text-color has-medium-font-size wp-block-heading\" style=\"color:#00649f;font-style:italic;font-weight:700\">Testes imunol\u00f3gicos<\/h2>\n\n\n\n<p>Diferentemente dos exames diretos, que buscam identificar o treponema em amostras coletadas diretamente das les\u00f5es de s\u00edfilis, os testes imunol\u00f3gicos, que s\u00e3o os mais utilizados na pr\u00e1tica cl\u00ednica, pesquisam anticorpos em amostras de sangue, podendo ser divididos em trepon\u00eamicos e n\u00e3o trepon\u00eamicos:<\/p>\n\n\n\n<figure class=\"wp-block-table\" style=\"font-size:14px\"><table><tbody><tr><td> <p><strong><span style=\"color:#00649f\" class=\"tadv-color\"><em>Trepon\u00eamicos<\/em><\/span><\/strong><\/p> <\/td><td><p>FTA-Abs<\/p><p>ELISA\/EQL\/CMIA<\/p><p>TPHA\/TPPA\/MHA-TP<\/p><p><span style=\"color: #0000ff\"><span style=\"color:#00649f\" class=\"tadv-color\">Teste R\u00e1pido (TR)<\/span><\/span><span style=\"font-family: inherit;font-size: inherit;font-weight: inherit;color: initial\"><span style=\"color:#00649f\" class=\"tadv-color\"> <\/span><\/span><\/p><\/td><td><p>Detectam anticorpos <strong>espec\u00edficos<\/strong> contra os ant\u00edgenos do <em>Treponema pallidum<\/em>. S\u00e3o os primeiros a se tornarem reagentes. Em 85% dos casos, permanecem reagentes por toda a vida, mesmo ap\u00f3s o tratamento. S\u00e3o importantes para o diagn\u00f3stico, mas <strong>n\u00e3o est\u00e3o indicados para o monitoramento <\/strong>da resposta ao tratamento.<\/p><\/td><\/tr><tr><td> <p><strong><span style=\"color:#00649f\" class=\"tadv-color\"><em>N\u00e3o trepon\u00eamicos<\/em><\/span><\/strong><\/p> <\/td><td><p><span style=\"color: #0000ff\"><span style=\"color:#00649f\" class=\"tadv-color\">VDRL<\/span><\/span><\/p><p>RPR<\/p><p>TRUST<\/p><p>USR<\/p><\/td><td><p>Detectam anticorpos anticardiolipina <strong>n\u00e3o espec\u00edficos<\/strong> para os ant\u00edgenos do <em>T. pallidum.<\/em> Tornam-se reagentes cerca de 1 a 3 semanas ap\u00f3s o surgimento do cancro duro e s\u00e3o quantific\u00e1veis (ex.: 1:2, 1:4). <strong>Importantes para o diagn\u00f3stico e o monitoramento<\/strong>.<\/p><\/td><\/tr><\/tbody><\/table><\/figure>\n\n\n\n<hr class=\"wp-block-separator aligncenter has-text-color has-vivid-cyan-blue-color has-alpha-channel-opacity has-vivid-cyan-blue-background-color has-background is-style-dots\" \/>\n\n\n\n<h2 class=\"has-text-color has-medium-font-size wp-block-heading\" style=\"color:#00649f;font-style:italic;font-weight:700\">Cicatriz sorol\u00f3gica<\/h2>\n\n\n\n<p>A an\u00e1lise isolada de um resultado de VDRL pode levar a decis\u00f5es terap\u00eauticas inadequadas, uma vez que <strong>um \u00fanico t\u00edtulo <em>n\u00e3o permite<\/em> identificar atividade da doen\u00e7a<\/strong>. Deve-se considerar que t\u00edtulos altos e em queda podem ser encontrados em pessoas adequadamente tratadas, e de que t\u00edtulos baixos podem ser vistos em casos de infec\u00e7\u00e3o recente ou em est\u00e1gios tardios.<\/p>\n\n\n\n<p>Um VDRL baixo tamb\u00e9m pode ser verificado em pessoas adequadamente tratadas, mas que n\u00e3o atingiram a negativa\u00e7\u00e3o (sororrevers\u00e3o), fen\u00f4meno que pode ser tempor\u00e1rio ou persistente e que \u00e9 denominado <strong>cicatriz sorol\u00f3gica<\/strong>.<\/p>\n\n\n\n<p>J\u00e1 os testes trepon\u00eamicos, como o TR e o FTA-Abs, quase sempre permanecem reagentes por toda a vida, apesar de tratamento adequado. Entretanto, frente a achados cl\u00ednico-epidemiol\u00f3gicos e na aus\u00eancia de tratamento pr\u00e9vio, <strong>s\u00e3o indicativos de doen\u00e7a ativa<\/strong>. Ainda assim, os testes n\u00e3o trepon\u00eamicos devem ser solicitados para acompanhamento sorol\u00f3gico.<\/p>\n\n\n\n<hr class=\"wp-block-separator aligncenter has-text-color has-vivid-cyan-blue-color has-alpha-channel-opacity has-vivid-cyan-blue-background-color has-background is-style-dots\" \/>\n\n\n<div class=\"wp-block-image\">\n<figure class=\"alignleft size-full is-resized\"><img decoding=\"async\" src=\"https:\/\/www.ufsm.br\/app\/uploads\/sites\/786\/2022\/09\/atenc\u0327a\u0303o.jpg\" alt=\"\" class=\"wp-image-1071\" width=\"50\" height=\"50\" srcset=\"https:\/\/www.ufsm.br\/app\/uploads\/sites\/786\/2022\/09\/atenc\u0327a\u0303o.jpg 612w, https:\/\/www.ufsm.br\/app\/uploads\/sites\/786\/2022\/09\/atenc\u0327a\u0303o-300x300.jpg 300w, https:\/\/www.ufsm.br\/app\/uploads\/sites\/786\/2022\/09\/atenc\u0327a\u0303o-150x150.jpg 150w\" sizes=\"(max-width: 50px) 100vw, 50px\" \/><\/figure>\n<\/div>\n\n\n<p><em>Pessoas com t\u00edtulos baixos em testes n\u00e3o trepon\u00eamicos, sem achados cl\u00ednicos, sem registro de tratamento e sem data de infec\u00e7\u00e3o conhecida, s\u00e3o consideradas como tendo <strong>s\u00edfilis latente tardia<\/strong> e devem ser tratadas.<\/em><\/p>\n\n\n\n<hr class=\"wp-block-separator aligncenter has-text-color has-vivid-cyan-blue-color has-alpha-channel-opacity has-vivid-cyan-blue-background-color has-background is-style-dots\" \/>\n\n\n\n<figure class=\"wp-block-table is-style-regular\" style=\"font-size:16px\"><table class=\"has-white-color has-text-color has-background has-fixed-layout\" style=\"background-color:#00649f\"><tbody><tr><td class=\"has-text-align-center\" data-align=\"center\"><a href=\"https:\/\/www.ufsm.br\/pet\/ciencia-da-computacao\/projeto-prevencao-da-sifilis-na-gestacao\/\"><strong><u><em><span style=\"color:#ffffff\" class=\"tadv-color\">In\u00edcio<\/span><\/em><\/u><\/strong><\/a><\/td><td class=\"has-text-align-center\" data-align=\"center\"><a href=\"https:\/\/www.ufsm.br\/pet\/ciencia-da-computacao\/tratamento\/\"><strong><u><em><span style=\"color:#ffffff\" class=\"tadv-color\">Tratamento<\/span><\/em><\/u><\/strong><\/a><\/td><td class=\"has-text-align-center\" data-align=\"center\"><a href=\"https:\/\/www.ufsm.br\/pet\/ciencia-da-computacao\/monitoramento-2\/\"><strong><u><em><span style=\"color:#ffffff\" class=\"tadv-color\">Monitoramento<\/span><\/em><\/u><\/strong><\/a><\/td><\/tr><\/tbody><\/table><\/figure>\n","protected":false},"excerpt":{"rendered":"<p>A confirma\u00e7\u00e3o diagn\u00f3stica de s\u00edfilis requer uma correla\u00e7\u00e3o entre dados cl\u00ednicos, resultados de exames e hist\u00f3rico de infec\u00e7\u00f5es\/tratamentos pr\u00e9vios e de exposi\u00e7\u00f5es de risco. Recomenda-se iniciar o rastreamento ou a investiga\u00e7\u00e3o diagn\u00f3stica para s\u00edfilis gestacional com o teste r\u00e1pido (TR), que por ser trepon\u00eamico \u00e9 o primeiro a ficar reagente, devendo ser feito sempre na [&hellip;]<\/p>\n","protected":false},"author":6056,"featured_media":0,"parent":0,"menu_order":0,"comment_status":"closed","ping_status":"closed","template":"","meta":{"footnotes":""},"categories":[63],"tags":[],"class_list":["post-987","page","type-page","status-publish","hentry","category-projeto-sifilis"],"acf":[],"_links":{"self":[{"href":"https:\/\/www.ufsm.br\/pet\/ciencia-da-computacao\/wp-json\/wp\/v2\/pages\/987","targetHints":{"allow":["GET"]}}],"collection":[{"href":"https:\/\/www.ufsm.br\/pet\/ciencia-da-computacao\/wp-json\/wp\/v2\/pages"}],"about":[{"href":"https:\/\/www.ufsm.br\/pet\/ciencia-da-computacao\/wp-json\/wp\/v2\/types\/page"}],"author":[{"embeddable":true,"href":"https:\/\/www.ufsm.br\/pet\/ciencia-da-computacao\/wp-json\/wp\/v2\/users\/6056"}],"replies":[{"embeddable":true,"href":"https:\/\/www.ufsm.br\/pet\/ciencia-da-computacao\/wp-json\/wp\/v2\/comments?post=987"}],"version-history":[{"count":0,"href":"https:\/\/www.ufsm.br\/pet\/ciencia-da-computacao\/wp-json\/wp\/v2\/pages\/987\/revisions"}],"wp:attachment":[{"href":"https:\/\/www.ufsm.br\/pet\/ciencia-da-computacao\/wp-json\/wp\/v2\/media?parent=987"}],"wp:term":[{"taxonomy":"category","embeddable":true,"href":"https:\/\/www.ufsm.br\/pet\/ciencia-da-computacao\/wp-json\/wp\/v2\/categories?post=987"},{"taxonomy":"post_tag","embeddable":true,"href":"https:\/\/www.ufsm.br\/pet\/ciencia-da-computacao\/wp-json\/wp\/v2\/tags?post=987"}],"curies":[{"name":"wp","href":"https:\/\/api.w.org\/{rel}","templated":true}]}}