{"id":33,"date":"2019-05-24T15:38:58","date_gmt":"2019-05-24T18:38:58","guid":{"rendered":"https:\/\/www.ufsm.br\/template-laboratprio\/?page_id=33"},"modified":"2020-01-28T11:21:12","modified_gmt":"2020-01-28T14:21:12","slug":"producao-cientifica","status":"publish","type":"page","link":"https:\/\/www.ufsm.br\/pet\/ciencias-agrarias\/producao-cientifica","title":{"rendered":"Produ\u00e7\u00e3o Cient\u00edfica"},"content":{"rendered":"\n<p class=\"entry-title\"><strong>Publica\u00e7\u00f5es:<\/strong><\/p>\n<div class=\"entry-content\">\n<ul>\n<li><a href=\"https:\/\/docs.google.com\/folder\/d\/0B8vLga5YBzRqWEFBbVJiLUVxNjg\/edit?usp=sharing\" target=\"_blank\" rel=\"noopener noreferrer\">LAILA MAYARA DREBES<\/a><\/li>\n<li><a href=\"https:\/\/drive.google.com\/folderview?id=0B8vLga5YBzRqYnJYeHI1UXgwaU0&amp;usp=sharing\" target=\"_blank\" rel=\"noopener noreferrer\">RESUMOS JAI 2013<\/a><\/li>\n<\/ul>\n<\/div>\n","protected":false},"excerpt":{"rendered":"<p>Publica\u00e7\u00f5es: LAILA MAYARA DREBES RESUMOS JAI 2013<\/p>\n","protected":false},"author":25,"featured_media":0,"parent":0,"menu_order":0,"comment_status":"closed","ping_status":"closed","template":"","meta":{"footnotes":""},"categories":[],"tags":[],"class_list":["post-33","page","type-page","status-publish","hentry"],"acf":[],"_links":{"self":[{"href":"https:\/\/www.ufsm.br\/pet\/ciencias-agrarias\/wp-json\/wp\/v2\/pages\/33","targetHints":{"allow":["GET"]}}],"collection":[{"href":"https:\/\/www.ufsm.br\/pet\/ciencias-agrarias\/wp-json\/wp\/v2\/pages"}],"about":[{"href":"https:\/\/www.ufsm.br\/pet\/ciencias-agrarias\/wp-json\/wp\/v2\/types\/page"}],"author":[{"embeddable":true,"href":"https:\/\/www.ufsm.br\/pet\/ciencias-agrarias\/wp-json\/wp\/v2\/users\/25"}],"replies":[{"embeddable":true,"href":"https:\/\/www.ufsm.br\/pet\/ciencias-agrarias\/wp-json\/wp\/v2\/comments?post=33"}],"version-history":[{"count":0,"href":"https:\/\/www.ufsm.br\/pet\/ciencias-agrarias\/wp-json\/wp\/v2\/pages\/33\/revisions"}],"wp:attachment":[{"href":"https:\/\/www.ufsm.br\/pet\/ciencias-agrarias\/wp-json\/wp\/v2\/media?parent=33"}],"wp:term":[{"taxonomy":"category","embeddable":true,"href":"https:\/\/www.ufsm.br\/pet\/ciencias-agrarias\/wp-json\/wp\/v2\/categories?post=33"},{"taxonomy":"post_tag","embeddable":true,"href":"https:\/\/www.ufsm.br\/pet\/ciencias-agrarias\/wp-json\/wp\/v2\/tags?post=33"}],"curies":[{"name":"wp","href":"https:\/\/api.w.org\/{rel}","templated":true}]}}