{"id":58,"date":"2020-01-28T10:18:36","date_gmt":"2020-01-28T13:18:36","guid":{"rendered":"https:\/\/www.ufsm.br\/pro-reitorias\/prograd\/pet\/ciencias-agrarias\/?page_id=58"},"modified":"2020-01-28T10:18:39","modified_gmt":"2020-01-28T13:18:39","slug":"download","status":"publish","type":"page","link":"https:\/\/www.ufsm.br\/pet\/ciencias-agrarias\/download","title":{"rendered":"Download"},"content":{"rendered":"\n<p><strong>Certificados<\/strong><\/p>\n<p>Certificados dispon\u00edveis para download:<\/p>\n<ol>\n<li>Clique no seu nome;<\/li>\n<li>Em seguida pressione CTRL + S para iniciar o download;<\/li>\n<li>Os certificados estar\u00e3o dispon\u00edveis para download pelo per\u00edodo de 30 dias.<\/li>\n<\/ol>\n<ul>\n<li><a href=\"https:\/\/drive.google.com\/folderview?id=0B8vLga5YBzRqb0huU0lJbkxkbHc&amp;usp=sharing\" target=\"_blank\" rel=\"noopener noreferrer\">CERTIFICADOS 2012\/1<\/a><\/li>\n<li><a href=\"https:\/\/drive.google.com\/folderview?id=0B8vLga5YBzRqNEE3d3g5VEFGZlk&amp;usp=sharing\" target=\"_blank\" rel=\"noopener noreferrer\">CERTIFICADOS \u00a0III SIMP\u00d3SIO DE ATUALIZA\u00c7\u00c3O EM AGRONOMIA<\/a><\/li>\n<li><a href=\"https:\/\/drive.google.com\/folderview?id=0B8vLga5YBzRqT3ZfcVVJZjFJbFk&amp;usp=sharing\" target=\"_blank\" rel=\"noopener noreferrer\">CERTIFICADOS \u00a0IV SIMP\u00d3SIO DE ATUALIZA\u00c7\u00c3O EM AGRONOMIA<\/a><\/li>\n<li><a href=\"https:\/\/drive.google.com\/folderview?id=0B8vLga5YBzRqTUZiREczRXBvbnM&amp;usp=sharing\" target=\"_blank\" rel=\"noopener noreferrer\">CERTIFICADOS \u00a0V SIMP\u00d3SIO DE ATUALIZA\u00c7\u00c3O EM AGRONOMIA<\/a><\/li>\n<li><a href=\"https:\/\/drive.google.com\/folderview?id=0B8vLga5YBzRqNmt0bFVqNXpQWXM&amp;usp=sharing\" target=\"_blank\" rel=\"noopener noreferrer\">CERTIFICADOS \u00a0VI SIMP\u00d3SIO DE ATUALIZA\u00c7\u00c3O EM AGRONOMIA\u00a0(Novo)<\/a><\/li>\n<li><a href=\"https:\/\/drive.google.com\/folderview?id=0B8vLga5YBzRqS1RrWjh1UzJRX0E&amp;usp=sharing\" target=\"_blank\" rel=\"noopener noreferrer\">CURSO DE PESQUISA QUALITATIVA<\/a><\/li>\n<li><a href=\"https:\/\/drive.google.com\/folderview?id=0B8vLga5YBzRqX0RGajhrU2F4N2c&amp;usp=sharing\" target=\"_blank\" rel=\"noopener noreferrer\">V CURSO DE CALCULADORA CIENT\u00cdFICA<\/a><\/li>\n<li><a href=\"https:\/\/drive.google.com\/folderview?id=0B8vLga5YBzRqU2pzWnVVdEpHSk0&amp;usp=sharing\" target=\"_blank\" rel=\"noopener noreferrer\">IV CURSO DE CALCULADORA CIENT\u00cdFICA<\/a><\/li>\n<li><a href=\"https:\/\/drive.google.com\/folderview?id=0B8vLga5YBzRqTHhfN0ZNQ2VKUnc&amp;usp=sharing\" target=\"_blank\" rel=\"noopener noreferrer\">PALESTRA\u00a0DE GEST\u00c3O DO AGRONEG\u00d3CIO<\/a><\/li>\n<li><a href=\"https:\/\/drive.google.com\/folderview?id=0B8vLga5YBzRqaG5rdUpSNUpBNVk&amp;usp=sharing\" target=\"_blank\" rel=\"noopener noreferrer\">CURSO DE NIVELAMENTO ESTAT\u00cdSTICO\u00a0<\/a><\/li>\n<li><a href=\"https:\/\/drive.google.com\/folderview?id=0B8vLga5YBzRqbFNJUFJxV0Vyckk&amp;usp=sharing\" target=\"_blank\" rel=\"noopener noreferrer\">CURSO DE MORFOLOGIA VEGETAL\u00a0<\/a><\/li>\n<li><a href=\"https:\/\/drive.google.com\/folderview?id=0B8vLga5YBzRqNmVQM1BOWUQ5a0k&amp;usp=sharing\" target=\"_blank\" rel=\"noopener noreferrer\">MINICURSO DE FRUTAS<\/a><\/li>\n<li><a href=\"https:\/\/drive.google.com\/folderview?id=0B8vLga5YBzRqVXFDcWMyN0hEMnc&amp;usp=sharing\" target=\"_blank\" rel=\"noopener noreferrer\">MINICURSO PODA DE VIDEIRAS<\/a><\/li>\n<\/ul>\n","protected":false},"excerpt":{"rendered":"<p>Certificados Certificados dispon\u00edveis para download: Clique no seu nome; Em seguida pressione CTRL + S para iniciar o download; Os certificados estar\u00e3o dispon\u00edveis para download pelo per\u00edodo de 30 dias. CERTIFICADOS 2012\/1 CERTIFICADOS \u00a0III SIMP\u00d3SIO DE ATUALIZA\u00c7\u00c3O EM AGRONOMIA CERTIFICADOS \u00a0IV SIMP\u00d3SIO DE ATUALIZA\u00c7\u00c3O EM AGRONOMIA CERTIFICADOS \u00a0V SIMP\u00d3SIO DE ATUALIZA\u00c7\u00c3O EM AGRONOMIA CERTIFICADOS \u00a0VI [&hellip;]<\/p>\n","protected":false},"author":2223,"featured_media":0,"parent":0,"menu_order":0,"comment_status":"closed","ping_status":"closed","template":"","meta":{"footnotes":""},"categories":[],"tags":[],"class_list":["post-58","page","type-page","status-publish","hentry"],"acf":[],"_links":{"self":[{"href":"https:\/\/www.ufsm.br\/pet\/ciencias-agrarias\/wp-json\/wp\/v2\/pages\/58","targetHints":{"allow":["GET"]}}],"collection":[{"href":"https:\/\/www.ufsm.br\/pet\/ciencias-agrarias\/wp-json\/wp\/v2\/pages"}],"about":[{"href":"https:\/\/www.ufsm.br\/pet\/ciencias-agrarias\/wp-json\/wp\/v2\/types\/page"}],"author":[{"embeddable":true,"href":"https:\/\/www.ufsm.br\/pet\/ciencias-agrarias\/wp-json\/wp\/v2\/users\/2223"}],"replies":[{"embeddable":true,"href":"https:\/\/www.ufsm.br\/pet\/ciencias-agrarias\/wp-json\/wp\/v2\/comments?post=58"}],"version-history":[{"count":0,"href":"https:\/\/www.ufsm.br\/pet\/ciencias-agrarias\/wp-json\/wp\/v2\/pages\/58\/revisions"}],"wp:attachment":[{"href":"https:\/\/www.ufsm.br\/pet\/ciencias-agrarias\/wp-json\/wp\/v2\/media?parent=58"}],"wp:term":[{"taxonomy":"category","embeddable":true,"href":"https:\/\/www.ufsm.br\/pet\/ciencias-agrarias\/wp-json\/wp\/v2\/categories?post=58"},{"taxonomy":"post_tag","embeddable":true,"href":"https:\/\/www.ufsm.br\/pet\/ciencias-agrarias\/wp-json\/wp\/v2\/tags?post=58"}],"curies":[{"name":"wp","href":"https:\/\/api.w.org\/{rel}","templated":true}]}}