{"id":125,"date":"2020-10-22T10:15:05","date_gmt":"2020-10-22T13:15:05","guid":{"rendered":"https:\/\/www.ufsm.br\/pet\/comunicacao-social\/?page_id=125"},"modified":"2026-04-23T20:27:33","modified_gmt":"2026-04-23T23:27:33","slug":"pet-ajuda","status":"publish","type":"page","link":"https:\/\/www.ufsm.br\/pet\/comunicacao-social\/pet-ajuda","title":{"rendered":"Fluxo"},"content":{"rendered":"\t\t<div data-elementor-type=\"wp-page\" data-elementor-id=\"125\" class=\"elementor elementor-125\">\n\t\t\t\t\t\t<section class=\"elementor-section elementor-top-section elementor-element elementor-element-7a3156d5 elementor-section-boxed elementor-section-height-default elementor-section-height-default\" data-id=\"7a3156d5\" data-element_type=\"section\">\n\t\t\t\t\t\t<div class=\"elementor-container elementor-column-gap-default\">\n\t\t\t\t\t<div class=\"elementor-column elementor-col-100 elementor-top-column elementor-element elementor-element-58bc5d71\" data-id=\"58bc5d71\" data-element_type=\"column\">\n\t\t\t<div class=\"elementor-widget-wrap elementor-element-populated\">\n\t\t\t\t\t\t<div class=\"elementor-element elementor-element-315061fd elementor-widget elementor-widget-text-editor\" data-id=\"315061fd\" data-element_type=\"widget\" data-widget_type=\"text-editor.default\">\n\t\t\t\t<div class=\"elementor-widget-container\">\n\t\t\t\t\t\t\t<p><span style=\"font-weight: 400\">O Fluxo \u00e9 um projeto de ensino do PETCom, surge no contexto da forma\u00e7\u00e3o acad\u00eamica em Comunica\u00e7\u00e3o, buscando fortalecer a cultura da pesquisa cient\u00edfica na gradua\u00e7\u00e3o e aproximar os estudantes das pr\u00e1ticas reais de investiga\u00e7\u00e3o. A iniciativa estabelece parceria com o peri\u00f3dico Cadernos de Comunica\u00e7\u00e3o, vinculado ao Programa de P\u00f3s-Gradua\u00e7\u00e3o em Comunica\u00e7\u00e3o da UFSM, criando um espa\u00e7o espec\u00edfico para submiss\u00e3o, avalia\u00e7\u00e3o e publica\u00e7\u00e3o de trabalhos produzidos por graduandos. A a\u00e7\u00e3o consiste na organiza\u00e7\u00e3o e execu\u00e7\u00e3o de um fluxo editorial completo, incluindo chamadas de trabalhos, avalia\u00e7\u00e3o dos textos, capacita\u00e7\u00f5es internas e externas, al\u00e9m da divulga\u00e7\u00e3o cient\u00edfica por meio do site e das redes sociais do PETCom. O projeto tamb\u00e9m desenvolve treinamentos para preparar os integrantes e futuros participantes, garantindo a continuidade do processo editorial. A tem\u00e1tica abordada envolve pesquisa acad\u00eamica, escrita cient\u00edfica, publica\u00e7\u00e3o e integra\u00e7\u00e3o entre gradua\u00e7\u00e3o e p\u00f3s-gradua\u00e7\u00e3o, incentivando a participa\u00e7\u00e3o discente no universo da produ\u00e7\u00e3o cient\u00edfica. Entre os objetivos est\u00e3o promover a integra\u00e7\u00e3o entre os n\u00edveis de ensino, capacitar estudantes para a produ\u00e7\u00e3o e publica\u00e7\u00e3o cient\u00edfica, estruturar o fluxo editorial da se\u00e7\u00e3o PETCom\/Fluxo e divulgar os trabalhos publicados. Como impacto social, o projeto contribui para a democratiza\u00e7\u00e3o do acesso \u00e0 publica\u00e7\u00e3o cient\u00edfica, fortalece a forma\u00e7\u00e3o cr\u00edtica e profissional dos estudantes e amplia a visibilidade da produ\u00e7\u00e3o acad\u00eamica, incentivando novos pesquisadores e consolidando a cultura da pesquisa dentro e fora da universidade.<\/span><\/p>\n<p>Acompanhe as atividades do Fluxo atrav\u00e9s do nosso perfil no <a href=\"https:\/\/www.instagram.com\/petcomufsm?utm_source=ig_web_button_share_sheet&amp;igsh=NzFhdXo5bjczYzgz\">Instagram<\/a>.<\/p>\n<p><!-- \/wp:tadv\/classic-paragraph --><\/p>\t\t\t\t\t\t<\/div>\n\t\t\t\t<\/div>\n\t\t\t\t\t<\/div>\n\t\t<\/div>\n\t\t\t\t\t<\/div>\n\t\t<\/section>\n\t\t\t\t<\/div>\n\t\t","protected":false},"excerpt":{"rendered":"<p>O Fluxo \u00e9 um projeto de ensino do PETCom, surge no contexto da forma\u00e7\u00e3o acad\u00eamica em Comunica\u00e7\u00e3o, buscando fortalecer a cultura da pesquisa cient\u00edfica na gradua\u00e7\u00e3o e aproximar os estudantes das pr\u00e1ticas reais de investiga\u00e7\u00e3o. A iniciativa estabelece parceria com o peri\u00f3dico Cadernos de Comunica\u00e7\u00e3o, vinculado ao Programa de P\u00f3s-Gradua\u00e7\u00e3o em Comunica\u00e7\u00e3o da UFSM, criando [&hellip;]<\/p>\n","protected":false},"author":2740,"featured_media":0,"parent":0,"menu_order":0,"comment_status":"closed","ping_status":"closed","template":"","meta":{"footnotes":""},"categories":[24],"tags":[],"class_list":["post-125","page","type-page","status-publish","hentry","category-projetos"],"acf":[],"_links":{"self":[{"href":"https:\/\/www.ufsm.br\/pet\/comunicacao-social\/wp-json\/wp\/v2\/pages\/125","targetHints":{"allow":["GET"]}}],"collection":[{"href":"https:\/\/www.ufsm.br\/pet\/comunicacao-social\/wp-json\/wp\/v2\/pages"}],"about":[{"href":"https:\/\/www.ufsm.br\/pet\/comunicacao-social\/wp-json\/wp\/v2\/types\/page"}],"author":[{"embeddable":true,"href":"https:\/\/www.ufsm.br\/pet\/comunicacao-social\/wp-json\/wp\/v2\/users\/2740"}],"replies":[{"embeddable":true,"href":"https:\/\/www.ufsm.br\/pet\/comunicacao-social\/wp-json\/wp\/v2\/comments?post=125"}],"version-history":[{"count":0,"href":"https:\/\/www.ufsm.br\/pet\/comunicacao-social\/wp-json\/wp\/v2\/pages\/125\/revisions"}],"wp:attachment":[{"href":"https:\/\/www.ufsm.br\/pet\/comunicacao-social\/wp-json\/wp\/v2\/media?parent=125"}],"wp:term":[{"taxonomy":"category","embeddable":true,"href":"https:\/\/www.ufsm.br\/pet\/comunicacao-social\/wp-json\/wp\/v2\/categories?post=125"},{"taxonomy":"post_tag","embeddable":true,"href":"https:\/\/www.ufsm.br\/pet\/comunicacao-social\/wp-json\/wp\/v2\/tags?post=125"}],"curies":[{"name":"wp","href":"https:\/\/api.w.org\/{rel}","templated":true}]}}

<div data-elementor-type="wp-page" data-elementor-id="125" class="elementor elementor-125">
						<section class="elementor-section elementor-top-section elementor-element elementor-element-7a3156d5 elementor-section-boxed elementor-section-height-default elementor-section-height-default" data-id="7a3156d5" data-element_type="section">
						<div class="elementor-container elementor-column-gap-default">
					<div class="elementor-column elementor-col-100 elementor-top-column elementor-element elementor-element-58bc5d71" data-id="58bc5d71" data-element_type="column">
			<div class="elementor-widget-wrap elementor-element-populated">
						<div class="elementor-element elementor-element-315061fd elementor-widget elementor-widget-text-editor" data-id="315061fd" data-element_type="widget" data-widget_type="text-editor.default">
				<div class="elementor-widget-container">
							<p><span style="font-weight: 400">O Fluxo é um projeto de ensino do PETCom, surge no contexto da formação acadêmica em Comunicação, buscando fortalecer a cultura da pesquisa científica na graduação e aproximar os estudantes das práticas reais de investigação. A iniciativa estabelece parceria com o periódico Cadernos de Comunicação, vinculado ao Programa de Pós-Graduação em Comunicação da UFSM, criando um espaço específico para submissão, avaliação e publicação de trabalhos produzidos por graduandos. A ação consiste na organização e execução de um fluxo editorial completo, incluindo chamadas de trabalhos, avaliação dos textos, capacitações internas e externas, além da divulgação científica por meio do site e das redes sociais do PETCom. O projeto também desenvolve treinamentos para preparar os integrantes e futuros participantes, garantindo a continuidade do processo editorial. A temática abordada envolve pesquisa acadêmica, escrita científica, publicação e integração entre graduação e pós-graduação, incentivando a participação discente no universo da produção científica. Entre os objetivos estão promover a integração entre os níveis de ensino, capacitar estudantes para a produção e publicação científica, estruturar o fluxo editorial da seção PETCom/Fluxo e divulgar os trabalhos publicados. Como impacto social, o projeto contribui para a democratização do acesso à publicação científica, fortalece a formação crítica e profissional dos estudantes e amplia a visibilidade da produção acadêmica, incentivando novos pesquisadores e consolidando a cultura da pesquisa dentro e fora da universidade.</span></p>
<p>Acompanhe as atividades do Fluxo através do nosso perfil no <a href="https://www.instagram.com/petcomufsm?utm_source=ig_web_button_share_sheet&amp;igsh=NzFhdXo5bjczYzgz">Instagram</a>.</p>
<p><!-- /wp:tadv/classic-paragraph --></p>						</div>
				</div>
					</div>
		</div>
					</div>
		</section>
				</div>

<p>O Fluxo é um projeto de ensino do PETCom, surge no contexto da formação acadêmica em Comunicação, buscando fortalecer a cultura da pesquisa científica na graduação e aproximar os estudantes das práticas reais de investigação. A iniciativa estabelece parceria com o periódico Cadernos de Comunicação, vinculado ao Programa de Pós-Graduação em Comunicação da UFSM, criando [&hellip;]</p>
