{"id":128,"date":"2020-10-22T10:16:04","date_gmt":"2020-10-22T13:16:04","guid":{"rendered":"https:\/\/www.ufsm.br\/pet\/comunicacao-social\/?page_id=128"},"modified":"2025-07-17T10:04:28","modified_gmt":"2025-07-17T13:04:28","slug":"pesquisa-coletiva","status":"publish","type":"page","link":"https:\/\/www.ufsm.br\/pet\/comunicacao-social\/pesquisa-coletiva","title":{"rendered":"Pesquisa coletiva"},"content":{"rendered":"\t\t<div data-elementor-type=\"wp-page\" data-elementor-id=\"128\" class=\"elementor elementor-128\">\n\t\t\t\t\t\t<section class=\"elementor-section elementor-top-section elementor-element elementor-element-213c5287 elementor-section-boxed elementor-section-height-default elementor-section-height-default\" data-id=\"213c5287\" data-element_type=\"section\">\n\t\t\t\t\t\t<div class=\"elementor-container elementor-column-gap-default\">\n\t\t\t\t\t<div class=\"elementor-column elementor-col-100 elementor-top-column elementor-element elementor-element-1f6e5cd2\" data-id=\"1f6e5cd2\" data-element_type=\"column\">\n\t\t\t<div class=\"elementor-widget-wrap elementor-element-populated\">\n\t\t\t\t\t\t<div class=\"elementor-element elementor-element-29bdb1a5 elementor-widget elementor-widget-text-editor\" data-id=\"29bdb1a5\" data-element_type=\"widget\" data-widget_type=\"text-editor.default\">\n\t\t\t\t<div class=\"elementor-widget-container\">\n\t\t\t\t\t\t\t<!-- wp:tadv\/classic-paragraph -->\n<p><span style=\"font-weight: 400\">A pesquisa coletiva \u00e9 resultado do desejo de melhoria do grupo, em rela\u00e7\u00e3o \u00e0s atua\u00e7\u00f5es exercidas pelo coletivo, como as atividades de ensino, eventos e projetos de extens\u00e3o. Atualmente, o PETCom desenvolve pesquisas sobre acessibilidade,\u00a0 tornando as atividades de ensino e extens\u00e3o espa\u00e7os mais acess\u00edveis.<\/span><\/p>\n<p><span style=\"font-weight: 400\">O intuito da pesquisa, al\u00e9m de trazer frutos para o coletivo, \u00e9 colaborar para as a\u00e7\u00f5es dos estudantes e docentes na \u00e1rea de comunica\u00e7\u00e3o. Viabilizando que o conhecimento adquirido na pesquisa coletiva resulte em materiais que colaboram na pr\u00e1tica do ensino e da extens\u00e3o.<br \/><br \/><\/span><\/p>\n<!-- \/wp:tadv\/classic-paragraph -->\t\t\t\t\t\t<\/div>\n\t\t\t\t<\/div>\n\t\t\t\t\t<\/div>\n\t\t<\/div>\n\t\t\t\t\t<\/div>\n\t\t<\/section>\n\t\t\t\t<\/div>\n\t\t","protected":false},"excerpt":{"rendered":"<p>A pesquisa coletiva \u00e9 resultado do desejo de melhoria do grupo, em rela\u00e7\u00e3o \u00e0s atua\u00e7\u00f5es exercidas pelo coletivo, como as atividades de ensino, eventos e projetos de extens\u00e3o. Atualmente, o PETCom desenvolve pesquisas sobre acessibilidade,\u00a0 tornando as atividades de ensino e extens\u00e3o espa\u00e7os mais acess\u00edveis. O intuito da pesquisa, al\u00e9m de trazer frutos para o [&hellip;]<\/p>\n","protected":false},"author":2740,"featured_media":0,"parent":0,"menu_order":0,"comment_status":"closed","ping_status":"closed","template":"","meta":{"footnotes":""},"categories":[25],"tags":[],"class_list":["post-128","page","type-page","status-publish","hentry","category-pesquisa"],"acf":[],"_links":{"self":[{"href":"https:\/\/www.ufsm.br\/pet\/comunicacao-social\/wp-json\/wp\/v2\/pages\/128","targetHints":{"allow":["GET"]}}],"collection":[{"href":"https:\/\/www.ufsm.br\/pet\/comunicacao-social\/wp-json\/wp\/v2\/pages"}],"about":[{"href":"https:\/\/www.ufsm.br\/pet\/comunicacao-social\/wp-json\/wp\/v2\/types\/page"}],"author":[{"embeddable":true,"href":"https:\/\/www.ufsm.br\/pet\/comunicacao-social\/wp-json\/wp\/v2\/users\/2740"}],"replies":[{"embeddable":true,"href":"https:\/\/www.ufsm.br\/pet\/comunicacao-social\/wp-json\/wp\/v2\/comments?post=128"}],"version-history":[{"count":0,"href":"https:\/\/www.ufsm.br\/pet\/comunicacao-social\/wp-json\/wp\/v2\/pages\/128\/revisions"}],"wp:attachment":[{"href":"https:\/\/www.ufsm.br\/pet\/comunicacao-social\/wp-json\/wp\/v2\/media?parent=128"}],"wp:term":[{"taxonomy":"category","embeddable":true,"href":"https:\/\/www.ufsm.br\/pet\/comunicacao-social\/wp-json\/wp\/v2\/categories?post=128"},{"taxonomy":"post_tag","embeddable":true,"href":"https:\/\/www.ufsm.br\/pet\/comunicacao-social\/wp-json\/wp\/v2\/tags?post=128"}],"curies":[{"name":"wp","href":"https:\/\/api.w.org\/{rel}","templated":true}]}}