{"id":134,"date":"2020-10-22T10:19:05","date_gmt":"2020-10-22T13:19:05","guid":{"rendered":"https:\/\/www.ufsm.br\/pet\/comunicacao-social\/?page_id=134"},"modified":"2025-07-25T10:29:59","modified_gmt":"2025-07-25T13:29:59","slug":"projeto-petcom-tv","status":"publish","type":"page","link":"https:\/\/www.ufsm.br\/pet\/comunicacao-social\/projeto-petcom-tv","title":{"rendered":"Luz, C\u00e2mera, PETCom"},"content":{"rendered":"\t\t<div data-elementor-type=\"wp-page\" data-elementor-id=\"134\" class=\"elementor elementor-134\">\n\t\t\t\t\t\t<section class=\"elementor-section elementor-top-section elementor-element elementor-element-c02d79e elementor-section-boxed elementor-section-height-default elementor-section-height-default\" data-id=\"c02d79e\" data-element_type=\"section\">\n\t\t\t\t\t\t<div class=\"elementor-container elementor-column-gap-default\">\n\t\t\t\t\t<div class=\"elementor-column elementor-col-100 elementor-top-column elementor-element elementor-element-2782385b\" data-id=\"2782385b\" data-element_type=\"column\">\n\t\t\t<div class=\"elementor-widget-wrap elementor-element-populated\">\n\t\t\t\t\t\t<div class=\"elementor-element elementor-element-3e1503a1 elementor-widget elementor-widget-text-editor\" data-id=\"3e1503a1\" data-element_type=\"widget\" data-widget_type=\"text-editor.default\">\n\t\t\t\t<div class=\"elementor-widget-container\">\n\t\t\t\t\t\t\t<p><span style=\"font-weight: 400\">O projeto de extens\u00e3o Luz, C\u00e2mera, PETCom, com base na demanda dos cursos da \u00e1rea da Comunica\u00e7\u00e3o Social, viabiliza pr\u00e1tica e forma\u00e7\u00e3o em&nbsp; audiovisual. Produz conte\u00fados sobre o que \u00e9 desenvolvido&nbsp; na universidade e nos grupos PET. O objetivo do projeto \u00e9 estabelecer a extens\u00e3o da tr\u00edade universit\u00e1ria &#8211; pesquisa, ensino e extens\u00e3o, com a finalidade de integrar a universidade e a sociedade, promovendo assim, a divulga\u00e7\u00e3o cient\u00edfica por meio do audiovisual.<\/span><\/p>\n<p><span style=\"font-weight: 400\"><span dir=\"auto\" style=\"vertical-align: inherit\"><span dir=\"auto\" style=\"vertical-align: inherit\">A atua\u00e7\u00e3o do&nbsp;<\/span><\/span><\/span><span style=\"font-size: 16px\">Luz, C\u00e2mera, PETCom<\/span><span style=\"font-weight: 400\"><span dir=\"auto\" style=\"vertical-align: inherit\"><span dir=\"auto\" style=\"vertical-align: inherit\">, constr\u00f3i o interc\u00e2mbio de conhecimento e a exposi\u00e7\u00e3o das&nbsp; possibilidades existentes na universidade p\u00fablica, tendo como consequ\u00eancia o fomento do interesse da comunidade para o ingresso no ensino superior.&nbsp;<\/span><\/span><\/span><\/p>\n<p><span style=\"font-weight: 400\">A comunica\u00e7\u00e3o integrada e a troca multilateral de conhecimentos, \u00e9 desempenhada nesse projeto pois, os cursos de Comunica\u00e7\u00e3o Social t\u00eam a oportunidade de envolver-se em diversos afazeres t\u00e9cnicos, adquirindo mais habilidades e capacita\u00e7\u00e3o profissional. A legitimidade do Programa de Educa\u00e7\u00e3o Tutorial, tamb\u00e9m \u00e9 promovida com a execu\u00e7\u00e3o da extens\u00e3o desenvolvida, demonstrando a relev\u00e2ncia interna na forma\u00e7\u00e3o dos alunos e externa na modifica\u00e7\u00e3o do campo social, por meio da extens\u00e3o.<br><\/span><br>Acompanhe as atualiza\u00e7\u00f5es do projeto em nosso <a href=\"https:\/\/www.instagram.com\/petcomufsm?utm_source=ig_web_button_share_sheet&amp;igsh=NzFhdXo5bjczYzgz\">Instagram<\/a>.<\/p>\n<p><!-- \/wp:tadv\/classic-paragraph --><\/p>\t\t\t\t\t\t<\/div>\n\t\t\t\t<\/div>\n\t\t\t\t\t<\/div>\n\t\t<\/div>\n\t\t\t\t\t<\/div>\n\t\t<\/section>\n\t\t\t\t<\/div>\n\t\t","protected":false},"excerpt":{"rendered":"<p>O projeto de extens\u00e3o Luz, C\u00e2mera, PETCom, com base na demanda dos cursos da \u00e1rea da Comunica\u00e7\u00e3o Social, viabiliza pr\u00e1tica e forma\u00e7\u00e3o em&nbsp; audiovisual. Produz conte\u00fados sobre o que \u00e9 desenvolvido&nbsp; na universidade e nos grupos PET. O objetivo do projeto \u00e9 estabelecer a extens\u00e3o da tr\u00edade universit\u00e1ria &#8211; pesquisa, ensino e extens\u00e3o, com a [&hellip;]<\/p>\n","protected":false},"author":2740,"featured_media":0,"parent":0,"menu_order":0,"comment_status":"closed","ping_status":"closed","template":"","meta":{"footnotes":""},"categories":[24],"tags":[],"class_list":["post-134","page","type-page","status-publish","hentry","category-projetos"],"acf":[],"_links":{"self":[{"href":"https:\/\/www.ufsm.br\/pet\/comunicacao-social\/wp-json\/wp\/v2\/pages\/134","targetHints":{"allow":["GET"]}}],"collection":[{"href":"https:\/\/www.ufsm.br\/pet\/comunicacao-social\/wp-json\/wp\/v2\/pages"}],"about":[{"href":"https:\/\/www.ufsm.br\/pet\/comunicacao-social\/wp-json\/wp\/v2\/types\/page"}],"author":[{"embeddable":true,"href":"https:\/\/www.ufsm.br\/pet\/comunicacao-social\/wp-json\/wp\/v2\/users\/2740"}],"replies":[{"embeddable":true,"href":"https:\/\/www.ufsm.br\/pet\/comunicacao-social\/wp-json\/wp\/v2\/comments?post=134"}],"version-history":[{"count":0,"href":"https:\/\/www.ufsm.br\/pet\/comunicacao-social\/wp-json\/wp\/v2\/pages\/134\/revisions"}],"wp:attachment":[{"href":"https:\/\/www.ufsm.br\/pet\/comunicacao-social\/wp-json\/wp\/v2\/media?parent=134"}],"wp:term":[{"taxonomy":"category","embeddable":true,"href":"https:\/\/www.ufsm.br\/pet\/comunicacao-social\/wp-json\/wp\/v2\/categories?post=134"},{"taxonomy":"post_tag","embeddable":true,"href":"https:\/\/www.ufsm.br\/pet\/comunicacao-social\/wp-json\/wp\/v2\/tags?post=134"}],"curies":[{"name":"wp","href":"https:\/\/api.w.org\/{rel}","templated":true}]}}

Luz, Câmera, PETCom

<div data-elementor-type="wp-page" data-elementor-id="134" class="elementor elementor-134">
						<section class="elementor-section elementor-top-section elementor-element elementor-element-c02d79e elementor-section-boxed elementor-section-height-default elementor-section-height-default" data-id="c02d79e" data-element_type="section">
						<div class="elementor-container elementor-column-gap-default">
					<div class="elementor-column elementor-col-100 elementor-top-column elementor-element elementor-element-2782385b" data-id="2782385b" data-element_type="column">
			<div class="elementor-widget-wrap elementor-element-populated">
						<div class="elementor-element elementor-element-3e1503a1 elementor-widget elementor-widget-text-editor" data-id="3e1503a1" data-element_type="widget" data-widget_type="text-editor.default">
				<div class="elementor-widget-container">
							<p><span style="font-weight: 400">O projeto de extensão Luz, Câmera, PETCom, com base na demanda dos cursos da área da Comunicação Social, viabiliza prática e formação em&nbsp; audiovisual. Produz conteúdos sobre o que é desenvolvido&nbsp; na universidade e nos grupos PET. O objetivo do projeto é estabelecer a extensão da tríade universitária &#8211; pesquisa, ensino e extensão, com a finalidade de integrar a universidade e a sociedade, promovendo assim, a divulgação científica por meio do audiovisual.</span></p>
<p><span style="font-weight: 400"><span dir="auto" style="vertical-align: inherit"><span dir="auto" style="vertical-align: inherit">A atuação do&nbsp;</span></span></span><span style="font-size: 16px">Luz, Câmera, PETCom</span><span style="font-weight: 400"><span dir="auto" style="vertical-align: inherit"><span dir="auto" style="vertical-align: inherit">, constrói o intercâmbio de conhecimento e a exposição das&nbsp; possibilidades existentes na universidade pública, tendo como consequência o fomento do interesse da comunidade para o ingresso no ensino superior.&nbsp;</span></span></span></p>
<p><span style="font-weight: 400">A comunicação integrada e a troca multilateral de conhecimentos, é desempenhada nesse projeto pois, os cursos de Comunicação Social têm a oportunidade de envolver-se em diversos afazeres técnicos, adquirindo mais habilidades e capacitação profissional. A legitimidade do Programa de Educação Tutorial, também é promovida com a execução da extensão desenvolvida, demonstrando a relevância interna na formação dos alunos e externa na modificação do campo social, por meio da extensão.<br></span><br>Acompanhe as atualizações do projeto em nosso <a href="https://www.instagram.com/petcomufsm?utm_source=ig_web_button_share_sheet&amp;igsh=NzFhdXo5bjczYzgz">Instagram</a>.</p>
<p><!-- /wp:tadv/classic-paragraph --></p>						</div>
				</div>
					</div>
		</div>
					</div>
		</section>
				</div>

<p>O projeto de extensão Luz, Câmera, PETCom, com base na demanda dos cursos da área da Comunicação Social, viabiliza prática e formação em&nbsp; audiovisual. Produz conteúdos sobre o que é desenvolvido&nbsp; na universidade e nos grupos PET. O objetivo do projeto é estabelecer a extensão da tríade universitária &#8211; pesquisa, ensino e extensão, com a [&hellip;]</p>
