{"id":820,"date":"2026-04-23T20:36:10","date_gmt":"2026-04-23T23:36:10","guid":{"rendered":"https:\/\/www.ufsm.br\/pet\/comunicacao-social\/?page_id=820"},"modified":"2026-04-23T20:37:02","modified_gmt":"2026-04-23T23:37:02","slug":"petcomversa","status":"publish","type":"page","link":"https:\/\/www.ufsm.br\/pet\/comunicacao-social\/petcomversa","title":{"rendered":"PETComversa"},"content":{"rendered":"\t\t<div data-elementor-type=\"wp-page\" data-elementor-id=\"820\" class=\"elementor elementor-820\">\n\t\t\t\t\t\t<section class=\"elementor-section elementor-top-section elementor-element elementor-element-4d9efdf elementor-section-boxed elementor-section-height-default elementor-section-height-default\" data-id=\"4d9efdf\" data-element_type=\"section\">\n\t\t\t\t\t\t<div class=\"elementor-container elementor-column-gap-default\">\n\t\t\t\t\t<div class=\"elementor-column elementor-col-100 elementor-top-column elementor-element elementor-element-ef799a4\" data-id=\"ef799a4\" data-element_type=\"column\">\n\t\t\t<div class=\"elementor-widget-wrap elementor-element-populated\">\n\t\t\t\t\t\t<div class=\"elementor-element elementor-element-10c4e4c elementor-widget elementor-widget-text-editor\" data-id=\"10c4e4c\" data-element_type=\"widget\" data-widget_type=\"text-editor.default\">\n\t\t\t\t<div class=\"elementor-widget-container\">\n\t\t\t\t\t\t\t<p><span style=\"font-weight: 400\">O PETComversa \u00e9 um projeto de ensino desenvolvido pelo grupo PETCom, que tem como prop\u00f3sito aproximar o conhecimento acad\u00eamico das pr\u00e1ticas profissionais da Comunica\u00e7\u00e3o Social. Surgido a partir das inquieta\u00e7\u00f5es dos integrantes e das tem\u00e1ticas emergentes da \u00e1rea, o projeto se materializa em um podcast que promove entrevistas e debates. O projeto busca criar um espa\u00e7o de di\u00e1logo, troca de experi\u00eancias e constru\u00e7\u00e3o coletiva de conhecimento, envolvendo os campos do Jornalismo, Rela\u00e7\u00f5es P\u00fablicas e Publicidade e Propaganda.<\/span><\/p><p><span style=\"font-weight: 400\">As atividades do projeto consistem na produ\u00e7\u00e3o de epis\u00f3dios estruturados a partir de pesquisa pr\u00e9via, defini\u00e7\u00e3o de pautas e elabora\u00e7\u00e3o de roteiros que conectam teoria e pr\u00e1tica. As entrevistas s\u00e3o realizadas com convidados que contribuem para aprofundar os temas abordados, seguidas por etapas de edi\u00e7\u00e3o, finaliza\u00e7\u00e3o e divulga\u00e7\u00e3o nas plataformas digitais do PETCom. O projeto tamb\u00e9m analisa as m\u00e9tricas de desempenho e avalia\u00e7\u00f5es internas, visando o aprimoramento cont\u00ednuo das produ\u00e7\u00f5es.<\/span><\/p><p><span style=\"font-weight: 400\">A tem\u00e1tica de cada epis\u00f3dio envolve quest\u00f5es que est\u00e3o no debate do dia a dia do estudante da comunica\u00e7\u00e3o, com foco em discuss\u00f5es relevantes para a forma\u00e7\u00e3o acad\u00eamica e profissional. Al\u00e9m de promover a integra\u00e7\u00e3o entre teoria e pr\u00e1tica, o PETComversa contribui para o desenvolvimento de habilidades t\u00e9cnicas, comunicativas e cr\u00edticas, fortalecendo o v\u00ednculo entre universidade e sociedade.<\/span><\/p>\t\t\t\t\t\t<\/div>\n\t\t\t\t<\/div>\n\t\t\t\t\t<\/div>\n\t\t<\/div>\n\t\t\t\t\t<\/div>\n\t\t<\/section>\n\t\t\t\t<\/div>\n\t\t","protected":false},"excerpt":{"rendered":"<p>O PETComversa \u00e9 um projeto de ensino desenvolvido pelo grupo PETCom, que tem como prop\u00f3sito aproximar o conhecimento acad\u00eamico das pr\u00e1ticas profissionais da Comunica\u00e7\u00e3o Social. Surgido a partir das inquieta\u00e7\u00f5es dos integrantes e das tem\u00e1ticas emergentes da \u00e1rea, o projeto se materializa em um podcast que promove entrevistas e debates. O projeto busca criar um [&hellip;]<\/p>\n","protected":false},"author":8401,"featured_media":0,"parent":0,"menu_order":0,"comment_status":"closed","ping_status":"closed","template":"","meta":{"footnotes":""},"categories":[],"tags":[],"class_list":["post-820","page","type-page","status-publish","hentry"],"acf":[],"_links":{"self":[{"href":"https:\/\/www.ufsm.br\/pet\/comunicacao-social\/wp-json\/wp\/v2\/pages\/820","targetHints":{"allow":["GET"]}}],"collection":[{"href":"https:\/\/www.ufsm.br\/pet\/comunicacao-social\/wp-json\/wp\/v2\/pages"}],"about":[{"href":"https:\/\/www.ufsm.br\/pet\/comunicacao-social\/wp-json\/wp\/v2\/types\/page"}],"author":[{"embeddable":true,"href":"https:\/\/www.ufsm.br\/pet\/comunicacao-social\/wp-json\/wp\/v2\/users\/8401"}],"replies":[{"embeddable":true,"href":"https:\/\/www.ufsm.br\/pet\/comunicacao-social\/wp-json\/wp\/v2\/comments?post=820"}],"version-history":[{"count":0,"href":"https:\/\/www.ufsm.br\/pet\/comunicacao-social\/wp-json\/wp\/v2\/pages\/820\/revisions"}],"wp:attachment":[{"href":"https:\/\/www.ufsm.br\/pet\/comunicacao-social\/wp-json\/wp\/v2\/media?parent=820"}],"wp:term":[{"taxonomy":"category","embeddable":true,"href":"https:\/\/www.ufsm.br\/pet\/comunicacao-social\/wp-json\/wp\/v2\/categories?post=820"},{"taxonomy":"post_tag","embeddable":true,"href":"https:\/\/www.ufsm.br\/pet\/comunicacao-social\/wp-json\/wp\/v2\/tags?post=820"}],"curies":[{"name":"wp","href":"https:\/\/api.w.org\/{rel}","templated":true}]}}