{"id":827,"date":"2026-04-23T20:54:09","date_gmt":"2026-04-23T23:54:09","guid":{"rendered":"https:\/\/www.ufsm.br\/pet\/comunicacao-social\/?page_id=827"},"modified":"2026-04-23T20:55:41","modified_gmt":"2026-04-23T23:55:41","slug":"ancora","status":"publish","type":"page","link":"https:\/\/www.ufsm.br\/pet\/comunicacao-social\/ancora","title":{"rendered":"\u00c2ncora"},"content":{"rendered":"\t\t<div data-elementor-type=\"wp-page\" data-elementor-id=\"827\" class=\"elementor elementor-827\">\n\t\t\t\t\t\t<section class=\"elementor-section elementor-top-section elementor-element elementor-element-00793eb elementor-section-boxed elementor-section-height-default elementor-section-height-default\" data-id=\"00793eb\" data-element_type=\"section\">\n\t\t\t\t\t\t<div class=\"elementor-container elementor-column-gap-default\">\n\t\t\t\t\t<div class=\"elementor-column elementor-col-100 elementor-top-column elementor-element elementor-element-e2ee63b\" data-id=\"e2ee63b\" data-element_type=\"column\">\n\t\t\t<div class=\"elementor-widget-wrap elementor-element-populated\">\n\t\t\t\t\t\t<div class=\"elementor-element elementor-element-f6d67f9 elementor-widget elementor-widget-text-editor\" data-id=\"f6d67f9\" data-element_type=\"widget\" data-widget_type=\"text-editor.default\">\n\t\t\t\t<div class=\"elementor-widget-container\">\n\t\t\t\t\t\t\t<p><span style=\"font-weight: 400\">O \u00c2ncora! \u00e9 um projeto do PETCom situado no eixo da Extens\u00e3o universit\u00e1ria.<\/span> <span style=\"font-weight: 400\">Sua ideia constr\u00f3i-se a partir do reconhecimento e da relev\u00e2ncia que a Comunica\u00e7\u00e3o Institucional tem obtido em tempos de atualiza\u00e7\u00f5es tecnol\u00f3gicas constantes e da inten\u00e7\u00e3o de atuar conjuntamente a entidades de terceiro setor em prol da redu\u00e7\u00e3o das problem\u00e1ticas que se fazem evidentes com os saltos t\u00e9cnicos hegem\u00f4nicos.<\/span><\/p><p><span style=\"font-weight: 400\">O projeto lan\u00e7a m\u00e3o de determinadas a\u00e7\u00f5es para cumprir estas estrat\u00e9gias, a saber: A sistematiza\u00e7\u00e3o e organiza\u00e7\u00e3o do material que j\u00e1 foi produzido a respeito da institui\u00e7\u00e3o examinada, promo\u00e7\u00e3o de oficinas para capacita\u00e7\u00e3o dos profissionais e leitura cr\u00edtica das informa\u00e7\u00f5es obtidas, uma atua\u00e7\u00e3o horizontal e compartilhada dos conhecimentos voltados para a Comunica\u00e7\u00e3o.<\/span> <span style=\"font-weight: 400\">Deste modo, entendemos que entre as tem\u00e1ticas abordadas pelo projeto encontram-se os conceitos de \u201cComunica\u00e7\u00e3o Integrada\u201d, \u201cM\u00eddia e Mem\u00f3ria\u201d e \u201cComunica\u00e7\u00e3o Comunit\u00e1ria\u201d.<\/span><\/p><p><span style=\"font-weight: 400\">Com isto em mente, pretende-se promover uma maior aproxima\u00e7\u00e3o entre comunidade e gradua\u00e7\u00e3o, oferecendo aos integrantes do projeto a forma\u00e7\u00e3o de um esp\u00edrito cr\u00edtico-reflexivo, um projeto real de arquitetura de marca e uma oportunidade para fazer a diferen\u00e7a no ecossistema social local.<\/span> <span style=\"font-weight: 400\">A iniciativa \u00e9 uma forma de amplificar a tra\u00e7\u00e3o dos importantes movimentos sociais da cidade e trazer \u00e0 tona a import\u00e2ncia de uma Comunica\u00e7\u00e3o Cidad\u00e3 na sociedade.\u00a0<\/span><\/p>\t\t\t\t\t\t<\/div>\n\t\t\t\t<\/div>\n\t\t\t\t\t<\/div>\n\t\t<\/div>\n\t\t\t\t\t<\/div>\n\t\t<\/section>\n\t\t\t\t<\/div>\n\t\t","protected":false},"excerpt":{"rendered":"<p>O \u00c2ncora! \u00e9 um projeto do PETCom situado no eixo da Extens\u00e3o universit\u00e1ria. Sua ideia constr\u00f3i-se a partir do reconhecimento e da relev\u00e2ncia que a Comunica\u00e7\u00e3o Institucional tem obtido em tempos de atualiza\u00e7\u00f5es tecnol\u00f3gicas constantes e da inten\u00e7\u00e3o de atuar conjuntamente a entidades de terceiro setor em prol da redu\u00e7\u00e3o das problem\u00e1ticas que se fazem [&hellip;]<\/p>\n","protected":false},"author":8401,"featured_media":0,"parent":0,"menu_order":0,"comment_status":"closed","ping_status":"closed","template":"","meta":{"footnotes":""},"categories":[],"tags":[],"class_list":["post-827","page","type-page","status-publish","hentry"],"acf":[],"_links":{"self":[{"href":"https:\/\/www.ufsm.br\/pet\/comunicacao-social\/wp-json\/wp\/v2\/pages\/827","targetHints":{"allow":["GET"]}}],"collection":[{"href":"https:\/\/www.ufsm.br\/pet\/comunicacao-social\/wp-json\/wp\/v2\/pages"}],"about":[{"href":"https:\/\/www.ufsm.br\/pet\/comunicacao-social\/wp-json\/wp\/v2\/types\/page"}],"author":[{"embeddable":true,"href":"https:\/\/www.ufsm.br\/pet\/comunicacao-social\/wp-json\/wp\/v2\/users\/8401"}],"replies":[{"embeddable":true,"href":"https:\/\/www.ufsm.br\/pet\/comunicacao-social\/wp-json\/wp\/v2\/comments?post=827"}],"version-history":[{"count":0,"href":"https:\/\/www.ufsm.br\/pet\/comunicacao-social\/wp-json\/wp\/v2\/pages\/827\/revisions"}],"wp:attachment":[{"href":"https:\/\/www.ufsm.br\/pet\/comunicacao-social\/wp-json\/wp\/v2\/media?parent=827"}],"wp:term":[{"taxonomy":"category","embeddable":true,"href":"https:\/\/www.ufsm.br\/pet\/comunicacao-social\/wp-json\/wp\/v2\/categories?post=827"},{"taxonomy":"post_tag","embeddable":true,"href":"https:\/\/www.ufsm.br\/pet\/comunicacao-social\/wp-json\/wp\/v2\/tags?post=827"}],"curies":[{"name":"wp","href":"https:\/\/api.w.org\/{rel}","templated":true}]}}

Âncora

<div data-elementor-type="wp-page" data-elementor-id="827" class="elementor elementor-827">
						<section class="elementor-section elementor-top-section elementor-element elementor-element-00793eb elementor-section-boxed elementor-section-height-default elementor-section-height-default" data-id="00793eb" data-element_type="section">
						<div class="elementor-container elementor-column-gap-default">
					<div class="elementor-column elementor-col-100 elementor-top-column elementor-element elementor-element-e2ee63b" data-id="e2ee63b" data-element_type="column">
			<div class="elementor-widget-wrap elementor-element-populated">
						<div class="elementor-element elementor-element-f6d67f9 elementor-widget elementor-widget-text-editor" data-id="f6d67f9" data-element_type="widget" data-widget_type="text-editor.default">
				<div class="elementor-widget-container">
							<p><span style="font-weight: 400">O Âncora! é um projeto do PETCom situado no eixo da Extensão universitária.</span> <span style="font-weight: 400">Sua ideia constrói-se a partir do reconhecimento e da relevância que a Comunicação Institucional tem obtido em tempos de atualizações tecnológicas constantes e da intenção de atuar conjuntamente a entidades de terceiro setor em prol da redução das problemáticas que se fazem evidentes com os saltos técnicos hegemônicos.</span></p><p><span style="font-weight: 400">O projeto lança mão de determinadas ações para cumprir estas estratégias, a saber: A sistematização e organização do material que já foi produzido a respeito da instituição examinada, promoção de oficinas para capacitação dos profissionais e leitura crítica das informações obtidas, uma atuação horizontal e compartilhada dos conhecimentos voltados para a Comunicação.</span> <span style="font-weight: 400">Deste modo, entendemos que entre as temáticas abordadas pelo projeto encontram-se os conceitos de “Comunicação Integrada”, “Mídia e Memória” e “Comunicação Comunitária”.</span></p><p><span style="font-weight: 400">Com isto em mente, pretende-se promover uma maior aproximação entre comunidade e graduação, oferecendo aos integrantes do projeto a formação de um espírito crítico-reflexivo, um projeto real de arquitetura de marca e uma oportunidade para fazer a diferença no ecossistema social local.</span> <span style="font-weight: 400">A iniciativa é uma forma de amplificar a tração dos importantes movimentos sociais da cidade e trazer à tona a importância de uma Comunicação Cidadã na sociedade. </span></p>						</div>
				</div>
					</div>
		</div>
					</div>
		</section>
				</div>

<p>O Âncora! é um projeto do PETCom situado no eixo da Extensão universitária. Sua ideia constrói-se a partir do reconhecimento e da relevância que a Comunicação Institucional tem obtido em tempos de atualizações tecnológicas constantes e da intenção de atuar conjuntamente a entidades de terceiro setor em prol da redução das problemáticas que se fazem [&hellip;]</p>
