{"id":194,"date":"2023-03-24T15:45:18","date_gmt":"2023-03-24T18:45:18","guid":{"rendered":"https:\/\/www.ufsm.br\/pet\/educacao-fisica\/?page_id=194"},"modified":"2023-03-24T15:47:51","modified_gmt":"2023-03-24T18:47:51","slug":"primeiro-evento-anual-dos-grupos-pet-ufsm","status":"publish","type":"page","link":"https:\/\/www.ufsm.br\/pet\/educacao-fisica\/primeiro-evento-anual-dos-grupos-pet-ufsm","title":{"rendered":"PRIMEIRO EVENTO ANUAL DOS GRUPOS PET UFSM"},"content":{"rendered":"\t\t<div data-elementor-type=\"wp-page\" data-elementor-id=\"194\" class=\"elementor elementor-194\">\n\t\t\t\t\t\t<section class=\"elementor-section elementor-top-section elementor-element elementor-element-e0f457d elementor-section-boxed elementor-section-height-default elementor-section-height-default\" data-id=\"e0f457d\" data-element_type=\"section\">\n\t\t\t\t\t\t<div class=\"elementor-container elementor-column-gap-default\">\n\t\t\t\t\t<div class=\"elementor-column elementor-col-100 elementor-top-column elementor-element elementor-element-aaaacfe\" data-id=\"aaaacfe\" data-element_type=\"column\">\n\t\t\t<div class=\"elementor-widget-wrap elementor-element-populated\">\n\t\t\t\t\t\t<div class=\"elementor-element elementor-element-925755c elementor-widget elementor-widget-text-editor\" data-id=\"925755c\" data-element_type=\"widget\" data-widget_type=\"text-editor.default\">\n\t\t\t\t<div class=\"elementor-widget-container\">\n\t\t\t\t\t\t\t<p><span style=\"font-size: 18pt\"><strong>Introdu\u00e7\u00e3o<\/strong><\/span><\/p>\n<p>O primeiro Evento Anual dos Grupos PET da Universidade Federal de Santa Maria, integra a realiza\u00e7\u00e3o de dois grandes eventos, acordados por todos os grupos e organizado a partir do INTERPET realizado no m\u00eas de novembro de 2022. A finalidade do evento \u00e9 de produzir e apresentar o que o Programa de Educa\u00e7\u00e3o Tutorial vem desenvolvendo a partir da UFSM, tornando o evento uma atividade regular do Programa junto \u00e0 comunidade universit\u00e1ria.<\/p>\n<p><span style=\"font-size: 18pt\"><strong>Metodologia<\/strong><\/span><\/p>\n<p>A metodologia para a realiza\u00e7\u00e3o da atividade, parte da ideia de partilha entre todos os PETs da UFSM e do estabelecimento de grupos de trabalho (GT&#8217;s), para a defini\u00e7\u00e3o de a\u00e7\u00f5es a serem compartilhadas e discutidas nas reuni\u00f5es ordin\u00e1rias dos grupos. Ap\u00f3s o compartilhamento, inicia-se a defini\u00e7\u00e3o de metas de atua\u00e7\u00e3o, com o evento se estruturando desde a PROGRAD e passando a ser divulgado junto \u00e0 comunidade universit\u00e1ria. As atividades ser\u00e3o baseadas nas carater\u00edsticas e peculiaridades de cada Grupo PET, bem como na esteira de intera\u00e7\u00e3o entre eles, com o intuito de desenvolver atividades multidisciplinares entre os grupos.<\/p>\n<p><span style=\"font-size: 18pt\"><strong>Resultados esperados<\/strong><\/span><\/p>\n<p>Com a realiza\u00e7\u00e3o de um evento de maior porte, estima-se um aumento significativo na produ\u00e7\u00e3o de resumos, ensaios e artigos referentes ao campo de conhecimento relativo \u00e0 Educa\u00e7\u00e3o F\u00edsica e ao estabelecimento de novas perspectivas acad\u00eamicas e epistemol\u00f3gicas em fun\u00e7\u00e3o das possibilidades renovadas de parcerias com outras \u00e1reas de conhecimento. Tamb\u00e9m faz parte da expectativa de resultados, a discuss\u00e3o de novos rumos curriculares para os diferentes cursos envolvidos.<\/p>\t\t\t\t\t\t<\/div>\n\t\t\t\t<\/div>\n\t\t\t\t\t<\/div>\n\t\t<\/div>\n\t\t\t\t\t<\/div>\n\t\t<\/section>\n\t\t\t\t<\/div>\n\t\t","protected":false},"excerpt":{"rendered":"<p>Introdu\u00e7\u00e3o O primeiro Evento Anual dos Grupos PET da Universidade Federal de Santa Maria, integra a realiza\u00e7\u00e3o de dois grandes eventos, acordados por todos os grupos e organizado a partir do INTERPET realizado no m\u00eas de novembro de 2022. A finalidade do evento \u00e9 de produzir e apresentar o que o Programa de Educa\u00e7\u00e3o Tutorial [&hellip;]<\/p>\n","protected":false},"author":4287,"featured_media":0,"parent":0,"menu_order":0,"comment_status":"closed","ping_status":"closed","template":"","meta":{"footnotes":""},"categories":[],"tags":[],"class_list":["post-194","page","type-page","status-publish","hentry"],"acf":[],"_links":{"self":[{"href":"https:\/\/www.ufsm.br\/pet\/educacao-fisica\/wp-json\/wp\/v2\/pages\/194","targetHints":{"allow":["GET"]}}],"collection":[{"href":"https:\/\/www.ufsm.br\/pet\/educacao-fisica\/wp-json\/wp\/v2\/pages"}],"about":[{"href":"https:\/\/www.ufsm.br\/pet\/educacao-fisica\/wp-json\/wp\/v2\/types\/page"}],"author":[{"embeddable":true,"href":"https:\/\/www.ufsm.br\/pet\/educacao-fisica\/wp-json\/wp\/v2\/users\/4287"}],"replies":[{"embeddable":true,"href":"https:\/\/www.ufsm.br\/pet\/educacao-fisica\/wp-json\/wp\/v2\/comments?post=194"}],"version-history":[{"count":0,"href":"https:\/\/www.ufsm.br\/pet\/educacao-fisica\/wp-json\/wp\/v2\/pages\/194\/revisions"}],"wp:attachment":[{"href":"https:\/\/www.ufsm.br\/pet\/educacao-fisica\/wp-json\/wp\/v2\/media?parent=194"}],"wp:term":[{"taxonomy":"category","embeddable":true,"href":"https:\/\/www.ufsm.br\/pet\/educacao-fisica\/wp-json\/wp\/v2\/categories?post=194"},{"taxonomy":"post_tag","embeddable":true,"href":"https:\/\/www.ufsm.br\/pet\/educacao-fisica\/wp-json\/wp\/v2\/tags?post=194"}],"curies":[{"name":"wp","href":"https:\/\/api.w.org\/{rel}","templated":true}]}}