{"id":195,"date":"2023-03-24T15:52:27","date_gmt":"2023-03-24T18:52:27","guid":{"rendered":"https:\/\/www.ufsm.br\/pet\/educacao-fisica\/?page_id=195"},"modified":"2023-03-24T15:52:41","modified_gmt":"2023-03-24T18:52:41","slug":"elaboracao-de-oficinas-minicursos-workshops-entre-outras-atividades","status":"publish","type":"page","link":"https:\/\/www.ufsm.br\/pet\/educacao-fisica\/elaboracao-de-oficinas-minicursos-workshops-entre-outras-atividades","title":{"rendered":"ELABORA\u00c7\u00c3O DE OFICINAS, MINICURSOS, WORKSHOPS, ENTRE OUTRAS ATIVIDADES"},"content":{"rendered":"\t\t<div data-elementor-type=\"wp-page\" data-elementor-id=\"195\" class=\"elementor elementor-195\">\n\t\t\t\t\t\t<section class=\"elementor-section elementor-top-section elementor-element elementor-element-c4ae381 elementor-section-boxed elementor-section-height-default elementor-section-height-default\" data-id=\"c4ae381\" data-element_type=\"section\">\n\t\t\t\t\t\t<div class=\"elementor-container elementor-column-gap-default\">\n\t\t\t\t\t<div class=\"elementor-column elementor-col-100 elementor-top-column elementor-element elementor-element-f31e1c1\" data-id=\"f31e1c1\" data-element_type=\"column\">\n\t\t\t<div class=\"elementor-widget-wrap elementor-element-populated\">\n\t\t\t\t\t\t<div class=\"elementor-element elementor-element-e003b61 elementor-widget elementor-widget-text-editor\" data-id=\"e003b61\" data-element_type=\"widget\" data-widget_type=\"text-editor.default\">\n\t\t\t\t<div class=\"elementor-widget-container\">\n\t\t\t\t\t\t\t<p><strong>Introdu\u00e7\u00e3o<\/strong><\/p><p>A import\u00e2ncia gerada atrav\u00e9s do novo Projeto Pedag\u00f3gico dos Cursos de Educa\u00e7\u00e3o F\u00edsica (Licenciatura e Bacharelado) do CEFD\/UFSM, alicer\u00e7a-se em aspectos legais e no conjunto de conhecimentos cient\u00edficos, de compet\u00eancias t\u00e9cnicas, de pr\u00e1ticas pedag\u00f3gicas e do processo cont\u00ednuo de reflex\u00e3o filos\u00f3fica, baseado na forma\u00e7\u00e3o integral. O processo de produ\u00e7\u00e3o do conhecimento deve orientar-se nas diferentes fases evolutivas e culturais existentes. A ci\u00eancia \u00e9 uma parte integrante das pr\u00e1ticas sociais e das teorias cient\u00edficas e n\u00e3o evolui sem as devidas correspond\u00eancias. A constru\u00e7\u00e3o do conhecimento deve preservar valores e respeitar direitos individuais e Coletivos, articulando elementos da vida comunit\u00e1ria, estabelecendo refor\u00e7os \u00e0s identidades pessoais, atrav\u00e9s da experi\u00eancia coletiva e cooperativa. Portanto, a justificativa encerra a participa\u00e7\u00e3o do grupo PET EDUCA\u00c7\u00c3O F\u00cdSICA, atrav\u00e9s da promo\u00e7\u00e3o de minicursos, oficinas e workshops, interativamente, junto aos cursos de Licenciatura e Bacharelado, no sentido de recobrir necessidades complementares e lacunas existentes no processo formativo dos acad\u00eamicos.<\/p><p><strong>Metodologia<\/strong><\/p><p>As metodologias de constru\u00e7\u00e3o dos eventos (mini cursos, oficinas, workshops, entre outros) produzidas pelos alunos PET ser\u00e3o ampliadas aos demais alunos dos Cursos atrav\u00e9s das a\u00e7\u00f5es integradoras e de apoio. A contribui\u00e7\u00e3o \u00e0s coordena\u00e7\u00f5es pretende se constituir em momentos de atividades culturais, intelectuais, formativas e avaliativas quanto ao processo de desenvolvimento curricular, integrando os demais discentes, bem como os p\u00f3s-graduandos, professores e colaboradores.<\/p><p><strong>Resultados esperados<\/strong><\/p><p>Se estima promover a integra\u00e7\u00e3o entre os acad\u00eamicos, os docentes e demais interessados, atrav\u00e9s da realiza\u00e7\u00e3o de atividades complementares (oficinas, minicursos, workshops, entre outros), na busca de alavancar a coopera\u00e7\u00e3o e a aprendizagem colaborativa dentro dos Cursos de Educa\u00e7\u00e3o F\u00edsica; incentivando o surgimento e o crescimento de novas metodologias baseadas na evolu\u00e7\u00e3o do conhecimento, tirando proveito das inova\u00e7\u00f5es e do crescimento tecnol\u00f3gico.<\/p>\t\t\t\t\t\t<\/div>\n\t\t\t\t<\/div>\n\t\t\t\t\t<\/div>\n\t\t<\/div>\n\t\t\t\t\t<\/div>\n\t\t<\/section>\n\t\t\t\t<\/div>\n\t\t","protected":false},"excerpt":{"rendered":"<p>Introdu\u00e7\u00e3o A import\u00e2ncia gerada atrav\u00e9s do novo Projeto Pedag\u00f3gico dos Cursos de Educa\u00e7\u00e3o F\u00edsica (Licenciatura e Bacharelado) do CEFD\/UFSM, alicer\u00e7a-se em aspectos legais e no conjunto de conhecimentos cient\u00edficos, de compet\u00eancias t\u00e9cnicas, de pr\u00e1ticas pedag\u00f3gicas e do processo cont\u00ednuo de reflex\u00e3o filos\u00f3fica, baseado na forma\u00e7\u00e3o integral. O processo de produ\u00e7\u00e3o do conhecimento deve orientar-se nas [&hellip;]<\/p>\n","protected":false},"author":4287,"featured_media":0,"parent":0,"menu_order":0,"comment_status":"closed","ping_status":"closed","template":"","meta":{"footnotes":""},"categories":[],"tags":[],"class_list":["post-195","page","type-page","status-publish","hentry"],"acf":[],"_links":{"self":[{"href":"https:\/\/www.ufsm.br\/pet\/educacao-fisica\/wp-json\/wp\/v2\/pages\/195","targetHints":{"allow":["GET"]}}],"collection":[{"href":"https:\/\/www.ufsm.br\/pet\/educacao-fisica\/wp-json\/wp\/v2\/pages"}],"about":[{"href":"https:\/\/www.ufsm.br\/pet\/educacao-fisica\/wp-json\/wp\/v2\/types\/page"}],"author":[{"embeddable":true,"href":"https:\/\/www.ufsm.br\/pet\/educacao-fisica\/wp-json\/wp\/v2\/users\/4287"}],"replies":[{"embeddable":true,"href":"https:\/\/www.ufsm.br\/pet\/educacao-fisica\/wp-json\/wp\/v2\/comments?post=195"}],"version-history":[{"count":0,"href":"https:\/\/www.ufsm.br\/pet\/educacao-fisica\/wp-json\/wp\/v2\/pages\/195\/revisions"}],"wp:attachment":[{"href":"https:\/\/www.ufsm.br\/pet\/educacao-fisica\/wp-json\/wp\/v2\/media?parent=195"}],"wp:term":[{"taxonomy":"category","embeddable":true,"href":"https:\/\/www.ufsm.br\/pet\/educacao-fisica\/wp-json\/wp\/v2\/categories?post=195"},{"taxonomy":"post_tag","embeddable":true,"href":"https:\/\/www.ufsm.br\/pet\/educacao-fisica\/wp-json\/wp\/v2\/tags?post=195"}],"curies":[{"name":"wp","href":"https:\/\/api.w.org\/{rel}","templated":true}]}}