{"id":200,"date":"2023-03-24T16:07:35","date_gmt":"2023-03-24T19:07:35","guid":{"rendered":"https:\/\/www.ufsm.br\/pet\/educacao-fisica\/?page_id=200"},"modified":"2023-03-24T16:07:43","modified_gmt":"2023-03-24T19:07:43","slug":"participacao-no-encontro-regional-dos-grupos-pet-da-regiao-sul-sulpet-2023","status":"publish","type":"page","link":"https:\/\/www.ufsm.br\/pet\/educacao-fisica\/participacao-no-encontro-regional-dos-grupos-pet-da-regiao-sul-sulpet-2023","title":{"rendered":"PARTICIPA\u00c7\u00c3O NO ENCONTRO REGIONAL DOS GRUPOS PET DA REGI\u00c3O SUL &#8211; SULPET 2023"},"content":{"rendered":"\t\t<div data-elementor-type=\"wp-page\" data-elementor-id=\"200\" class=\"elementor elementor-200\">\n\t\t\t\t\t\t<section class=\"elementor-section elementor-top-section elementor-element elementor-element-8644f34 elementor-section-boxed elementor-section-height-default elementor-section-height-default\" data-id=\"8644f34\" data-element_type=\"section\">\n\t\t\t\t\t\t<div class=\"elementor-container elementor-column-gap-default\">\n\t\t\t\t\t<div class=\"elementor-column elementor-col-100 elementor-top-column elementor-element elementor-element-91b3a6d\" data-id=\"91b3a6d\" data-element_type=\"column\">\n\t\t\t<div class=\"elementor-widget-wrap elementor-element-populated\">\n\t\t\t\t\t\t<div class=\"elementor-element elementor-element-8e21791 elementor-widget elementor-widget-text-editor\" data-id=\"8e21791\" data-element_type=\"widget\" data-widget_type=\"text-editor.default\">\n\t\t\t\t<div class=\"elementor-widget-container\">\n\t\t\t\t\t\t\t<p><strong>Introdu\u00e7\u00e3o<\/strong><\/p><p>O evento fortalece a uni\u00e3o dos Grupos do Programa de Educa\u00e7\u00e3o Tutorial, considerando que a caracteriza\u00e7\u00e3o regional do evento permite aos Grupos o interc\u00e2mbio de importantes debates e experi\u00eancias comuns. A altern\u00e2ncia na realiza\u00e7\u00e3o do evento entre as Institui\u00e7\u00f5es de Ensino Superior, tamb\u00e9m colabora para um fluxo cont\u00ednuo de debates, com vistas a participa\u00e7\u00e3o no evento nacional (ENAPET), bem como sedimentar a apresenta\u00e7\u00e3o regional dos Grupos da UFSM no evento.<\/p><p><strong>Metodologia<\/strong><\/p><p>A atividade ser\u00e1 desenvolvida por interm\u00e9dio de apresenta\u00e7\u00f5es e da exposi\u00e7\u00e3o das ideias e do desenvolvimento de atividades realizadas no INTERPET institucional. A apresenta\u00e7\u00e3o e a participa\u00e7\u00e3o, por parte do grupo PET EDUCA\u00c7\u00c3O F\u00cdSICA, levar\u00e1 em considera\u00e7\u00e3o o contexto de desenvolvimento do Grupo PET EF e o hist\u00f3rico das atividades propostas pelo Grupo, via planejamentos anuais.<\/p><p><strong>Resultados esperados<\/strong><\/p><p>\u00c9 almejada a amplia\u00e7\u00e3o das discuss\u00f5es acerca do compartilhamento de experi\u00eancias em encontros estaduais, assim como elaborar novas ideias que fortale\u00e7am os encontros e suas realiza\u00e7\u00f5es, ponderando a import\u00e2ncia e a particularidades dos INTERPETs e desafios existentes \u00e0 organiza\u00e7\u00e3o de eventos locais.<\/p>\t\t\t\t\t\t<\/div>\n\t\t\t\t<\/div>\n\t\t\t\t\t<\/div>\n\t\t<\/div>\n\t\t\t\t\t<\/div>\n\t\t<\/section>\n\t\t\t\t<\/div>\n\t\t","protected":false},"excerpt":{"rendered":"<p>Introdu\u00e7\u00e3o O evento fortalece a uni\u00e3o dos Grupos do Programa de Educa\u00e7\u00e3o Tutorial, considerando que a caracteriza\u00e7\u00e3o regional do evento permite aos Grupos o interc\u00e2mbio de importantes debates e experi\u00eancias comuns. A altern\u00e2ncia na realiza\u00e7\u00e3o do evento entre as Institui\u00e7\u00f5es de Ensino Superior, tamb\u00e9m colabora para um fluxo cont\u00ednuo de debates, com vistas a participa\u00e7\u00e3o [&hellip;]<\/p>\n","protected":false},"author":4287,"featured_media":0,"parent":0,"menu_order":0,"comment_status":"closed","ping_status":"closed","template":"","meta":{"footnotes":""},"categories":[],"tags":[],"class_list":["post-200","page","type-page","status-publish","hentry"],"acf":[],"_links":{"self":[{"href":"https:\/\/www.ufsm.br\/pet\/educacao-fisica\/wp-json\/wp\/v2\/pages\/200","targetHints":{"allow":["GET"]}}],"collection":[{"href":"https:\/\/www.ufsm.br\/pet\/educacao-fisica\/wp-json\/wp\/v2\/pages"}],"about":[{"href":"https:\/\/www.ufsm.br\/pet\/educacao-fisica\/wp-json\/wp\/v2\/types\/page"}],"author":[{"embeddable":true,"href":"https:\/\/www.ufsm.br\/pet\/educacao-fisica\/wp-json\/wp\/v2\/users\/4287"}],"replies":[{"embeddable":true,"href":"https:\/\/www.ufsm.br\/pet\/educacao-fisica\/wp-json\/wp\/v2\/comments?post=200"}],"version-history":[{"count":0,"href":"https:\/\/www.ufsm.br\/pet\/educacao-fisica\/wp-json\/wp\/v2\/pages\/200\/revisions"}],"wp:attachment":[{"href":"https:\/\/www.ufsm.br\/pet\/educacao-fisica\/wp-json\/wp\/v2\/media?parent=200"}],"wp:term":[{"taxonomy":"category","embeddable":true,"href":"https:\/\/www.ufsm.br\/pet\/educacao-fisica\/wp-json\/wp\/v2\/categories?post=200"},{"taxonomy":"post_tag","embeddable":true,"href":"https:\/\/www.ufsm.br\/pet\/educacao-fisica\/wp-json\/wp\/v2\/tags?post=200"}],"curies":[{"name":"wp","href":"https:\/\/api.w.org\/{rel}","templated":true}]}}